000
CXUS55 KPIH 211200
CF6RXE

PRELIMINARY LOCAL CLIMATOLOGICAL DATA (WS FORM: F-6)

                                          STATION:   REXBURG ID
                                          MONTH:     JANUARY
                                          YEAR:      2019
                                          LATITUDE:   43 49 N
                                          LONGITUDE: 111 48 W

  TEMPERATURE IN F:       :PCPN:    SNOW:  WIND      :SUNSHINE: SKY     :PK WND
================================================================================
1   2   3   4   5  6A  6B    7    8   9   10  11  12  13   14  15   16   17  18
                                     12Z  AVG MX 2MIN
DY MAX MIN AVG DEP HDD CDD  WTR  SNW DPTH SPD SPD DIR MIN PSBL S-S WX    SPD DR
================================================================================

 1   8 -15  -3 -23  68   0 0.00    M    M  3.1  8  90   M    M   4 8      10  80
 2  18   1  10 -10  55   0    T    M    M  2.9  8  40   M    M   8 8       9  30
 3  22  -1  11  -9  54   0    T    M    M  3.0  8  60   M    M   7 18     10  60
 4  27   8  18  -2  47   0 0.00    M    M  2.2  7  20   M    M   3 128     8  20
 5  29  10  20   0  45   0 0.01    M    M  2.6  8 270   M    M   2         9 280
 6  34  28  31  11  34   0 0.15    M    M 13.6 25 200   M    M   6 18     36 200
 7  32  21  27   7  38   0 0.02    M    M 15.8 29 220   M    M   5 18     38 210
 8  28   1  15  -5  50   0 0.00    M    M  4.7 13 190   M    M   2        17 190
 9  37  18  28   8  37   0 0.00    M    M  3.7  9  50   M    M   3        10  50
10  33  21  27   7  38   0    T    M    M  2.8  8 240   M    M  10 18      9 220
11  34  28  31  11  34   0 0.00    M    M  1.6  8  40   M    M  10 18     10  50
12  28   5  17  -3  48   0 0.00    M    M  3.5  9  70   M    M   5 128    11  70
13  27   0  14  -6  51   0 0.00    M    M  3.1  8  60   M    M   4 128     9  60
14  23  -2  11  -9  54   0 0.00    M    M  2.5  7  50   M    M   1         8  70
15  25  -2  12  -8  53   0 0.04    M    M  3.5 10  50   M    M   6 8      13  50
16  34  24  29   9  36   0 0.08    M    M  2.3  9 230   M    M  10 18     12 230
17  38  31  35  15  30   0 0.37    M    M  6.4 17 190   M    M   8 1      25 190
18  33  28  31  11  34   0 0.01    M    M 10.3 17 200   M    M  10 1      23 210
19  34  29  32  12  33   0 0.22    M    M  6.7 15 180   M    M   9 18     21 180
20  40  33  37  17  28   0 0.15    M    M  3.1 13 210   M    M   8 1      16 200
================================================================================
SM  584  266       867   0  1.05    M     97.4          M      121
================================================================================
AV 29.2 13.3                               4.9 FASTST   M    M   6    MAX(MPH)
                                 MISC ---->  # 29 220               # 38  210
================================================================================
NOTES:
# LAST OF SEVERAL OCCURRENCES
PRECIPITATION SUSPECT DURING FREEZING/FROZEN EVENTS

COLUMN 17 PEAK WIND IN M.P.H.

PRELIMINARY LOCAL CLIMATOLOGICAL DATA (WS FORM: F-6) , PAGE 2

                                          STATION:  REXBURG ID
                                          MONTH:    JANUARY
                                          YEAR:     2019
                                          LATITUDE:   43 49 N
                                          LONGITUDE: 111 48 W

[TEMPERATURE DATA]      [PRECIPITATION DATA]       SYMBOLS USED IN COLUMN 16

AVERAGE MONTHLY: 21.3   TOTAL FOR MONTH:   1.05    1 = FOG OR MIST
DPTR FM NORMAL:   1.2   DPTR FM NORMAL:    0.51    2 = FOG REDUCING VISIBILITY
HIGHEST:    40 ON 20    GRTST 24HR  0.37 ON 17-17      TO 1/4 MILE OR LESS
LOWEST:    -15 ON  1                               3 = THUNDER
                        SNOW, ICE PELLETS, HAIL    4 = ICE PELLETS
                        TOTAL MONTH:    M          5 = HAIL
                        GRTST 24HR    M  ON   M    6 = FREEZING RAIN OR DRIZZLE
                        GRTST DEPTH:  M  ON   M    7 = DUSTSTORM OR SANDSTORM:
                                                       VSBY 1/2 MILE OR LESS
                                                   8 = SMOKE OR HAZE
[NO. OF DAYS WITH]      [WEATHER - DAYS WITH]      9 = BLOWING SNOW
                                                   X = TORNADO
MAX 32 OR BELOW:  11    0.01 INCH OR MORE:   9
MAX 90 OR ABOVE:   0    0.10 INCH OR MORE:   4
MIN 32 OR BELOW:  19    0.50 INCH OR MORE:   0
MIN  0 OR BELOW:   5    1.00 INCH OR MORE:   0

[HDD (BASE 65) ]
TOTAL THIS MO.   867    CLEAR  (SCALE 0-3)   5
DPTR FM NORMAL   -33    PTCLDY (SCALE 4-7)   8
TOTAL FM JUL 1  4078    CLOUDY (SCALE 8-10)  7
DPTR FM NORMAL  -204

[CDD (BASE 65) ]
TOTAL THIS MO.     0
DPTR FM NORMAL     0    [PRESSURE DATA]
TOTAL FM JAN 1     0    HIGHEST SLP M ON M
DPTR FM NORMAL     0    LOWEST  SLP 29.63 ON 20

[REMARKS]
