891
CXUS54 KEWX 240910
CF6RYW
PRELIMINARY LOCAL CLIMATOLOGICAL DATA (WS FORM: F-6)

                                          STATION:   LAGO VISTA
                                          MONTH:     FEBRUARY
                                          YEAR:      2018
                                          LATITUDE:   30 30 N
                                          LONGITUDE:  97 58 W

  TEMPERATURE IN F:       :PCPN:    SNOW:  WIND      :SUNSHINE: SKY     :PK WND
================================================================================
1   2   3   4   5  6A  6B    7    8   9   10  11  12  13   14  15   16   17  18
                                     12Z  AVG MX 2MIN
DY MAX MIN AVG DEP HDD CDD  WTR  SNW DPTH SPD SPD DIR MIN PSBL S-S WX    SPD DR
================================================================================

 1  70  50  60   M   5   0 0.00    M    M  9.6 14  40   M    M   0        24  40
 2  59  41  50   M  15   0 0.00    M    M  9.2 14  30   M    M   6        20  40
 3  60  42  51   M  14   0    M    M    M  8.5  9 210   M    M   8        18 180
 4  76  47  62   M   3   0 0.00    M    M  7.4 15  40   M    M   0 1      23  40
 5  55  37  46   M  19   0 0.00    M    M  8.2 20  50   M    M   7        28  50
 6  51  38  45   M  20   0 0.00    M    M  6.4 13  10   M    M  10 1      18  20
 7  47  33  40   M  25   0 0.00    M    M  8.1 13 360   M    M   7 1      21 360
 8  61  31  46   M  19   0 0.00    M    M  3.9  9  30   M    M   4 1       M  M
 9  64  50  57   M   8   0 0.01    M    M  6.3 12 190   M    M  10 1       M  M
10  61  37  49   M  16   0 0.18    M    M  6.7 15  20   M    M  10 1      18  20
11  44  28  36   M  29   0 0.01    M    M  9.1 14 360   M    M   7        23 360
12  47  28  38   M  27   0 0.00    M    M  7.0 13  30   M    M   3        20  30
13  47  37  42   M  23   0 0.00    M    M  2.0  6  80   M    M  10 12      M  M
14  74  46  60   M   5   0 0.00    M    M  3.4 13 200   M    M   8 12     20 200
15  76  63  70   M   0   5 0.00    M    M 10.7 16 210   M    M   8 1      24 200
16  71  55  63   M   2   0 0.00    M    M  7.4 15  10   M    M   9 1      21  20
17  64  47  56   M   9   0 0.00    M    M  4.7  8  60   M    M   6         M  M
18  71  50  61   M   4   0 0.00    M    M  6.2 13 160   M    M   8 1      23 170
19  78  67  73   M   0   8 0.00    M    M 11.0 18 190   M    M  10        31 190
20  71  67  69   M   0   4 0.19    M    M  9.3 18 180   M    M  10 13     28 180
21  69  37  53   M  12   0 0.17    M    M  9.7 22  20   M    M  10 13     28  20
22  43  34  39   M  26   0 0.02    M    M  4.3  7  50   M    M  10 123     M  M
23  65  42  54   M  11   0 0.19    M    M  5.7 16 100   M    M  10 123    24 100
================================================================================
SM 1424 1007       292  17  0.77    M    164.8          M      171
================================================================================
AV 61.9 43.8                               7.2 FASTST   M    M   7    MAX(MPH)
                                 MISC ---->  # 22  20               # 31  190
================================================================================
NOTES:
# LAST OF SEVERAL OCCURRENCES

COLUMN 17 PEAK WIND IN M.P.H.

PRELIMINARY LOCAL CLIMATOLOGICAL DATA (WS FORM: F-6) , PAGE 2

                                          STATION:  LAGO VISTA
                                          MONTH:    FEBRUARY
                                          YEAR:     2018
                                          LATITUDE:   30 30 N
                                          LONGITUDE:  97 58 W

[TEMPERATURE DATA]      [PRECIPITATION DATA]       SYMBOLS USED IN COLUMN 16

AVERAGE MONTHLY: 52.9   TOTAL FOR MONTH:   0.77    1 = FOG OR MIST
DPTR FM NORMAL:     M   DPTR FM NORMAL:       M    2 = FOG REDUCING VISIBILITY
HIGHEST:    78 ON 19    GRTST 24HR  0.19 ON 23-23      TO 1/4 MILE OR LESS
LOWEST:     28 ON 12,11                            3 = THUNDER
                        SNOW, ICE PELLETS, HAIL    4 = ICE PELLETS
                        TOTAL MONTH:    M          5 = HAIL
                        GRTST 24HR    M  ON   M    6 = FREEZING RAIN OR DRIZZLE
                        GRTST DEPTH:  M  ON   M    7 = DUSTSTORM OR SANDSTORM:
                                                       VSBY 1/2 MILE OR LESS
                                                   8 = SMOKE OR HAZE
[NO. OF DAYS WITH]      [WEATHER - DAYS WITH]      9 = BLOWING SNOW
                                                   X = TORNADO
MAX 32 OR BELOW:   0    0.01 INCH OR MORE:   7
MAX 90 OR ABOVE:   0    0.10 INCH OR MORE:   4
MIN 32 OR BELOW:   3    0.50 INCH OR MORE:   0
MIN  0 OR BELOW:   0    1.00 INCH OR MORE:   0

[HDD (BASE 65) ]
TOTAL THIS MO.   292    CLEAR  (SCALE 0-3)   3
DPTR FM NORMAL     M    PTCLDY (SCALE 4-7)  10
TOTAL FM JUL 1  1355    CLOUDY (SCALE 8-10) 10
DPTR FM NORMAL     M

[CDD (BASE 65) ]
TOTAL THIS MO.    17
DPTR FM NORMAL     M    [PRESSURE DATA]
TOTAL FM JAN 1    17    HIGHEST SLP M ON M
DPTR FM NORMAL     M    LOWEST  SLP M ON M

[REMARKS]
