000
CXUS54 KEWX 240910
CF6RYW
PRELIMINARY LOCAL CLIMATOLOGICAL DATA (WS FORM: F-6)

                                          STATION:   LAGO VISTA
                                          MONTH:     MAY
                                          YEAR:      2018
                                          LATITUDE:   30 30 N
                                          LONGITUDE:  97 58 W

  TEMPERATURE IN F:       :PCPN:    SNOW:  WIND      :SUNSHINE: SKY     :PK WND
================================================================================
1   2   3   4   5  6A  6B    7    8   9   10  11  12  13   14  15   16   17  18
                                     12Z  AVG MX 2MIN
DY MAX MIN AVG DEP HDD CDD  WTR  SNW DPTH SPD SPD DIR MIN PSBL S-S WX    SPD DR
================================================================================

 1  79  68  74   M   0   9 0.01    M    M  8.9 13 160   M    M  10 1      22 140
 2  85  71  78   M   0  13 0.02    M    M  9.9 16 150   M    M  10 1      25 150
 3  87  73  80   M   0  15 0.00    M    M  9.7 13 140   M    M   8        22 160
 4  73  62  68   M   0   3 1.33    M    M  7.8 17  20   M    M  10 13     28  20
 5  84  61  73   M   0   8 0.00    M    M  6.1 13  20   M    M   3 2      17  20
 6  89  64  77   M   0  12 0.00    M    M  4.6  8 100   M    M   0         M  M
 7  91  66  79   M   0  14 0.00    M    M  4.8  8 140   M    M   0         M  M
 8  89  67  78   M   0  13 0.00    M    M  8.3 13 150   M    M   0        20 170
 9  86  65  76   M   0  11 0.00    M    M  9.4 13 180   M    M   2        20 180
10  86  66  76   M   0  11 0.00    M    M  9.4 14 190   M    M   4        21 190
11  88  68  78   M   0  13 0.00    M    M 10.5 14 200   M    M   5        25 160
12  90  70  80   M   0  15 0.00    M    M  9.3 13 140   M    M   6        23 180
13  90  72  81   M   0  16 0.00    M    M  7.6 13 160   M    M   6        20 160
14  89  73  81   M   0  16 0.00    M    M  7.0 12 180   M    M   6        18 170
15  90  70  80   M   0  15 0.12    M    M  7.3 12 150   M    M   4 3      20 150
16  94  65  80   M   0  15 0.00    M    M  4.6 10 270   M    M   0        16 350
17  95  73  84   M   0  19 0.00    M    M  5.8  9 250   M    M   0         M  M
18  93  69  81   M   0  16 0.00    M    M  8.3 18 160   M    M   0        31 160
19  91  72  82   M   0  17 0.00    M    M 10.3 17 190   M    M   6 3      25 130
20  78  65  72   M   0   7 0.88    M    M  6.3 14 110   M    M   6 13     23 150
21  86  67  77   M   0  12 0.00    M    M  4.6 10 120   M    M   5 1      17 120
22  89  70  80   M   0  15 0.00    M    M  5.9 10 140   M    M   5 1      17 120
23  91  71  81   M   0  16 0.00  0.0    0  6.0 12 120   M    M   5        18 120
================================================================================
SM 2013 1568         0 301  2.36     0.0 172.4          M      101
================================================================================
AV 87.5 68.2                               7.5 FASTST   M    M   4    MAX(MPH)
                                 MISC ---->  # 18 160               # 31  160
================================================================================
NOTES:
# LAST OF SEVERAL OCCURRENCES

COLUMN 17 PEAK WIND IN M.P.H.

PRELIMINARY LOCAL CLIMATOLOGICAL DATA (WS FORM: F-6) , PAGE 2

                                          STATION:  LAGO VISTA
                                          MONTH:    MAY
                                          YEAR:     2018
                                          LATITUDE:   30 30 N
                                          LONGITUDE:  97 58 W

[TEMPERATURE DATA]      [PRECIPITATION DATA]       SYMBOLS USED IN COLUMN 16

AVERAGE MONTHLY: 77.9   TOTAL FOR MONTH:   2.36    1 = FOG OR MIST
DPTR FM NORMAL:     M   DPTR FM NORMAL:       M    2 = FOG REDUCING VISIBILITY
HIGHEST:    95 ON 17    GRTST 24HR  1.33 ON  4- 4      TO 1/4 MILE OR LESS
LOWEST:     61 ON  5                               3 = THUNDER
                        SNOW, ICE PELLETS, HAIL    4 = ICE PELLETS
                        TOTAL MONTH:   0.0 INCH    5 = HAIL
                        GRTST 24HR     0.0         6 = FREEZING RAIN OR DRIZZLE
                        GRTST DEPTH:   0           7 = DUSTSTORM OR SANDSTORM:
                                                       VSBY 1/2 MILE OR LESS
                                                   8 = SMOKE OR HAZE
[NO. OF DAYS WITH]      [WEATHER - DAYS WITH]      9 = BLOWING SNOW
                                                   X = TORNADO
MAX 32 OR BELOW:   0    0.01 INCH OR MORE:   5
MAX 90 OR ABOVE:   9    0.10 INCH OR MORE:   3
MIN 32 OR BELOW:   0    0.50 INCH OR MORE:   2
MIN  0 OR BELOW:   0    1.00 INCH OR MORE:   1

[HDD (BASE 65) ]
TOTAL THIS MO.     0    CLEAR  (SCALE 0-3)   8
DPTR FM NORMAL     M    PTCLDY (SCALE 4-7)  12
TOTAL FM JUL 1  1500    CLOUDY (SCALE 8-10)  3
DPTR FM NORMAL     M

[CDD (BASE 65) ]
TOTAL THIS MO.   301
DPTR FM NORMAL     M    [PRESSURE DATA]
TOTAL FM JAN 1   544    HIGHEST SLP M ON M
DPTR FM NORMAL     M    LOWEST  SLP M ON M

[REMARKS]
