000
CXUS54 KEWX 170910
CF6RYW
PRELIMINARY LOCAL CLIMATOLOGICAL DATA (WS FORM: F-6)

                                          STATION:   LAGO VISTA
                                          MONTH:     OCTOBER
                                          YEAR:      2019
                                          LATITUDE:   30 30 N
                                          LONGITUDE:  97 58 W

  TEMPERATURE IN F:       :PCPN:    SNOW:  WIND      :SUNSHINE: SKY     :PK WND
================================================================================
1   2   3   4   5  6A  6B    7    8   9   10  11  12  13   14  15   16   17  18
                                     12Z  AVG MX 2MIN
DY MAX MIN AVG DEP HDD CDD  WTR  SNW DPTH SPD SPD DIR MIN PSBL S-S WX    SPD DR
================================================================================

 1  94  74  84   M   0  19 0.03    M    M  8.3 15 160   M    M   6        24 160
 2  92  74  83   M   0  18 0.00    M    M  5.7 12 130   M    M   6        18 150
 3  93  73  83   M   0  18 0.02    M    M  4.4  8 130   M    M   6         M  M
 4  92  69  81   M   0  16 0.00    M    M  4.7  8 120   M    M   2         M  M
 5  93  72  83   M   0  18 0.00    M    M  4.8  8 140   M    M   1         M  M
 6  94  73  84   M   0  19 0.00    M    M  4.3  8 110   M    M   0         M  M
 7  80  62  71   M   0   6 0.00    M    M  8.1 13  10   M    M   3        22  20
 8  83  57  70   M   0   5 0.00    M    M  6.0  9  80   M    M   0         M  M
 9  90  66  78   M   0  13 0.00    M    M  9.1 14 160   M    M   6        24 170
10  93  75  84   M   0  19 0.00    M    M 11.1 16 200   M    M   7        27 200
11  78  42  60   M   5   0 1.59    M    M 10.7 22  20   M    M  10 3      32 350
12  68  48  58   M   7   0 0.01    M    M  4.5 12  40   M    M   7        18  40
13  78  53  66   M   0   1 0.00    M    M  3.7  8 170   M    M   7         M  M
14  85  65  75   M   0  10 0.04    M    M  2.9  8 110   M    M   6         M  M
15  89  71  80   M   0  15 0.42    M    M  4.8 10 190   M    M   6 3      16 190
16  73  53  63   M   2   0 0.00    M    M  8.7 15  30   M    M   3 3      24  20
================================================================================
SM 1375 1027        14 177  2.11    M    101.8          M       76
================================================================================
AV 85.9 64.2                               6.4 FASTST   M    M   5    MAX(MPH)
                                 MISC ---->  # 22  20               # 32  350
================================================================================
NOTES:
# LAST OF SEVERAL OCCURRENCES

COLUMN 17 PEAK WIND IN M.P.H.

PRELIMINARY LOCAL CLIMATOLOGICAL DATA (WS FORM: F-6) , PAGE 2

                                          STATION:  LAGO VISTA
                                          MONTH:    OCTOBER
                                          YEAR:     2019
                                          LATITUDE:   30 30 N
                                          LONGITUDE:  97 58 W

[TEMPERATURE DATA]      [PRECIPITATION DATA]       SYMBOLS USED IN COLUMN 16

AVERAGE MONTHLY: 75.1   TOTAL FOR MONTH:   2.11    1 = FOG OR MIST
DPTR FM NORMAL:     M   DPTR FM NORMAL:       M    2 = FOG REDUCING VISIBILITY
HIGHEST:    94 ON  6, 1 GRTST 24HR  1.59 ON 11-11      TO 1/4 MILE OR LESS
LOWEST:     42 ON 11                               3 = THUNDER
                        SNOW, ICE PELLETS, HAIL    4 = ICE PELLETS
                        TOTAL MONTH:    M          5 = HAIL
                        GRTST 24HR    M  ON   M    6 = FREEZING RAIN OR DRIZZLE
                        GRTST DEPTH:  M  ON   M    7 = DUSTSTORM OR SANDSTORM:
                                                       VSBY 1/2 MILE OR LESS
                                                   8 = SMOKE OR HAZE
[NO. OF DAYS WITH]      [WEATHER - DAYS WITH]      9 = BLOWING SNOW
                                                   X = TORNADO
MAX 32 OR BELOW:   0    0.01 INCH OR MORE:   6
MAX 90 OR ABOVE:   8    0.10 INCH OR MORE:   2
MIN 32 OR BELOW:   0    0.50 INCH OR MORE:   1
MIN  0 OR BELOW:   0    1.00 INCH OR MORE:   1

[HDD (BASE 65) ]
TOTAL THIS MO.    14    CLEAR  (SCALE 0-3)   6
DPTR FM NORMAL     M    PTCLDY (SCALE 4-7)   9
TOTAL FM JUL 1    14    CLOUDY (SCALE 8-10)  1
DPTR FM NORMAL     M

[CDD (BASE 65) ]
TOTAL THIS MO.   177
DPTR FM NORMAL     M    [PRESSURE DATA]
TOTAL FM JAN 1  2930    HIGHEST SLP M ON M
DPTR FM NORMAL     M    LOWEST  SLP M ON M

[REMARKS]
