000
CXUS54 KEWX 200910
CF6RYW
PRELIMINARY LOCAL CLIMATOLOGICAL DATA (WS FORM: F-6)

                                          STATION:   LAGO VISTA
                                          MONTH:     FEBRUARY
                                          YEAR:      2019
                                          LATITUDE:   30 30 N
                                          LONGITUDE:  97 58 W

  TEMPERATURE IN F:       :PCPN:    SNOW:  WIND      :SUNSHINE: SKY     :PK WND
================================================================================
1   2   3   4   5  6A  6B    7    8   9   10  11  12  13   14  15   16   17  18
                                     12Z  AVG MX 2MIN
DY MAX MIN AVG DEP HDD CDD  WTR  SNW DPTH SPD SPD DIR MIN PSBL S-S WX    SPD DR
================================================================================

 1  66  56  61   M   4   0 0.01    M    M  4.2  6  90   M    M  10 18      M  M
 2  62  59  61   M   4   0 0.02    M    M  4.3  7 140   M    M  10 128     M  M
 3  76  61  69   M   0   4 0.01    M    M  7.4 12 210   M    M   7 12     21 200
 4  76  65  71   M   0   6 0.00    M    M  6.6 10 200   M    M   7 8      17 200
 5  77  67  72   M   0   7 0.03    M    M  6.4 12 180   M    M   9 18     17 190
 6  73  67  70   M   0   5 0.00    M    M  7.4 10 200   M    M   9 18     18 200
 7  71  36  54   M  11   0 0.01    M    M 10.9 15 360   M    M   4 8      28 330
 8  36  32  34   M  31   0 0.00    M    M  9.5 14  30   M    M   8        23  30
 9  42  32  37   M  28   0 0.00    M    M  6.9 12  40   M    M  10 1      16  40
10  49  37  43   M  22   0 0.03    M    M  2.6  7  60   M    M  10 12      M  M
11  60  47  54   M  11   0 0.06    M    M  5.7 10 220   M    M   9 12      M  M
12  63  46  55   M  10   0 0.00    M    M  7.5 13  20   M    M   0        22  10
13  64  39  52   M  13   0 0.00    M    M  6.1 10 170   M    M   0        21 180
14  75  53  64   M   1   0 0.00    M    M 11.3 16 220   M    M   3        25 210
15  89  58  74   M   0   9 0.00    M    M  7.8 14  40   M    M   0 8      20  40
16  59  40  50   M  15   0 0.00    M    M  5.9 14  40   M    M   8 1      25  40
17  61  46  54   M  11   0 0.00    M    M  9.9 16  40   M    M   2 1      25  40
18  55  40  48   M  17   0 0.00    M    M 10.6 15  40   M    M   2        22  50
19  42  39  41   M  24   0 0.15    M    M  8.1 12  50   M    M  10 3      20  40
================================================================================
SM 1196  920       202  31  0.32    M    139.1          M      118
================================================================================
AV 63.0 48.4                               7.3 FASTST   M    M   6    MAX(MPH)
                                 MISC ---->  # 16 220               # 28  330
================================================================================
NOTES:
# LAST OF SEVERAL OCCURRENCES

COLUMN 17 PEAK WIND IN M.P.H.

PRELIMINARY LOCAL CLIMATOLOGICAL DATA (WS FORM: F-6) , PAGE 2

                                          STATION:  LAGO VISTA
                                          MONTH:    FEBRUARY
                                          YEAR:     2019
                                          LATITUDE:   30 30 N
                                          LONGITUDE:  97 58 W

[TEMPERATURE DATA]      [PRECIPITATION DATA]       SYMBOLS USED IN COLUMN 16

AVERAGE MONTHLY: 55.7   TOTAL FOR MONTH:   0.32    1 = FOG OR MIST
DPTR FM NORMAL:     M   DPTR FM NORMAL:       M    2 = FOG REDUCING VISIBILITY
HIGHEST:    89 ON 15    GRTST 24HR  0.15 ON 19-19      TO 1/4 MILE OR LESS
LOWEST:     32 ON  9, 8                            3 = THUNDER
                        SNOW, ICE PELLETS, HAIL    4 = ICE PELLETS
                        TOTAL MONTH:    M          5 = HAIL
                        GRTST 24HR    M  ON   M    6 = FREEZING RAIN OR DRIZZLE
                        GRTST DEPTH:  M  ON   M    7 = DUSTSTORM OR SANDSTORM:
                                                       VSBY 1/2 MILE OR LESS
                                                   8 = SMOKE OR HAZE
[NO. OF DAYS WITH]      [WEATHER - DAYS WITH]      9 = BLOWING SNOW
                                                   X = TORNADO
MAX 32 OR BELOW:   0    0.01 INCH OR MORE:   8
MAX 90 OR ABOVE:   0    0.10 INCH OR MORE:   1
MIN 32 OR BELOW:   2    0.50 INCH OR MORE:   0
MIN  0 OR BELOW:   0    1.00 INCH OR MORE:   0

[HDD (BASE 65) ]
TOTAL THIS MO.   202    CLEAR  (SCALE 0-3)   6
DPTR FM NORMAL     M    PTCLDY (SCALE 4-7)   4
TOTAL FM JUL 1  1395    CLOUDY (SCALE 8-10)  9
DPTR FM NORMAL     M

[CDD (BASE 65) ]
TOTAL THIS MO.    31
DPTR FM NORMAL     M    [PRESSURE DATA]
TOTAL FM JAN 1    34    HIGHEST SLP M ON M
DPTR FM NORMAL     M    LOWEST  SLP M ON M

[REMARKS]
