496
CXUS56 KSTO 231425
CF6SAC
PRELIMINARY LOCAL CLIMATOLOGICAL DATA (WS FORM: F-6)

                                          STATION:   SACRAMENTO EXEC. AIRPORT CA
                                          MONTH:     JUNE
                                          YEAR:      2018
                                          LATITUDE:   38 31 N
                                          LONGITUDE: 121 30 W

  TEMPERATURE IN F:       :PCPN:    SNOW:  WIND      :SUNSHINE: SKY     :PK WND
================================================================================
1   2   3   4   5  6A  6B    7    8   9   10  11  12  13   14  15   16   17  18
                                     12Z  AVG MX 2MIN
DY MAX MIN AVG DEP HDD CDD  WTR  SNW DPTH SPD SPD DIR MIN PSBL S-S WX    SPD DR
================================================================================

 1  86  49  68  -1   0   3 0.00  0.0    0  5.5 15 340   M    M   0        20 320
 2  96  55  76   7   0  11 0.00  0.0    0  3.1 10 310   M    M   0 8      14 330
 3  98  58  78   9   0  13 0.00  0.0    0  5.2 20 170   M    M   0        30 210
 4  89  58  74   5   0   9 0.00  0.0    0  7.8 22 230   M    M   0        28 240
 5  84  53  69  -1   0   4 0.00  0.0    0  7.7 18 220   M    M   0        28 210
 6  79  54  67  -3   0   2 0.00  0.0    0  9.7 20 230   M    M   0        28 220
 7  81  54  68  -2   0   3 0.00  0.0    0  7.7 15 210   M    M   0        19 220
 8  87  54  71   1   0   6 0.00  0.0    0  5.9 15 230   M    M   0        21 210
 9  80  57  69  -1   0   4 0.00  0.0    0  9.3 17 280   M    M   1        23 280
10  83  55  69  -1   0   4 0.00  0.0    0  8.8 17 320   M    M   0        22 350
11  90  52  71   0   0   6 0.00  0.0    0  5.8 13 310   M    M   0        18 320
12  97  58  78   7   0  13 0.00  0.0    0  4.1 15 220   M    M   0        19 220
13  97  61  79   8   0  14 0.00  0.0    0  5.5 16 220   M    M   0        33 210
14  90  58  74   3   0   9 0.00  0.0    0  7.9 15 220   M    M   0        20 220
15  82  56  69  -2   0   4 0.00  0.0    0 10.1 20 220   M    M   0 8      26 210
16  80  53  67  -5   0   2 0.00  0.0    0 11.0 26 220   M    M   0        36 230
17  78  53  66  -6   0   1 0.00  0.0    0  7.0 16 250   M    M   3        21 230
18  89  56  73   1   0   8 0.00  0.0    0  6.8 15 210   M    M   0        21 210
19  92  56  74   2   0   9 0.00  0.0    0  6.0 16 220   M    M   0        22 230
20  88  55  72   0   0   7 0.00  0.0    0  8.4 15 220   M    M   0        19 240
21  95  54  75   3   0  10 0.00  0.0    0  3.7 13 240   M    M   0        17 230
22 101  58  80   7   0  15 0.00  0.0    0  3.4 12 260   M    M   0        15 320
================================================================================
SM 1942 1217         0 157  0.00     0.0 150.4          M        4
================================================================================
AV 88.3 55.3                               6.8 FASTST   M    M   0    MAX(MPH)
                                 MISC ---->  # 26 220               # 36  230
================================================================================
NOTES:
# LAST OF SEVERAL OCCURRENCES

COLUMN 17 PEAK WIND IN M.P.H.

PRELIMINARY LOCAL CLIMATOLOGICAL DATA (WS FORM: F-6) , PAGE 2

                                          STATION:  SACRAMENTO EXEC. AIRPORT CA
                                          MONTH:    JUNE
                                          YEAR:     2018
                                          LATITUDE:   38 31 N
                                          LONGITUDE: 121 30 W

[TEMPERATURE DATA]      [PRECIPITATION DATA]       SYMBOLS USED IN COLUMN 16

AVERAGE MONTHLY: 71.8   TOTAL FOR MONTH:   0.00    1 = FOG OR MIST
DPTR FM NORMAL:   1.1   DPTR FM NORMAL:   -0.19    2 = FOG REDUCING VISIBILITY
HIGHEST:   101 ON 22    GRTST 24HR  0.00 ON 22-22      TO 1/4 MILE OR LESS
LOWEST:     49 ON  1                               3 = THUNDER
                        SNOW, ICE PELLETS, HAIL    4 = ICE PELLETS
                        TOTAL MONTH:   0.0 INCH    5 = HAIL
                        GRTST 24HR     0.0         6 = FREEZING RAIN OR DRIZZLE
                        GRTST DEPTH:   0           7 = DUSTSTORM OR SANDSTORM:
                                                       VSBY 1/2 MILE OR LESS
                                                   8 = SMOKE OR HAZE
[NO. OF DAYS WITH]      [WEATHER - DAYS WITH]      9 = BLOWING SNOW
                                                   X = TORNADO
MAX 32 OR BELOW:   0    0.01 INCH OR MORE:   0
MAX 90 OR ABOVE:   9    0.10 INCH OR MORE:   0
MIN 32 OR BELOW:   0    0.50 INCH OR MORE:   0
MIN  0 OR BELOW:   0    1.00 INCH OR MORE:   0

[HDD (BASE 65) ]
TOTAL THIS MO.     0    CLEAR  (SCALE 0-3)  21
DPTR FM NORMAL    -7    PTCLDY (SCALE 4-7)   1
TOTAL FM JUL 1  2374    CLOUDY (SCALE 8-10)  0
DPTR FM NORMAL  -243

[CDD (BASE 65) ]
TOTAL THIS MO.   157
DPTR FM NORMAL    22    [PRESSURE DATA]
TOTAL FM JAN 1   229    HIGHEST SLP M ON M
DPTR FM NORMAL    -9    LOWEST  SLP 29.60 ON 16

[REMARKS]
