000
CXUS55 KTWC 200855
CF6SAD
PRELIMINARY LOCAL CLIMATOLOGICAL DATA (WS FORM: F-6)

                                          STATION:   SAFFORD AZ AIRPORT
                                          MONTH:     JUNE
                                          YEAR:      2018
                                          LATITUDE:   32 50 N
                                          LONGITUDE: 109 38 W

  TEMPERATURE IN F:       :PCPN:    SNOW:  WIND      :SUNSHINE: SKY     :PK WND
================================================================================
1   2   3   4   5  6A  6B    7    8   9   10  11  12  13   14  15   16   17  18
                                     12Z  AVG MX 2MIN
DY MAX MIN AVG DEP HDD CDD  WTR  SNW DPTH SPD SPD DIR MIN PSBL S-S WX    SPD DR
================================================================================

 1 100  58  79   0   0  14 0.00  0.0    0  6.5 18 320   M    M   0        23 310
 2 106  58  82   3   0  17 0.00  0.0    0  8.6 17 210   M    M   0        32 210
 3 107  63  85   6   0  20 0.00  0.0    0  8.1 24 310   M    M   1        31 310
 4 104  64  84   4   0  19 0.00  0.0    0  7.9 20 320   M    M   0        26 320
 5 102  65  84   4   0  19 0.00  0.0    0  6.2 26 170   M    M   0        33 160
 6 104  71  88   8   0  23    T  0.0    0  7.9 30 150   M    M   0 3      38 150
 7 104  62  83   3   0  18 0.00  0.0    0  7.6 23 300   M    M   1        28 300
 8 105  65  85   4   0  20 0.00  0.0    0  7.2 21 310   M    M   1        25 300
 9 100  73  87   6   0  22 0.00  0.0    0  7.8 28 170   M    M   0        39 150
10 104  68  86   5   0  21 0.00  0.0    0 10.6 30 300   M    M   1        40 320
11 104  62  83   1   0  18 0.00  0.0    0  8.0 17 320   M    M   1        23 320
12 107  63  85   3   0  20 0.00  0.0    0  8.4 23 290   M    M   1        27 300
13 109  67  88   6   0  23 0.00  0.0    0  8.5 24 290   M    M   2        31 300
14 105  77  91   9   0  26 0.00  0.0    0 10.0 25  80   M    M   0        33  70
15  95  67  81  -2   0  16 0.14  0.0    0 14.6 28 290   M    M   4 1      35 290
16  79  64  72 -11   0   7 0.17  0.0    0  8.8 30 300   M    M   8 13     38 300
17  92  61  77  -6   0  12 0.00  0.0    0  6.3 13 150   M    M   0        19  10
18  99  63  81  -3   0  16 0.00  0.0    0  6.0 16 310   M    M   0        20 320
19 101  63  82  -2   0  17 0.00  0.0    0  9.5 24 300   M    M   0        29 310
================================================================================
SM 1927 1234         0 348  0.31     0.0 158.5          M       20
================================================================================
AV101.4 65.0                               8.3 FASTST   M    M   1    MAX(MPH)
                                 MISC ---->  # 30 150               # 40  320
================================================================================
NOTES:
# LAST OF SEVERAL OCCURRENCES

COLUMN 17 PEAK WIND IN M.P.H.

PRELIMINARY LOCAL CLIMATOLOGICAL DATA (WS FORM: F-6) , PAGE 2

                                          STATION:  SAFFORD AZ AIRPORT
                                          MONTH:    JUNE
                                          YEAR:     2018
                                          LATITUDE:   32 50 N
                                          LONGITUDE: 109 38 W

[TEMPERATURE DATA]      [PRECIPITATION DATA]       SYMBOLS USED IN COLUMN 16

AVERAGE MONTHLY: 83.2   TOTAL FOR MONTH:   0.31    1 = FOG OR MIST
DPTR FM NORMAL:   1.9   DPTR FM NORMAL:    0.11    2 = FOG REDUCING VISIBILITY
HIGHEST:   109 ON 13    GRTST 24HR  0.17 ON 16-16      TO 1/4 MILE OR LESS
LOWEST:     58 ON  2, 1                            3 = THUNDER
                        SNOW, ICE PELLETS, HAIL    4 = ICE PELLETS
                        TOTAL MONTH:   0.0 INCH    5 = HAIL
                        GRTST 24HR     0.0         6 = FREEZING RAIN OR DRIZZLE
                        GRTST DEPTH:   0           7 = DUSTSTORM OR SANDSTORM:
                                                       VSBY 1/2 MILE OR LESS
                                                   8 = SMOKE OR HAZE
[NO. OF DAYS WITH]      [WEATHER - DAYS WITH]      9 = BLOWING SNOW
                                                   X = TORNADO
MAX 32 OR BELOW:   0    0.01 INCH OR MORE:   2
MAX 90 OR ABOVE:  18    0.10 INCH OR MORE:   2
MIN 32 OR BELOW:   0    0.50 INCH OR MORE:   0
MIN  0 OR BELOW:   0    1.00 INCH OR MORE:   0

[HDD (BASE 65) ]
TOTAL THIS MO.     0    CLEAR  (SCALE 0-3)  17
DPTR FM NORMAL     0    PTCLDY (SCALE 4-7)   2
TOTAL FM JUL 1  1610    CLOUDY (SCALE 8-10)  0
DPTR FM NORMAL  -656

[CDD (BASE 65) ]
TOTAL THIS MO.   348
DPTR FM NORMAL    37    [PRESSURE DATA]
TOTAL FM JAN 1   873    HIGHEST SLP M ON M
DPTR FM NORMAL   205    LOWEST  SLP 29.59 ON 14

[REMARKS]
