000
CXUS56 KLOX 241655
CF6SBA
PRELIMINARY LOCAL CLIMATOLOGICAL DATA (WS FORM: F-6)

                                          STATION:   SANTA BARBARA AIRPORT CA
                                          MONTH:     JANUARY
                                          YEAR:      2020
                                          LATITUDE:   34 25 N
                                          LONGITUDE: 119 50 W

  TEMPERATURE IN F:       :PCPN:    SNOW:  WIND      :SUNSHINE: SKY     :PK WND
================================================================================
1   2   3   4   5  6A  6B    7    8   9   10  11  12  13   14  15   16   17  18
                                     12Z  AVG MX 2MIN
DY MAX MIN AVG DEP HDD CDD  WTR  SNW DPTH SPD SPD DIR MIN PSBL S-S WX    SPD DR
================================================================================

 1  66  39  53   1  12   0 0.00  0.0    0  4.0 12 290   M    M   0        16 250
 2  69  47  58   6   7   0 0.00  0.0    0  4.7 21 350   M    M   1        27 350
 3  67  41  54   2  11   0 0.00  0.0    0  2.6 13 130   M    M   0        15 130
 4  60  39  50  -2  15   0 0.00  0.0    0  2.2  8 150   M    M   0 1      11 150
 5  67  36  52   0  13   0 0.00  0.0    0  5.9 22  20   M    M   0 1      30  10
 6  71  39  55   3  10   0 0.00  0.0    0  2.6 13  40   M    M   0        17  40
 7  70  37  54   2  11   0 0.00  0.0    0  3.0 12 260   M    M   0        13 260
 8  67  38  53   1  12   0 0.00  0.0    0  6.9 25  40   M    M   0        30  40
 9  62  44  53   1  12   0    T    M    0  9.4 25 340   M    M   2 18     37 320
10  62  36  49  -3  16   0 0.00  0.0    0  3.6 13  20   M    M   0        15  20
11  68  36  52   0  13   0 0.00  0.0    0  4.0 18 250   M    M   0        26 240
12  61  38  50  -2  15   0 0.00  0.0    0  3.1  9 140   M    M   0        12 150
13  61  36  49  -3  16   0 0.00  0.0    0  3.0 12 110   M    M   0        13 130
14  60  36  48  -4  17   0 0.00  0.0    0  3.8 10  30   M    M   0        13  30
15  61  37  49  -3  16   0 0.00  0.0    0  2.8  9 270   M    M   1        11 160
16  58  39  49  -3  16   0 0.50    M    0  3.5 14 160   M    M   8 18     18 150
17  58  36  47  -5  18   0 0.00  0.0    0  3.3  9 160   M    M   1 1      12 290
18  62  36  49  -3  16   0 0.00  0.0    0  1.8  8 160   M    M   0        10 150
19  67  37  52   0  13   0 0.00  0.0    0  1.8 10 260   M    M   1        12 250
20  62  48  55   3  10   0 0.02    M    0  3.1 10 160   M    M   6        13 120
21  62  47  55   3  10   0 0.03    M    0  3.5 15 260   M    M   5 1      18 260
22  72  46  59   7   6   0 0.00  0.0    0  5.3 16 220   M    M   1        21 270
23  69  42  56   4   9   0 0.00  0.0    0  3.0 12 250   M    M   0 1      14 250
================================================================================
SM 1482  910       294   0  0.55     0.0  86.9          M       26
================================================================================
AV 64.4 39.6                               3.8 FASTST   M    M   1    MAX(MPH)
                                 MISC ---->  # 25  40               # 37  320
================================================================================
NOTES:
# LAST OF SEVERAL OCCURRENCES

COLUMN 17 PEAK WIND IN M.P.H.

PRELIMINARY LOCAL CLIMATOLOGICAL DATA (WS FORM: F-6) , PAGE 2

                                          STATION:  SANTA BARBARA AIRPORT CA
                                          MONTH:    JANUARY
                                          YEAR:     2020
                                          LATITUDE:   34 25 N
                                          LONGITUDE: 119 50 W

[TEMPERATURE DATA]      [PRECIPITATION DATA]       SYMBOLS USED IN COLUMN 16

AVERAGE MONTHLY: 52.0   TOTAL FOR MONTH:   0.55    1 = FOG OR MIST
DPTR FM NORMAL:   0.0   DPTR FM NORMAL:   -2.11    2 = FOG REDUCING VISIBILITY
HIGHEST:    72 ON 22    GRTST 24HR  0.50 ON 16-16      TO 1/4 MILE OR LESS
LOWEST:     36 ON 18,17                            3 = THUNDER
                        SNOW, ICE PELLETS, HAIL    4 = ICE PELLETS
                        TOTAL MONTH:   0.0 INCH    5 = HAIL
                        GRTST 24HR     0.0         6 = FREEZING RAIN OR DRIZZLE
                        GRTST DEPTH:   0           7 = DUSTSTORM OR SANDSTORM:
                                                       VSBY 1/2 MILE OR LESS
                                                   8 = SMOKE OR HAZE
[NO. OF DAYS WITH]      [WEATHER - DAYS WITH]      9 = BLOWING SNOW
                                                   X = TORNADO
MAX 32 OR BELOW:   0    0.01 INCH OR MORE:   3
MAX 90 OR ABOVE:   0    0.10 INCH OR MORE:   1
MIN 32 OR BELOW:   0    0.50 INCH OR MORE:   1
MIN  0 OR BELOW:   0    1.00 INCH OR MORE:   0

[HDD (BASE 65) ]
TOTAL THIS MO.   294    CLEAR  (SCALE 0-3)  20
DPTR FM NORMAL    -5    PTCLDY (SCALE 4-7)   3
TOTAL FM JUL 1  1012    CLOUDY (SCALE 8-10)  0
DPTR FM NORMAL  -171

[CDD (BASE 65) ]
TOTAL THIS MO.     0
DPTR FM NORMAL     0    [PRESSURE DATA]
TOTAL FM JAN 1     0    HIGHEST SLP M ON M
DPTR FM NORMAL     0    LOWEST  SLP 29.85 ON  9

[REMARKS]
