000
CXUS56 KLOX 211155
CF6SBA
PRELIMINARY LOCAL CLIMATOLOGICAL DATA (WS FORM: F-6)

                                          STATION:   SANTA BARBARA AIRPORT CA
                                          MONTH:     OCTOBER
                                          YEAR:      2019
                                          LATITUDE:   34 25 N
                                          LONGITUDE: 119 50 W

  TEMPERATURE IN F:       :PCPN:    SNOW:  WIND      :SUNSHINE: SKY     :PK WND
================================================================================
1   2   3   4   5  6A  6B    7    8   9   10  11  12  13   14  15   16   17  18
                                     12Z  AVG MX 2MIN
DY MAX MIN AVG DEP HDD CDD  WTR  SNW DPTH SPD SPD DIR MIN PSBL S-S WX    SPD DR
================================================================================

 1  72  47  60  -4   5   0 0.00  0.0    0  4.1 12 240   M    M   0        15 230
 2  75  47  61  -2   4   0 0.00  0.0    0  4.1 14 240   M    M   0        17 260
 3  73  48  61  -2   4   0 0.00  0.0    0  3.3 10 240   M    M   0        14 240
 4  74  50  62  -1   3   0 0.00  0.0    0  3.2 10 140   M    M   0        12 130
 5  76  48  62  -1   3   0 0.00  0.0    0  3.3 13 260   M    M   0 8      14 270
 6  77  49  63   0   2   0 0.00  0.0    0  3.8 12 250   M    M   0        14 270
 7  73  50  62  -1   3   0 0.00  0.0    0  4.4 15 250   M    M   3 128    19 240
 8  72  53  63   0   2   0 0.00  0.0    0  5.8 13  80   M    M   4 18     15 250
 9  67  52  60  -2   5   0 0.00  0.0    0  5.6 13 220   M    M   6 18     16  80
10  75  53  64   2   1   0 0.00  0.0    0  4.5 15 260   M    M   2 18     18 260
11  83  43  63   1   2   0 0.00  0.0    0  2.5 13 240   M    M   0        15 250
12  82  45  64   2   1   0 0.00  0.0    0  2.8 13 260   M    M   0        16 260
13  71  44  58  -4   7   0 0.00  0.0    0  3.9  9  40   M    M   0        12 140
14  70  51  61  -1   4   0 0.00  0.0    0  5.6 15 270   M    M   3 1      18 270
15  72  49  61  -1   4   0 0.00  0.0    0  3.9 12 240   M    M   0 18     14 260
16  74  46  60  -2   5   0 0.00  0.0    0  2.8 12 260   M    M   1 18     14 250
17  82  51  67   5   0   2 0.00  0.0    0  7.7 22 350   M    M   0 1      29  10
18  81  53  67   6   0   2 0.00  0.0    0  9.1 23 340   M    M   0        27 340
19  86  52  69   8   0   4 0.00  0.0    0  7.8 17 310   M    M   0        24 250
20  85  56  71  10   0   6 0.00  0.0    0  3.7 20 350   M    M   0        25 340
================================================================================
SM 1520  987        55  14  0.00     0.0  91.9          M       19
================================================================================
AV 76.0 49.4                               4.6 FASTST   M    M   1    MAX(MPH)
                                 MISC ---->  # 23 340               # 29   10
================================================================================
NOTES:
# LAST OF SEVERAL OCCURRENCES

COLUMN 17 PEAK WIND IN M.P.H.

PRELIMINARY LOCAL CLIMATOLOGICAL DATA (WS FORM: F-6) , PAGE 2

                                          STATION:  SANTA BARBARA AIRPORT CA
                                          MONTH:    OCTOBER
                                          YEAR:     2019
                                          LATITUDE:   34 25 N
                                          LONGITUDE: 119 50 W

[TEMPERATURE DATA]      [PRECIPITATION DATA]       SYMBOLS USED IN COLUMN 16

AVERAGE MONTHLY: 62.7   TOTAL FOR MONTH:   0.00    1 = FOG OR MIST
DPTR FM NORMAL:   0.4   DPTR FM NORMAL:   -0.42    2 = FOG REDUCING VISIBILITY
HIGHEST:    86 ON 19    GRTST 24HR  0.00 ON 20-20      TO 1/4 MILE OR LESS
LOWEST:     43 ON 11                               3 = THUNDER
                        SNOW, ICE PELLETS, HAIL    4 = ICE PELLETS
                        TOTAL MONTH:   0.0 INCH    5 = HAIL
                        GRTST 24HR     0.0         6 = FREEZING RAIN OR DRIZZLE
                        GRTST DEPTH:   0           7 = DUSTSTORM OR SANDSTORM:
                                                       VSBY 1/2 MILE OR LESS
                                                   8 = SMOKE OR HAZE
[NO. OF DAYS WITH]      [WEATHER - DAYS WITH]      9 = BLOWING SNOW
                                                   X = TORNADO
MAX 32 OR BELOW:   0    0.01 INCH OR MORE:   0
MAX 90 OR ABOVE:   0    0.10 INCH OR MORE:   0
MIN 32 OR BELOW:   0    0.50 INCH OR MORE:   0
MIN  0 OR BELOW:   0    1.00 INCH OR MORE:   0

[HDD (BASE 65) ]
TOTAL THIS MO.    55    CLEAR  (SCALE 0-3)  18
DPTR FM NORMAL   -11    PTCLDY (SCALE 4-7)   2
TOTAL FM JUL 1    88    CLOUDY (SCALE 8-10)  0
DPTR FM NORMAL   -73

[CDD (BASE 65) ]
TOTAL THIS MO.    14
DPTR FM NORMAL     3    [PRESSURE DATA]
TOTAL FM JAN 1   225    HIGHEST SLP M ON M
DPTR FM NORMAL    43    LOWEST  SLP 29.71 ON 17

[REMARKS]
