000
CXUS55 KLOX 201155
CF6SBA
PRELIMINARY LOCAL CLIMATOLOGICAL DATA (WS FORM: F-6)

                                          STATION:   SANTA BARBARA AIRPORT CA
                                          MONTH:     MAY
                                          YEAR:      2018
                                          LATITUDE:   34 25 N
                                          LONGITUDE: 119 50 W

  TEMPERATURE IN F:       :PCPN:    SNOW:  WIND      :SUNSHINE: SKY     :PK WND
================================================================================
1   2   3   4   5  6A  6B    7    8   9   10  11  12  13   14  15   16   17  18
                                     12Z  AVG MX 2MIN
DY MAX MIN AVG DEP HDD CDD  WTR  SNW DPTH SPD SPD DIR MIN PSBL S-S WX    SPD DR
================================================================================

 1  64  45  55  -4  10   0    T    M    0  4.0 13 210   M    M   7 1      15 220
 2  64  49  57  -2   8   0 0.00  0.0    0  4.6 16 260   M    M   4        20 270
 3  70  46  58  -1   7   0 0.00  0.0    0  4.6 13 250   M    M   0        16 260
 4  72  50  61   2   4   0 0.00  0.0    0  5.2 18 260   M    M   0        22 270
 5  75  51  63   3   2   0 0.00  0.0    0  3.9 13 250   M    M   1        15 270
 6  71  49  60   0   5   0 0.00  0.0    0  4.7 10 210   M    M   2        13 210
 7  65  52  59  -1   6   0 0.00  0.0    0  4.9 10 150   M    M   2 18     13 160
 8  70  48  59  -1   6   0 0.00  0.0    0  4.5 12 160   M    M   2 128    14 200
 9  68  51  60   0   5   0 0.00  0.0    0  5.7 15  90   M    M   2 18     19  80
10  70  51  61   1   4   0 0.00  0.0    0  5.5 13  80   M    M   0 8      17  80
11  62  55  59  -1   6   0 0.00  0.0    0  4.6 10  80   M    M   8 18     13  60
12  67  56  62   2   3   0 0.00  0.0    0  5.1 12 160   M    M   9        15 160
13  70  51  61   1   4   0 0.00  0.0    0  6.2 21 260   M    M   5        25 270
14  67  49  58  -2   7   0 0.00  0.0    0  7.5  M   M   M    M   1         M  M
15  67  48  58  -2   7   0 0.00  0.0    0  6.3 17 260   M    M   0         M  M
16  72  47  60   0   5   0 0.00  0.0    0  6.6 24 260   M    M   0        29 270
17  68  49  59  -1   6   0 0.00  0.0    0  4.6 12  50   M    M   0        15  60
18  67  50  59  -1   6   0 0.00  0.0    0  4.9 15 130   M    M   3        18 130
19  66  50  58  -2   7   0 0.00  0.0    0  5.9 16  60   M    M   3        19  60
================================================================================
SM 1295  947       108   0    T      0.0  99.3          M       49
================================================================================
AV 68.2 49.8                               5.2 FASTST   M    M   3    MAX(MPH)
                                 MISC ---->    24   M                 29    M
================================================================================
NOTES:
# LAST OF SEVERAL OCCURRENCES

COLUMN 17 PEAK WIND IN M.P.H.

PRELIMINARY LOCAL CLIMATOLOGICAL DATA (WS FORM: F-6) , PAGE 2

                                          STATION:  SANTA BARBARA AIRPORT CA
                                          MONTH:    MAY
                                          YEAR:     2018
                                          LATITUDE:   34 25 N
                                          LONGITUDE: 119 50 W

[TEMPERATURE DATA]      [PRECIPITATION DATA]       SYMBOLS USED IN COLUMN 16

AVERAGE MONTHLY: 59.0   TOTAL FOR MONTH:      T    1 = FOG OR MIST
DPTR FM NORMAL:  -0.8   DPTR FM NORMAL:   -0.26    2 = FOG REDUCING VISIBILITY
HIGHEST:    75 ON  5    GRTST 24HR    T  ON  1- 1      TO 1/4 MILE OR LESS
LOWEST:     45 ON  1                               3 = THUNDER
                        SNOW, ICE PELLETS, HAIL    4 = ICE PELLETS
                        TOTAL MONTH:   0.0 INCH    5 = HAIL
                        GRTST 24HR     0.0         6 = FREEZING RAIN OR DRIZZLE
                        GRTST DEPTH:   0           7 = DUSTSTORM OR SANDSTORM:
                                                       VSBY 1/2 MILE OR LESS
                                                   8 = SMOKE OR HAZE
[NO. OF DAYS WITH]      [WEATHER - DAYS WITH]      9 = BLOWING SNOW
                                                   X = TORNADO
MAX 32 OR BELOW:   0    0.01 INCH OR MORE:   0
MAX 90 OR ABOVE:   0    0.10 INCH OR MORE:   0
MIN 32 OR BELOW:   0    0.50 INCH OR MORE:   0
MIN  0 OR BELOW:   0    1.00 INCH OR MORE:   0

[HDD (BASE 65) ]
TOTAL THIS MO.   108    CLEAR  (SCALE 0-3)  14
DPTR FM NORMAL     4    PTCLDY (SCALE 4-7)   4
TOTAL FM JUL 1  1844    CLOUDY (SCALE 8-10)  1
DPTR FM NORMAL  -385

[CDD (BASE 65) ]
TOTAL THIS MO.     0
DPTR FM NORMAL     0    [PRESSURE DATA]
TOTAL FM JAN 1    10    HIGHEST SLP M ON M
DPTR FM NORMAL     3    LOWEST  SLP 29.76 ON 10

[REMARKS]
