000
CXUS53 KMKX 230649
CF6SBM
PRELIMINARY LOCAL CLIMATOLOGICAL DATA (WS FORM: F-6)

                                          STATION:   SHEBOYGAN WI
                                          MONTH:     JUNE
                                          YEAR:      2018
                                          LATITUDE:   43 46 N
                                          LONGITUDE:  87 51 W

  TEMPERATURE IN F:       :PCPN:    SNOW:  WIND      :SUNSHINE: SKY     :PK WND
================================================================================
1   2   3   4   5  6A  6B    7    8   9   10  11  12  13   14  15   16   17  18
                                     12Z  AVG MX 2MIN
DY MAX MIN AVG DEP HDD CDD  WTR  SNW DPTH SPD SPD DIR MIN PSBL S-S WX    SPD DR
================================================================================

 1  69  49  59   0   6   0 0.00  0.0    0 14.9 24  50   M    M   4 1      30  40
 2  60  51  56  -4   9   0 0.25  0.0    0  9.2 20  40   M    M   9 1      25  30
 3  68  53  61   1   4   0 0.01  0.0    0 12.0 25 270   M    M   9 1      33 270
 4  79  48  64   4   1   0 0.07  0.0    0 11.4 26 270   M    M   2        36 280
 5  59  41  50 -11  15   0 0.05  0.0    0  7.4 15  40   M    M   4 1      20  40
 6  66  38  52  -9  13   0    T  0.0    0  4.9 16 140   M    M   1 1      22 140
 7  71  50  61  -1   4   0 0.00  0.0    0  8.7 20  40   M    M   0 1      24  40
 8  69  49  59  -3   6   0    T    M    M  8.2 20  50   M    M   5        23  50
 9  66  56  61  -1   4   0 0.00  0.0    0  7.0 14 110   M    M   8 18     17 110
10  65  57  61  -2   4   0    T  0.0    0  9.9 17  40   M    M  10 8      21  60
11  73  52  63   0   2   0 0.00  0.0    0  8.2 18  70   M    M   6        22  60
12  75  56  66   2   0   1 0.00  0.0    0  6.3 14 170   M    M   7 18     20 160
13  81  53  67   3   0   2    T  0.0    0  9.5 23 310   M    M   2 1      29 340
14  81  50  66   2   0   1 0.00  0.0    0  5.2 13 130   M    M   0        16  90
15  72  50  61  -4   4   0 0.24  0.0    0  7.1 22  60   M    M   4 1      26  50
16  83  63  73   8   0   8 0.01  0.0    0  7.0 21 180   M    M   1 1      24 190
17  94  66  80  15   0  15 0.00  0.0    0 10.4 24 230   M    M   0 1      32 200
18  83  64  74   8   0   9 1.29  0.0    0  7.9 26  40   M    M   8 1      31  40
19  64  56  60  -6   5   0 0.09  0.0    0  8.2 16  50   M    M  10 1      19  50
20  72  56  64  -2   1   0    T  0.0    0  4.5 12  60   M    M   5        14  50
21  70  55  63  -4   2   0 0.00  0.0    0  9.7 18  50   M    M   1        23  50
22  71  55  63  -4   2   0 0.00  0.0    0  8.9 17  40   M    M   0        23  50
================================================================================
SM 1591 1168        82  36  2.01     0.0 186.5          M       96
================================================================================
AV 72.3 53.1                               8.5 FASTST   M    M   4    MAX(MPH)
                                 MISC ---->  # 26 270               # 36  280
================================================================================
NOTES:
# LAST OF SEVERAL OCCURRENCES

COLUMN 17 PEAK WIND IN M.P.H.

PRELIMINARY LOCAL CLIMATOLOGICAL DATA (WS FORM: F-6) , PAGE 2

                                          STATION:  SHEBOYGAN WI
                                          MONTH:    JUNE
                                          YEAR:     2018
                                          LATITUDE:   43 46 N
                                          LONGITUDE:  87 51 W

[TEMPERATURE DATA]      [PRECIPITATION DATA]       SYMBOLS USED IN COLUMN 16

AVERAGE MONTHLY: 62.7   TOTAL FOR MONTH:   2.01    1 = FOG OR MIST
DPTR FM NORMAL:  -0.6   DPTR FM NORMAL:   -0.95    2 = FOG REDUCING VISIBILITY
HIGHEST:    94 ON 17    GRTST 24HR  1.29 ON 18-18      TO 1/4 MILE OR LESS
LOWEST:     38 ON  6                               3 = THUNDER
                        SNOW, ICE PELLETS, HAIL    4 = ICE PELLETS
                        TOTAL MONTH:   0.0 INCH    5 = HAIL
                        GRTST 24HR     0.0         6 = FREEZING RAIN OR DRIZZLE
                        GRTST DEPTH:   0           7 = DUSTSTORM OR SANDSTORM:
                                                       VSBY 1/2 MILE OR LESS
                                                   8 = SMOKE OR HAZE
[NO. OF DAYS WITH]      [WEATHER - DAYS WITH]      9 = BLOWING SNOW
                                                   X = TORNADO
MAX 32 OR BELOW:   0    0.01 INCH OR MORE:   8
MAX 90 OR ABOVE:   1    0.10 INCH OR MORE:   3
MIN 32 OR BELOW:   0    0.50 INCH OR MORE:   1
MIN  0 OR BELOW:   0    1.00 INCH OR MORE:   1

[HDD (BASE 65) ]
TOTAL THIS MO.    82    CLEAR  (SCALE 0-3)   9
DPTR FM NORMAL    -3    PTCLDY (SCALE 4-7)   8
TOTAL FM JUL 1  7609    CLOUDY (SCALE 8-10)  5
DPTR FM NORMAL   -24

[CDD (BASE 65) ]
TOTAL THIS MO.    36
DPTR FM NORMAL    -8    [PRESSURE DATA]
TOTAL FM JAN 1    98    HIGHEST SLP M ON M
DPTR FM NORMAL    44    LOWEST  SLP 29.74 ON 22

[REMARKS]
