000
CXUS53 KMKX 210652
CF6SBM
PRELIMINARY LOCAL CLIMATOLOGICAL DATA (WS FORM: F-6)

                                          STATION:   SHEBOYGAN WI
                                          MONTH:     SEPTEMBER
                                          YEAR:      2018
                                          LATITUDE:   43 46 N
                                          LONGITUDE:  87 51 W

  TEMPERATURE IN F:       :PCPN:    SNOW:  WIND      :SUNSHINE: SKY     :PK WND
================================================================================
1   2   3   4   5  6A  6B    7    8   9   10  11  12  13   14  15   16   17  18
                                     12Z  AVG MX 2MIN
DY MAX MIN AVG DEP HDD CDD  WTR  SNW DPTH SPD SPD DIR MIN PSBL S-S WX    SPD DR
================================================================================

 1  77  65  71   6   0   6    T  0.0    0  5.8 21 180   M    M   2 1      25 180
 2  83  67  75  10   0  10 0.76  0.0    0  5.5 29 240   M    M   5 1      41 240
 3  72  65  69   5   0   4 0.20  0.0    0  3.9 13  50   M    M   9 12     14  50
 4  88  67  78  14   0  13 0.02  0.0    0  7.5 17 180   M    M   4 12     22 180
 5  79  62  71   7   0   6 0.22  0.0    0  9.7 21 260   M    M   5 1      27 240
 6  69  49  59  -4   6   0 0.00  0.0    0  9.0 20  40   M    M   2        23  30
 7  67  50  59  -4   6   0 0.00  0.0    0  8.3 17  50   M    M   0        20  30
 8  67  54  61  -2   4   0 0.00  0.0    0 11.9 22  40   M    M   2        27  50
 9  65  47  56  -6   9   0 0.00  0.0    0  9.6 18  50   M    M   0        26  70
10  71  47  59  -3   6   0    T    M    0  2.8 10 330   M    M   3 12     13  40
11  76  48  62   0   3   0 0.00  0.0    0  5.3 17 180   M    M   1 12     23 160
12  80  50  65   4   0   0 0.00  0.0    0  4.7 14 160   M    M   3 12     21 150
13  75  48  62   1   3   0 0.00    M    0  4.4 17 180   M    M   2 128    23 190
14  81  50  66   5   0   1 0.00  0.0    0  2.9 12 140   M    M   3 12     16 150
15  80  55  68   8   0   3 0.00  0.0    0  2.5 13 180   M    M   2 12     17 180
16  79  53  66   6   0   1 0.00  0.0    0  2.6  9 120   M    M   5 12      M  M
17   M   M   M   M   M   M    M    M    M   M   M   M   M    M   M         M  M
18   M   M   M   M   M   M    M    M    M   M   M   M   M    M   M         M  M
19  63  56  60   1   5   0 0.10  0.0    M  4.8 13  70   M    M   8 1      16  70
20  79  60  70  12   0   5 0.22  0.0    0  7.0 21 210   M    M   7 1      32 200
================================================================================
SM 1351  993        42  49  1.52     0.0 108.2          M       63
================================================================================
AV 75.1 55.2                               6.0 FASTST   M    M   4    MAX(MPH)
                                 MISC ---->  # 29 240               # 41  240
================================================================================
NOTES:
# LAST OF SEVERAL OCCURRENCES

COLUMN 17 PEAK WIND IN M.P.H.

PRELIMINARY LOCAL CLIMATOLOGICAL DATA (WS FORM: F-6) , PAGE 2

                                          STATION:  SHEBOYGAN WI
                                          MONTH:    SEPTEMBER
                                          YEAR:     2018
                                          LATITUDE:   43 46 N
                                          LONGITUDE:  87 51 W

[TEMPERATURE DATA]      [PRECIPITATION DATA]       SYMBOLS USED IN COLUMN 16

AVERAGE MONTHLY: 65.1   TOTAL FOR MONTH:   1.52    1 = FOG OR MIST
DPTR FM NORMAL:   3.4   DPTR FM NORMAL:   -0.63    2 = FOG REDUCING VISIBILITY
HIGHEST:    88 ON  4    GRTST 24HR  0.76 ON  2- 2      TO 1/4 MILE OR LESS
LOWEST:     47 ON 10, 9                            3 = THUNDER
                        SNOW, ICE PELLETS, HAIL    4 = ICE PELLETS
                        TOTAL MONTH:   0.0 INCH    5 = HAIL
                        GRTST 24HR     0.0         6 = FREEZING RAIN OR DRIZZLE
                        GRTST DEPTH:   0           7 = DUSTSTORM OR SANDSTORM:
                                                       VSBY 1/2 MILE OR LESS
                                                   8 = SMOKE OR HAZE
[NO. OF DAYS WITH]      [WEATHER - DAYS WITH]      9 = BLOWING SNOW
                                                   X = TORNADO
MAX 32 OR BELOW:   0    0.01 INCH OR MORE:   6
MAX 90 OR ABOVE:   0    0.10 INCH OR MORE:   5
MIN 32 OR BELOW:   0    0.50 INCH OR MORE:   1
MIN  0 OR BELOW:   0    1.00 INCH OR MORE:   0

[HDD (BASE 65) ]
TOTAL THIS MO.    42    CLEAR  (SCALE 0-3)  11
DPTR FM NORMAL   -50    PTCLDY (SCALE 4-7)   6
TOTAL FM JUL 1    59    CLOUDY (SCALE 8-10)  1
DPTR FM NORMAL   -90

[CDD (BASE 65) ]
TOTAL THIS MO.    49
DPTR FM NORMAL    20    [PRESSURE DATA]
TOTAL FM JAN 1   518    HIGHEST SLP M ON M
DPTR FM NORMAL   129    LOWEST  SLP 29.70 ON 20

[REMARKS]
