000
CXUS53 KMKX 270910
CF6SBM
PRELIMINARY LOCAL CLIMATOLOGICAL DATA (WS FORM: F-6)

                                          STATION:   SHEBOYGAN WI
                                          MONTH:     MAY
                                          YEAR:      2020
                                          LATITUDE:   43 46 N
                                          LONGITUDE:  87 51 W

  TEMPERATURE IN F:       :PCPN:    SNOW:  WIND      :SUNSHINE: SKY     :PK WND
================================================================================
1   2   3   4   5  6A  6B    7    8   9   10  11  12  13   14  15   16   17  18
                                     12Z  AVG MX 2MIN
DY MAX MIN AVG DEP HDD CDD  WTR  SNW DPTH SPD SPD DIR MIN PSBL S-S WX    SPD DR
================================================================================

 1  63  32  48  -1  17   0    T    M    0  7.2 17 170   M    M   3        23 180
 2  77  48  63  14   2   0    T    M    0 12.2 24 280   M    M   2        34 270
 3  72  40  56   7   9   0 0.00  0.0    0 13.8 30  50   M    M   0        48 300
 4  46  37  42  -8  23   0 0.00  0.0    0 13.6 21  40   M    M   4        27  30
 5  51  36  44  -6  21   0 0.00  0.0    0  9.4 18  50   M    M   1        26  60
 6  62  34  48  -2  17   0 0.00  0.0    0  7.5 16 170   M    M   1        22 160
 7  56  36  46  -4  19   0 0.00  0.0    0 10.4 20 330   M    M   0        26 330
 8  44  30  37 -14  28   0    T    M    0  9.2 22 350   M    M   6        35 360
 9  60  30  45  -6  20   0 0.00  0.0    0 11.3 24 250   M    M   5        39 300
10  48  38  43  -8  22   0 0.01    M    0 14.8 29  40   M    M  10 8      36  40
11  51  33  42 -10  23   0 0.00  0.0    0  9.1 17 170   M    M   8        25 180
12  56  29  43  -9  22   0 0.00  0.0    0  5.7 17  70   M    M   1 128    23  50
13  60  28  44  -8  21   0 0.00  0.0    0  8.4 21 170   M    M   3        30 150
14  67  48  58   5   7   0 0.20    M    0  6.2 16 170   M    M   9 18     22 170
15  76  47  62   9   3   0 0.00  0.0    0  9.8 23  50   M    M   3 12     29 300
16  60  44  52  -1  13   0 0.00  0.0    0 11.9 21  40   M    M   0        25  40
17  55  49  52  -2  13   0 3.44    M    0 18.3 32  40   M    M  10 1      46  50
18  52  50  51  -3  14   0 0.79  0.0    0 17.8 26  30   M    M  10 1      36  20
19  61  50  56   2   9   0 0.08  0.0    0 13.7 23  30   M    M  10 1      32  40
20  68  48  58   3   7   0 0.00  0.0    0  7.1 14  60   M    M   0        17  60
21  70  48  59   4   6   0 0.00  0.0    0  4.9 12  60   M    M   1        19  80
22  70  54  62   7   3   0 0.00  0.0    0  5.0 13 170   M    M   7 128    21 180
23  72  54  63   7   2   0 0.28  0.0    0  6.6 16  50   M    M   4 12     19  40
24  80  57  69  13   0   4 0.00  0.0    0  5.9 16 280   M    M   5 18     21 290
25  83  59  71  15   0   6    T  0.0    0  6.7 17 210   M    M   1 18     22 170
26  83  62  73  16   0   8 0.00  0.0    0  7.5 21 180   M    M   0 1      27 180
================================================================================
SM 1643 1121       321  18  4.80     0.0 254.0          M      104
================================================================================
AV 63.2 43.1                               9.8 FASTST   M    M   4    MAX(MPH)
                                 MISC ---->  # 32  40               # 48  300
================================================================================
NOTES:
# LAST OF SEVERAL OCCURRENCES

COLUMN 17 PEAK WIND IN M.P.H.

PRELIMINARY LOCAL CLIMATOLOGICAL DATA (WS FORM: F-6) , PAGE 2

                                          STATION:  SHEBOYGAN WI
                                          MONTH:    MAY
                                          YEAR:     2020
                                          LATITUDE:   43 46 N
                                          LONGITUDE:  87 51 W

[TEMPERATURE DATA]      [PRECIPITATION DATA]       SYMBOLS USED IN COLUMN 16

AVERAGE MONTHLY: 53.2   TOTAL FOR MONTH:   4.80    1 = FOG OR MIST
DPTR FM NORMAL:   0.6   DPTR FM NORMAL:    2.18    2 = FOG REDUCING VISIBILITY
HIGHEST:    83 ON 26,25 GRTST 24HR  3.44 ON 17-17      TO 1/4 MILE OR LESS
LOWEST:     28 ON 13                               3 = THUNDER
                        SNOW, ICE PELLETS, HAIL    4 = ICE PELLETS
                        TOTAL MONTH:   0.0 INCH    5 = HAIL
                        GRTST 24HR     0.0         6 = FREEZING RAIN OR DRIZZLE
                        GRTST DEPTH:   0           7 = DUSTSTORM OR SANDSTORM:
                                                       VSBY 1/2 MILE OR LESS
                                                   8 = SMOKE OR HAZE
[NO. OF DAYS WITH]      [WEATHER - DAYS WITH]      9 = BLOWING SNOW
                                                   X = TORNADO
MAX 32 OR BELOW:   0    0.01 INCH OR MORE:   6
MAX 90 OR ABOVE:   0    0.10 INCH OR MORE:   4
MIN 32 OR BELOW:   5    0.50 INCH OR MORE:   2
MIN  0 OR BELOW:   0    1.00 INCH OR MORE:   1

[HDD (BASE 65) ]
TOTAL THIS MO.   321    CLEAR  (SCALE 0-3)  14
DPTR FM NORMAL    -8    PTCLDY (SCALE 4-7)   7
TOTAL FM JUL 1  7072    CLOUDY (SCALE 8-10)  5
DPTR FM NORMAL  -437

[CDD (BASE 65) ]
TOTAL THIS MO.    18
DPTR FM NORMAL    14    [PRESSURE DATA]
TOTAL FM JAN 1    18    HIGHEST SLP M ON M
DPTR FM NORMAL    14    LOWEST  SLP 29.70 ON 18

[REMARKS]
