000
CXUS53 KIWX 160800
CF6SBN
PRELIMINARY LOCAL CLIMATOLOGICAL DATA (WS FORM: F-6)

                                          STATION:   SOUTH BEND
                                          MONTH:     DECEMBER
                                          YEAR:      2018
                                          LATITUDE:   41 42 N
                                          LONGITUDE:  86 19 W

  TEMPERATURE IN F:       :PCPN:    SNOW:  WIND      :SUNSHINE: SKY     :PK WND
================================================================================
1   2   3   4   5  6A  6B    7    8   9   10  11  12  13   14  15   16   17  18
                                     12Z  AVG MX 2MIN
DY MAX MIN AVG DEP HDD CDD  WTR  SNW DPTH SPD SPD DIR MIN PSBL S-S WX    SPD DR
================================================================================

 1  43  32  38   4  27   0 0.45  0.0    0 14.5 23 100   M    M  10 13     33 100
 2  51  36  44  11  21   0 0.22  0.0    0 11.8 22 230   M    M  10 13     30 240
 3  37  30  34   1  31   0    T    T    0  9.0 13 350   M    M  10 1       M  M
 4  33  25  29  -3  36   0 0.02  0.5    0  4.5 12 250   M    M   8 1      13 250
 5  29  25  27  -5  38   0 0.01  0.0    T 10.8 18 250   M    M  10 18     24 260
 6  32  22  27  -5  38   0    T  0.2    0 10.8 18 330   M    M   7 18     28 320
 7  29  15  22  -9  43   0    T    T    0  9.2 20 310   M    M   4        26 310
 8  29  14  22  -9  43   0 0.00  0.0    0  4.6 15 340   M    M   7        18 350
 9  34  10  22  -9  43   0 0.00  0.0    0  2.9 10 340   M    M   0 18     13  10
10  34  23  29  -1  36   0 0.00  0.0    0  7.6 18 220   M    M   7 18     25 220
11  35  21  28  -2  37   0 0.00  0.0    0  8.1 16 220   M    M   2 18     25 220
12  44  27  36   6  29   0 0.00  0.0    0 11.2 22 200   M    M   6 18     30 180
13  43  22  33   4  32   0 0.20  0.0    0  6.7 16 170   M    M   5 18     20 180
14  44  35  40  11  25   0 0.17  0.0    0  4.7 13 360   M    M  10 12     16  10
15  46  31  39  10  26   0 0.00  0.0    0  6.9 13  70   M    M   1 12     19  70
================================================================================
SM  563  368       505   0  1.07     0.7 123.3          M       97
================================================================================
AV 37.5 24.5                               8.2 FASTST   M    M   6    MAX(MPH)
                                 MISC ---->  # 23 100               # 33  100
================================================================================
NOTES:
# LAST OF SEVERAL OCCURRENCES

COLUMN 17 PEAK WIND IN M.P.H.

PRELIMINARY LOCAL CLIMATOLOGICAL DATA (WS FORM: F-6) , PAGE 2

                                          STATION:  SOUTH BEND
                                          MONTH:    DECEMBER
                                          YEAR:     2018
                                          LATITUDE:   41 42 N
                                          LONGITUDE:  86 19 W

[TEMPERATURE DATA]      [PRECIPITATION DATA]       SYMBOLS USED IN COLUMN 16

AVERAGE MONTHLY: 31.0   TOTAL FOR MONTH:   1.07    1 = FOG OR MIST
DPTR FM NORMAL:  -0.0   DPTR FM NORMAL:   -0.25    2 = FOG REDUCING VISIBILITY
HIGHEST:    51 ON  2    GRTST 24HR  0.45 ON  1- 1      TO 1/4 MILE OR LESS
LOWEST:     10 ON  9                               3 = THUNDER
                        SNOW, ICE PELLETS, HAIL    4 = ICE PELLETS
                        TOTAL MONTH:   0.7 INCH    5 = HAIL
                        GRTST 24HR   0.5 ON  4- 4  6 = FREEZING RAIN OR DRIZZLE
                        GRTST DEPTH:   T           7 = DUSTSTORM OR SANDSTORM:
                                                       VSBY 1/2 MILE OR LESS
                                                   8 = SMOKE OR HAZE
[NO. OF DAYS WITH]      [WEATHER - DAYS WITH]      9 = BLOWING SNOW
                                                   X = TORNADO
MAX 32 OR BELOW:   4    0.01 INCH OR MORE:   6
MAX 90 OR ABOVE:   0    0.10 INCH OR MORE:   4
MIN 32 OR BELOW:  13    0.50 INCH OR MORE:   0
MIN  0 OR BELOW:   0    1.00 INCH OR MORE:   0

[HDD (BASE 65) ]
TOTAL THIS MO.   505    CLEAR  (SCALE 0-3)   3
DPTR FM NORMAL    -4    PTCLDY (SCALE 4-7)   7
TOTAL FM JUL 1  1953    CLOUDY (SCALE 8-10)  5
DPTR FM NORMAL   175

[CDD (BASE 65) ]
TOTAL THIS MO.     0
DPTR FM NORMAL     0    [PRESSURE DATA]
TOTAL FM JAN 1   941    HIGHEST SLP M ON M
DPTR FM NORMAL   168    LOWEST  SLP 29.38 ON  2

[REMARKS]
