000
CXUS53 KIWX 250800
CF6SBN
PRELIMINARY LOCAL CLIMATOLOGICAL DATA (WS FORM: F-6)

                                          STATION:   SOUTH BEND
                                          MONTH:     SEPTEMBER
                                          YEAR:      2018
                                          LATITUDE:   41 42 N
                                          LONGITUDE:  86 19 W

  TEMPERATURE IN F:       :PCPN:    SNOW:  WIND      :SUNSHINE: SKY     :PK WND
================================================================================
1   2   3   4   5  6A  6B    7    8   9   10  11  12  13   14  15   16   17  18
                                     12Z  AVG MX 2MIN
DY MAX MIN AVG DEP HDD CDD  WTR  SNW DPTH SPD SPD DIR MIN PSBL S-S WX    SPD DR
================================================================================

 1  84  70  77   8   0  12 0.01  0.0    0  8.9 18 220   M    M   4        26 250
 2  89  72  81  12   0  16 0.00  0.0    0  9.7 21 200   M    M   3        27 210
 3  87  70  79  10   0  14 0.52  0.0    0  6.4 24 210   M    M   4 13     32 210
 4  90  69  80  12   0  15 0.00  0.0    0  7.7 15 180   M    M   0        20 190
 5  90  71  81  13   0  16 0.59  0.0    0  8.9 20 350   M    M   1 13     31  10
 6  71  66  69   1   0   4 0.22  0.0    0  5.9 14  30   M    M   8 1      18  30
 7  69  59  64  -3   1   0    T  0.0    0  6.0 13  30   M    M   7        17  30
 8  65  58  62  -5   3   0 0.00  0.0    0  7.6 17  70   M    M   3        27  70
 9  68  54  61  -6   4   0 0.01  0.0    0  9.5 20  30   M    M   5        30  80
10  69  53  61  -5   4   0 0.00  0.0    0  7.4 15 360   M    M   6 1      21 360
11  77  50  64  -2   1   0 0.00  0.0    0  3.6 10 170   M    M   3 12     16 160
12  77  51  64  -2   1   0 0.00  0.0    0  4.6 15 140   M    M   0 1      19 140
13  78  54  66   1   0   1 0.00  0.0    0  3.0 10 170   M    M   5        16 110
14  82  56  69   4   0   4 0.00  0.0    0  3.5 14 350   M    M   0 1      16 350
15  83  58  71   7   0   6 0.00  0.0    0  4.2 12  30   M    M   0 1      17  10
16  86  66  76  12   0  11 0.00  0.0    0  6.5 15 110   M    M   1 1      22 110
17  88  66  77  14   0  12 0.00  0.0    0  3.7 10 340   M    M   1 1      14 360
18  80  63  72   9   0   7 0.00  0.0    0  5.8 17 330   M    M   2        23 320
19  83  60  72   9   0   7    T  0.0    0  6.3 15 130   M    M   2        20 120
20  90  68  79  17   0  14 0.92  0.0    0 10.4 33 270   M    M   2 138    59 260
21  78  58  68   6   0   3 0.03  0.0    0 15.6 23 300   M    M   3        33 270
22  62  49  56  -5   9   0 0.00  0.0    0  6.6 18  10   M    M   1        27  20
23  72  45  59  -2   6   0 0.00  0.0    0  5.3 13 110   M    M   0 1      18  80
24  70  53  62   2   3   0    T  0.0    0  9.6 17 120   M    M   6 1      23 140
================================================================================
SM 1888 1439        32 142  2.30     0.0 166.7          M       67
================================================================================
AV 78.7 60.0                               6.9 FASTST   M    M   3    MAX(MPH)
                                 MISC ---->  # 33 270               # 59  260
================================================================================
NOTES:
# LAST OF SEVERAL OCCURRENCES

COLUMN 17 PEAK WIND IN M.P.H.

PRELIMINARY LOCAL CLIMATOLOGICAL DATA (WS FORM: F-6) , PAGE 2

                                          STATION:  SOUTH BEND
                                          MONTH:    SEPTEMBER
                                          YEAR:     2018
                                          LATITUDE:   41 42 N
                                          LONGITUDE:  86 19 W

[TEMPERATURE DATA]      [PRECIPITATION DATA]       SYMBOLS USED IN COLUMN 16

AVERAGE MONTHLY: 69.3   TOTAL FOR MONTH:   2.30    1 = FOG OR MIST
DPTR FM NORMAL:   4.2   DPTR FM NORMAL:   -0.55    2 = FOG REDUCING VISIBILITY
HIGHEST:    90 ON 20, 5 GRTST 24HR  0.92 ON 20-20      TO 1/4 MILE OR LESS
LOWEST:     45 ON 23                               3 = THUNDER
                        SNOW, ICE PELLETS, HAIL    4 = ICE PELLETS
                        TOTAL MONTH:   0.0 INCH    5 = HAIL
                        GRTST 24HR     0.0         6 = FREEZING RAIN OR DRIZZLE
                        GRTST DEPTH:   0           7 = DUSTSTORM OR SANDSTORM:
                                                       VSBY 1/2 MILE OR LESS
                                                   8 = SMOKE OR HAZE
[NO. OF DAYS WITH]      [WEATHER - DAYS WITH]      9 = BLOWING SNOW
                                                   X = TORNADO
MAX 32 OR BELOW:   0    0.01 INCH OR MORE:   7
MAX 90 OR ABOVE:   3    0.10 INCH OR MORE:   4
MIN 32 OR BELOW:   0    0.50 INCH OR MORE:   3
MIN  0 OR BELOW:   0    1.00 INCH OR MORE:   0

[HDD (BASE 65) ]
TOTAL THIS MO.    32    CLEAR  (SCALE 0-3)  15
DPTR FM NORMAL   -40    PTCLDY (SCALE 4-7)   9
TOTAL FM JUL 1    34    CLOUDY (SCALE 8-10)  0
DPTR FM NORMAL   -56

[CDD (BASE 65) ]
TOTAL THIS MO.   142
DPTR FM NORMAL    68    [PRESSURE DATA]
TOTAL FM JAN 1   912    HIGHEST SLP M ON M
DPTR FM NORMAL   156    LOWEST  SLP 29.86 ON 17

[REMARKS]
