000
CXUS53 KIWX 210800
CF6SBN
PRELIMINARY LOCAL CLIMATOLOGICAL DATA (WS FORM: F-6)

                                          STATION:   SOUTH BEND
                                          MONTH:     JUNE
                                          YEAR:      2018
                                          LATITUDE:   41 42 N
                                          LONGITUDE:  86 19 W

  TEMPERATURE IN F:       :PCPN:    SNOW:  WIND      :SUNSHINE: SKY     :PK WND
================================================================================
1   2   3   4   5  6A  6B    7    8   9   10  11  12  13   14  15   16   17  18
                                     12Z  AVG MX 2MIN
DY MAX MIN AVG DEP HDD CDD  WTR  SNW DPTH SPD SPD DIR MIN PSBL S-S WX    SPD DR
================================================================================

 1  82  55  69   5   0   4 0.00  0.0    0  7.2 16 300   M    M   1        20 300
 2  76  55  66   1   0   1 0.00  0.0    0  6.1 14 120   M    M   5        18  80
 3  77  59  68   3   0   3 0.71  0.0    0 12.5 23 320   M    M   6 13     30 320
 4  74  55  65  -1   0   0 0.00  0.0    0 11.2 20 300   M    M   3        28 300
 5  69  50  60  -6   5   0 0.10  0.0    0  9.7 20 360   M    M   5 3      25 340
 6  75  49  62  -4   3   0    T  0.0    0  5.9 15 190   M    M   2        19 170
 7  85  61  73   7   0   8 0.00  0.0    0  4.8 18 360   M    M   1        22  10
 8  75  60  68   1   0   3 0.35  0.0    0  4.0 22 270   M    M   2 13     28 270
 9  78  63  71   4   0   6 0.01  0.0    0  6.0 21 290   M    M   5 1238   26 290
10  69  63  66  -2   0   1 0.67  0.0    0  6.8 24 110   M    M  10 123    29 100
11  70  62  66  -2   0   1    T  0.0    0 10.9 18 110   M    M  10        23 110
12  76  65  71   3   0   6 0.03  0.0    0  7.5 15 130   M    M  10 1      18 120
13  76  55  66  -3   0   1 0.00  0.0    0  9.2 23 350   M    M   4 1      31 360
14  80  52  66  -3   0   1 0.00  0.0    0  2.9  9 340   M    M   0        12 270
15  85  58  72   3   0   7 0.00  0.0    0  7.6 13 160   M    M   0        17 180
16  90  68  79   9   0  14 0.15  0.0    0  5.5 22 190   M    M   2 13     28 190
17  93  72  83  13   0  18 0.00  0.0    0  7.8 17 210   M    M   1        24 210
18  94  71  83  13   0  18 0.00  0.0    0 10.8 24 330   M    M   2        34 320
19  83  68  76   6   0  11 0.38  0.0    0  4.8 13 340   M    M   9 13     17 100
20  73  65  69  -2   0   4 0.00  0.0    0  5.7 10  30   M    M  10 138    14  30
================================================================================
SM 1580 1206         8 107  2.40     0.0 146.9          M       88
================================================================================
AV 79.0 60.3                               7.3 FASTST   M    M   4    MAX(MPH)
                                 MISC ---->  # 24 110               # 34  320
================================================================================
NOTES:
# LAST OF SEVERAL OCCURRENCES

COLUMN 17 PEAK WIND IN M.P.H.

PRELIMINARY LOCAL CLIMATOLOGICAL DATA (WS FORM: F-6) , PAGE 2

                                          STATION:  SOUTH BEND
                                          MONTH:    JUNE
                                          YEAR:     2018
                                          LATITUDE:   41 42 N
                                          LONGITUDE:  86 19 W

[TEMPERATURE DATA]      [PRECIPITATION DATA]       SYMBOLS USED IN COLUMN 16

AVERAGE MONTHLY: 69.7   TOTAL FOR MONTH:   2.40    1 = FOG OR MIST
DPTR FM NORMAL:   2.0   DPTR FM NORMAL:   -0.20    2 = FOG REDUCING VISIBILITY
HIGHEST:    94 ON 18    GRTST 24HR  0.71 ON  3- 3      TO 1/4 MILE OR LESS
LOWEST:     49 ON  6                               3 = THUNDER
                        SNOW, ICE PELLETS, HAIL    4 = ICE PELLETS
                        TOTAL MONTH:   0.0 INCH    5 = HAIL
                        GRTST 24HR     0.0         6 = FREEZING RAIN OR DRIZZLE
                        GRTST DEPTH:   0           7 = DUSTSTORM OR SANDSTORM:
                                                       VSBY 1/2 MILE OR LESS
                                                   8 = SMOKE OR HAZE
[NO. OF DAYS WITH]      [WEATHER - DAYS WITH]      9 = BLOWING SNOW
                                                   X = TORNADO
MAX 32 OR BELOW:   0    0.01 INCH OR MORE:   8
MAX 90 OR ABOVE:   3    0.10 INCH OR MORE:   6
MIN 32 OR BELOW:   0    0.50 INCH OR MORE:   2
MIN  0 OR BELOW:   0    1.00 INCH OR MORE:   0

[HDD (BASE 65) ]
TOTAL THIS MO.     8    CLEAR  (SCALE 0-3)  10
DPTR FM NORMAL   -29    PTCLDY (SCALE 4-7)   5
TOTAL FM JUL 1  6477    CLOUDY (SCALE 8-10)  5
DPTR FM NORMAL   186

[CDD (BASE 65) ]
TOTAL THIS MO.   107
DPTR FM NORMAL    16    [PRESSURE DATA]
TOTAL FM JAN 1   217    HIGHEST SLP M ON M
DPTR FM NORMAL    70    LOWEST  SLP 29.75 ON  1

[REMARKS]
