000
CXUS55 KLOX 231155
CF6SBP
PRELIMINARY LOCAL CLIMATOLOGICAL DATA (WS FORM: F-6)

                                          STATION:   SAN LUIS OBISPO AIRPORT CA
                                          MONTH:     SEPTEMBER
                                          YEAR:      2018
                                          LATITUDE:   35 13 N
                                          LONGITUDE: 120 38 W

  TEMPERATURE IN F:       :PCPN:    SNOW:  WIND      :SUNSHINE: SKY     :PK WND
================================================================================
1   2   3   4   5  6A  6B    7    8   9   10  11  12  13   14  15   16   17  18
                                     12Z  AVG MX 2MIN
DY MAX MIN AVG DEP HDD CDD  WTR  SNW DPTH SPD SPD DIR MIN PSBL S-S WX    SPD DR
================================================================================

 1  74  54  64  -4   1   0 0.00  0.0    0 15.1 28 310   M    M   2        32 300
 2  74  54  64  -4   1   0 0.00  0.0    0  6.2 15 210   M    M   7 1      17 210
 3  74  58  66  -2   0   1 0.00  0.0    0  5.0 15 310   M    M   6 1      18 300
 4  73  57  65  -3   0   0 0.00  0.0    0  4.6 14 310   M    M   6 1      16 310
 5  75  58  67   0   0   2 0.00  0.0    0  6.1 15 310   M    M   5 1      17 310
 6  76  58  67   0   0   2 0.00  0.0    0  5.1 16 300   M    M   5 1      19 310
 7  81  55  68   1   0   3 0.00  0.0    0  6.6 21 310   M    M   4 1      27 330
 8  82  53  68   1   0   3 0.00  0.0    0  8.5 26 320   M    M   1 12     30 320
 9  81  53  67   0   0   2 0.00  0.0    0  6.3 18 310   M    M   0        22 300
10  80  49  65  -2   0   0 0.00  0.0    0  4.9 15 310   M    M   2 12     17 310
11  79  50  65  -2   0   0 0.00  0.0    0  3.1 10 110   M    M   2 12     13 120
12  78  49  64  -3   1   0 0.00  0.0    0  7.1 22 310   M    M   1 12     25 310
13  78  45  62  -5   3   0 0.00  0.0    0  9.3 23 320   M    M   0        28 320
14  77  47  62  -5   3   0 0.00  0.0    0  7.8 22 320   M    M   0        26 310
15  77  48  63  -4   2   0 0.00    M    0  7.9 25 320   M    M   2        30 310
16  82  48  65  -2   0   0 0.00  0.0    0  8.6 23 310   M    M   0        28 310
17  76  48  62  -4   3   0 0.00  0.0    0  5.9 23 310   M    M   4 12     26 320
18  71  45  58  -8   7   0 0.00  0.0    0  7.5 23 310   M    M   2 1      29 310
19  72  50  61  -5   4   0 0.00  0.0    0 10.4 30 310   M    M   3 12     35 310
20  89  50  70   4   0   5 0.00  0.0    0  4.3 16 110   M    M   0        18 120
21  77  54  66   0   0   1 0.00  0.0    0  5.8 17 310   M    M   3 1      20 310
22  75  53  64  -2   1   0 0.00  0.0    0  4.6 18 300   M    M   6 1      21 310
================================================================================
SM 1701 1136        26  19  0.00     0.0 150.7          M       61
================================================================================
AV 77.3 51.6                               6.8 FASTST   M    M   3    MAX(MPH)
                                 MISC ---->  # 30 310               # 35  310
================================================================================
NOTES:
# LAST OF SEVERAL OCCURRENCES

COLUMN 17 PEAK WIND IN M.P.H.

PRELIMINARY LOCAL CLIMATOLOGICAL DATA (WS FORM: F-6) , PAGE 2

                                          STATION:  SAN LUIS OBISPO AIRPORT CA
                                          MONTH:    SEPTEMBER
                                          YEAR:     2018
                                          LATITUDE:   35 13 N
                                          LONGITUDE: 120 38 W

[TEMPERATURE DATA]      [PRECIPITATION DATA]       SYMBOLS USED IN COLUMN 16

AVERAGE MONTHLY: 64.5   TOTAL FOR MONTH:   0.00    1 = FOG OR MIST
DPTR FM NORMAL:  -2.4   DPTR FM NORMAL:   -0.03    2 = FOG REDUCING VISIBILITY
HIGHEST:    89 ON 20    GRTST 24HR  0.00 ON 22-22      TO 1/4 MILE OR LESS
LOWEST:     45 ON 18,13                            3 = THUNDER
                        SNOW, ICE PELLETS, HAIL    4 = ICE PELLETS
                        TOTAL MONTH:   0.0 INCH    5 = HAIL
                        GRTST 24HR     0.0         6 = FREEZING RAIN OR DRIZZLE
                        GRTST DEPTH:   0           7 = DUSTSTORM OR SANDSTORM:
                                                       VSBY 1/2 MILE OR LESS
                                                   8 = SMOKE OR HAZE
[NO. OF DAYS WITH]      [WEATHER - DAYS WITH]      9 = BLOWING SNOW
                                                   X = TORNADO
MAX 32 OR BELOW:   0    0.01 INCH OR MORE:   0
MAX 90 OR ABOVE:   0    0.10 INCH OR MORE:   0
MIN 32 OR BELOW:   0    0.50 INCH OR MORE:   0
MIN  0 OR BELOW:   0    1.00 INCH OR MORE:   0

[HDD (BASE 65) ]
TOTAL THIS MO.    26    CLEAR  (SCALE 0-3)  13
DPTR FM NORMAL     4    PTCLDY (SCALE 4-7)   9
TOTAL FM JUL 1    29    CLOUDY (SCALE 8-10)  0
DPTR FM NORMAL   -37

[CDD (BASE 65) ]
TOTAL THIS MO.    19
DPTR FM NORMAL   -40    [PRESSURE DATA]
TOTAL FM JAN 1   328    HIGHEST SLP M ON M
DPTR FM NORMAL   102    LOWEST  SLP 29.66 ON 19

[REMARKS]
