000
CXUS56 KSTO 181425
CF6SCK
PRELIMINARY LOCAL CLIMATOLOGICAL DATA (WS FORM: F-6)

                                          STATION:   STOCKTON AIRPORT CA
                                          MONTH:     FEBRUARY
                                          YEAR:      2019
                                          LATITUDE:   37 54 N
                                          LONGITUDE: 121 15 W

  TEMPERATURE IN F:       :PCPN:    SNOW:  WIND      :SUNSHINE: SKY     :PK WND
================================================================================
1   2   3   4   5  6A  6B    7    8   9   10  11  12  13   14  15   16   17  18
                                     12Z  AVG MX 2MIN
DY MAX MIN AVG DEP HDD CDD  WTR  SNW DPTH SPD SPD DIR MIN PSBL S-S WX    SPD DR
================================================================================

 1  61  47  54   6  11   0 0.16  0.0    0 11.7 30 140   M    M   4 1      38 130
 2  62  52  57   9   8   0 0.32  0.0    0 18.4 35 190   M    M   6 1      42 130
 3  59  49  54   6  11   0 0.64  0.0    0 18.0 31 150   M    M   8 1      38 150
 4  55  42  49   1  16   0 0.51  0.0    0 12.8 31 260   M    M   8 1      36 250
 5  51  35  43  -6  22   0    T    M    0  8.0 17 300   M    M   4        23 300
 6  55  32  44  -5  21   0 0.00  0.0    0  3.8  9 150   M    M   0        11 150
 7  55  32  44  -5  21   0 0.00  0.0    0  4.2  9 140   M    M   1        14 260
 8  55  38  47  -2  18   0 0.27  0.0    0  6.2 17 140   M    M   8 1      21 140
 9  55  43  49  -1  16   0 0.17    M    0 11.2 21 270   M    M   9 1      26 270
10  53  38  46  -4  19   0 0.26    M    0  8.3 21 320   M    M   6 1      24 320
11  56  32  44  -6  21   0 0.00  0.0    0  5.6 12 150   M    M   0        14 130
12  50  37  44  -6  21   0 0.10    M    0  8.7 18 130   M    M   3        22 130
13  64  47  56   6   9   0 0.86    M    0 20.0 35 160   M    M   9 18     42 150
14  65  47  56   6   9   0 0.08    M    0 17.7 33 140   M    M   7        43 140
15  56  41  49  -2  16   0 0.07    M    0 10.0 29 230   M    M   7 1      34 230
16  58  40  49  -2  16   0 0.10    M    0 10.5 25 280   M    M   6 1      33 280
17  53  37  45  -6  20   0 0.05    M    0  8.6 15 300   M    M   5        19 160
================================================================================
SM  963  689       275   0  3.59     0.0 183.7          M       91
================================================================================
AV 56.7 40.5                              10.8 FASTST   M    M   5    MAX(MPH)
                                 MISC ---->  # 35 190               # 43  140
================================================================================
NOTES:
# LAST OF SEVERAL OCCURRENCES

COLUMN 17 PEAK WIND IN M.P.H.

PRELIMINARY LOCAL CLIMATOLOGICAL DATA (WS FORM: F-6) , PAGE 2

                                          STATION:  STOCKTON AIRPORT CA
                                          MONTH:    FEBRUARY
                                          YEAR:     2019
                                          LATITUDE:   37 54 N
                                          LONGITUDE: 121 15 W

[TEMPERATURE DATA]      [PRECIPITATION DATA]       SYMBOLS USED IN COLUMN 16

AVERAGE MONTHLY: 48.6   TOTAL FOR MONTH:   3.59    1 = FOG OR MIST
DPTR FM NORMAL:  -0.9   DPTR FM NORMAL:    2.02    2 = FOG REDUCING VISIBILITY
HIGHEST:    65 ON 14    GRTST 24HR  0.86 ON 13-13      TO 1/4 MILE OR LESS
LOWEST:     32 ON 11, 6                            3 = THUNDER
                        SNOW, ICE PELLETS, HAIL    4 = ICE PELLETS
                        TOTAL MONTH:   0.0 INCH    5 = HAIL
                        GRTST 24HR     0.0         6 = FREEZING RAIN OR DRIZZLE
                        GRTST DEPTH:   0           7 = DUSTSTORM OR SANDSTORM:
                                                       VSBY 1/2 MILE OR LESS
                                                   8 = SMOKE OR HAZE
[NO. OF DAYS WITH]      [WEATHER - DAYS WITH]      9 = BLOWING SNOW
                                                   X = TORNADO
MAX 32 OR BELOW:   0    0.01 INCH OR MORE:  13
MAX 90 OR ABOVE:   0    0.10 INCH OR MORE:  10
MIN 32 OR BELOW:   3    0.50 INCH OR MORE:   3
MIN  0 OR BELOW:   0    1.00 INCH OR MORE:   0

[HDD (BASE 65) ]
TOTAL THIS MO.   275    CLEAR  (SCALE 0-3)   4
DPTR FM NORMAL    11    PTCLDY (SCALE 4-7)  10
TOTAL FM JUL 1  1462    CLOUDY (SCALE 8-10)  3
DPTR FM NORMAL  -457

[CDD (BASE 65) ]
TOTAL THIS MO.     0
DPTR FM NORMAL     0    [PRESSURE DATA]
TOTAL FM JAN 1     0    HIGHEST SLP M ON M
DPTR FM NORMAL     0    LOWEST  SLP 29.34 ON 14

[REMARKS]
