000
CXUS54 KFWD 230730
CF6SEP
PRELIMINARY LOCAL CLIMATOLOGICAL DATA (WS FORM: F-6)

                                          STATION:   STEPHENVILLE
                                          MONTH:     JANUARY
                                          YEAR:      2019
                                          LATITUDE:   32 13 N
                                          LONGITUDE:  98 11 W

  TEMPERATURE IN F:       :PCPN:    SNOW:  WIND      :SUNSHINE: SKY     :PK WND
================================================================================
1   2   3   4   5  6A  6B    7    8   9   10  11  12  13   14  15   16   17  18
                                     12Z  AVG MX 2MIN
DY MAX MIN AVG DEP HDD CDD  WTR  SNW DPTH SPD SPD DIR MIN PSBL S-S WX    SPD DR
================================================================================

 1  42  30  36  -7  29   0 0.00  0.0    0 12.1 16 350   M    M   9        23 360
 2  32  29  31 -12  34   0 0.07  0.0    0  7.9 14 360   M    M  10 6      18 360
 3  37  32  35  -8  30   0 0.01    M    0  2.9 17 280   M    M   9        21 280
 4  64  35  50   7  15   0 0.00  0.0    0  6.1 13 310   M    M   2         M  M
 5  72  33  53  10  12   0 0.00  0.0    0  3.6 10 230   M    M   0         M  M
 6  69  42  56  13   9   0 0.00  0.0    0  9.5 14 160   M    M   0        24 180
 7  74  49  62  19   3   0 0.00  0.0    0  6.4 14 250   M    M   1        18 280
 8  65  44  55  12  10   0 0.00  0.0    0  7.2 16  30   M    M   0        22  30
 9  57  38  48   5  17   0 0.00  0.0    0  6.6 14  10   M    M   0        18  10
10  58  39  49   6  16   0 0.00  0.0    0  7.0 13 140   M    M   7        17 140
11  55  44  50   7  15   0 0.13  0.0    0 10.6 16 170   M    M  10        24 170
12  55  36  46   3  19   0 0.00  0.0    0 10.9 21 300   M    M   4        27 300
13  39  33  36  -7  29   0 0.00  0.0    0  8.2 15 360   M    M  10        18 360
14  46  32  39  -4  26   0 0.00  0.0    0  3.2  7 330   M    M  10         M  M
15  54  40  47   3  18   0 0.00  0.0    0  4.7  9 190   M    M   9         M  M
16  68  43  56  12   9   0 0.00  0.0    0 10.5 16 210   M    M   5        22 220
17  61  41  51   7  14   0 0.00  0.0    0  5.6 15 350   M    M   2        20 350
18  73  40  57  13   8   0 0.00  0.0    0  8.5 20 290   M    M   1        30 290
19  60  31  46   2  19   0 0.00  0.0    0 19.9 32 320   M    M   3        41 320
20  54  25  40  -4  25   0 0.00  0.0    0  5.8 10 150   M    M   0         M  M
21  63  35  49   5  16   0 0.00  0.0    0 14.1 25 190   M    M   1        33 190
22  63  37  50   6  15   0 0.00  0.0    0 17.6 25 330   M    M   9        37 320
================================================================================
SM 1261  808       388   0  0.21     0.0 188.9          M      102
================================================================================
AV 57.3 36.7                               8.6 FASTST   M    M   5    MAX(MPH)
                                 MISC ---->  # 32 320               # 41  320
================================================================================
NOTES:
# LAST OF SEVERAL OCCURRENCES

COLUMN 17 PEAK WIND IN M.P.H.

PRELIMINARY LOCAL CLIMATOLOGICAL DATA (WS FORM: F-6) , PAGE 2

                                          STATION:  STEPHENVILLE
                                          MONTH:    JANUARY
                                          YEAR:     2019
                                          LATITUDE:   32 13 N
                                          LONGITUDE:  98 11 W

[TEMPERATURE DATA]      [PRECIPITATION DATA]       SYMBOLS USED IN COLUMN 16

AVERAGE MONTHLY: 47.0   TOTAL FOR MONTH:   0.21    1 = FOG OR MIST
DPTR FM NORMAL:   3.7   DPTR FM NORMAL:   -0.79    2 = FOG REDUCING VISIBILITY
HIGHEST:    74 ON  7    GRTST 24HR  0.13 ON 11-11      TO 1/4 MILE OR LESS
LOWEST:     25 ON 20                               3 = THUNDER
                        SNOW, ICE PELLETS, HAIL    4 = ICE PELLETS
                        TOTAL MONTH:   0.0 INCH    5 = HAIL
                        GRTST 24HR     0.0         6 = FREEZING RAIN OR DRIZZLE
                        GRTST DEPTH:   0           7 = DUSTSTORM OR SANDSTORM:
                                                       VSBY 1/2 MILE OR LESS
                                                   8 = SMOKE OR HAZE
[NO. OF DAYS WITH]      [WEATHER - DAYS WITH]      9 = BLOWING SNOW
                                                   X = TORNADO
MAX 32 OR BELOW:   1    0.01 INCH OR MORE:   3
MAX 90 OR ABOVE:   0    0.10 INCH OR MORE:   1
MIN 32 OR BELOW:   6    0.50 INCH OR MORE:   0
MIN  0 OR BELOW:   0    1.00 INCH OR MORE:   0

[HDD (BASE 65) ]
TOTAL THIS MO.   388    CLEAR  (SCALE 0-3)  11
DPTR FM NORMAL   -89    PTCLDY (SCALE 4-7)   3
TOTAL FM JUL 1  1445    CLOUDY (SCALE 8-10)  8
DPTR FM NORMAL  -117

[CDD (BASE 65) ]
TOTAL THIS MO.     0
DPTR FM NORMAL     0    [PRESSURE DATA]
TOTAL FM JAN 1     0    HIGHEST SLP M ON M
DPTR FM NORMAL     0    LOWEST  SLP M ON M

[REMARKS]
