000
CXUS54 KFWD 210730
CF6SEP
PRELIMINARY LOCAL CLIMATOLOGICAL DATA (WS FORM: F-6)

                                          STATION:   STEPHENVILLE
                                          MONTH:     MAY
                                          YEAR:      2018
                                          LATITUDE:   32 13 N
                                          LONGITUDE:  98 11 W

  TEMPERATURE IN F:       :PCPN:    SNOW:  WIND      :SUNSHINE: SKY     :PK WND
================================================================================
1   2   3   4   5  6A  6B    7    8   9   10  11  12  13   14  15   16   17  18
                                     12Z  AVG MX 2MIN
DY MAX MIN AVG DEP HDD CDD  WTR  SNW DPTH SPD SPD DIR MIN PSBL S-S WX    SPD DR
================================================================================

 1  80  66  73   5   0   8 0.00  0.0    0 13.6 20 150   M    M  10        28 150
 2  89  71  80  12   0  15 0.00  0.0    0 15.7 21 170   M    M   6        32 150
 3  87  64  76   8   0  11 0.58  0.0    0  8.5 17 160   M    M   4        28 170
 4  73  57  65  -4   0   0 0.38  0.0    0  6.1 14 120   M    M   7        31 160
 5  82  55  69   0   0   4 0.00  0.0    0  4.6 13 360   M    M   1        18 360
 6  87  53  70   1   0   5 0.00  0.0    0  2.3  7 230   M    M   0         M  M
 7  91  59  75   6   0  10 0.00  0.0    0  3.0  9 220   M    M   0         M  M
 8  91  60  76   6   0  11 0.00  0.0    0  8.7 17 190   M    M   0        23 180
 9  87  62  75   5   0  10 0.00  0.0    0  8.4 13 160   M    M   0        23 170
10  85  63  74   4   0   9 0.00  0.0    0 10.8 17 190   M    M   2        23 180
11  87  66  77   7   0  12 0.00  0.0    0 13.9 22 180   M    M   1        28 180
12  88  68  78   7   0  13 0.00  0.0    0 11.7 18 180   M    M   1        25 180
13  89  68  79   8   0  14 0.00  0.0    0  9.1 15 150   M    M   3        18 190
14  89  70  80   9   0  15 0.00  0.0    0  9.1 14 180   M    M   2        20 190
15  90  67  79   7   0  14 0.04  0.0    0  5.9 27  80   M    M   2        38  80
16  90  67  79   7   0  14 0.00  0.0    0  4.4 16 350   M    M   1        25 350
17  93  65  79   7   0  14 0.00  0.0    0  5.4 12 130   M    M   1         M  M
18  94  67  81   9   0  16 0.00  0.0    0 10.0 16 170   M    M   0        23 310
19  89  70  80   7   0  15 0.00  0.0    0 10.6 20 140   M    M   1        28 140
20  82  63  73   0   0   8 0.56  0.0    0  7.9 15 340   M    M   4        23 270
================================================================================
SM 1743 1281         0 218  1.56     0.0 169.7          M       46
================================================================================
AV 87.2 64.1                               8.5 FASTST   M    M   2    MAX(MPH)
                                 MISC ---->  # 27  80               # 38   80
================================================================================
NOTES:
# LAST OF SEVERAL OCCURRENCES

COLUMN 17 PEAK WIND IN M.P.H.

PRELIMINARY LOCAL CLIMATOLOGICAL DATA (WS FORM: F-6) , PAGE 2

                                          STATION:  STEPHENVILLE
                                          MONTH:    MAY
                                          YEAR:     2018
                                          LATITUDE:   32 13 N
                                          LONGITUDE:  98 11 W

[TEMPERATURE DATA]      [PRECIPITATION DATA]       SYMBOLS USED IN COLUMN 16

AVERAGE MONTHLY: 75.6   TOTAL FOR MONTH:   1.56    1 = FOG OR MIST
DPTR FM NORMAL:   5.3   DPTR FM NORMAL:   -1.14    2 = FOG REDUCING VISIBILITY
HIGHEST:    94 ON 18    GRTST 24HR  0.58 ON  3- 3      TO 1/4 MILE OR LESS
LOWEST:     53 ON  6                               3 = THUNDER
                        SNOW, ICE PELLETS, HAIL    4 = ICE PELLETS
                        TOTAL MONTH:   0.0 INCH    5 = HAIL
                        GRTST 24HR     0.0         6 = FREEZING RAIN OR DRIZZLE
                        GRTST DEPTH:   0           7 = DUSTSTORM OR SANDSTORM:
                                                       VSBY 1/2 MILE OR LESS
                                                   8 = SMOKE OR HAZE
[NO. OF DAYS WITH]      [WEATHER - DAYS WITH]      9 = BLOWING SNOW
                                                   X = TORNADO
MAX 32 OR BELOW:   0    0.01 INCH OR MORE:   4
MAX 90 OR ABOVE:   6    0.10 INCH OR MORE:   3
MIN 32 OR BELOW:   0    0.50 INCH OR MORE:   2
MIN  0 OR BELOW:   0    1.00 INCH OR MORE:   0

[HDD (BASE 65) ]
TOTAL THIS MO.     0    CLEAR  (SCALE 0-3)  15
DPTR FM NORMAL   -15    PTCLDY (SCALE 4-7)   4
TOTAL FM JUL 1  2225    CLOUDY (SCALE 8-10)  1
DPTR FM NORMAL  -487

[CDD (BASE 65) ]
TOTAL THIS MO.   218
DPTR FM NORMAL    96    [PRESSURE DATA]
TOTAL FM JAN 1   317    HIGHEST SLP M ON M
DPTR FM NORMAL   102    LOWEST  SLP M ON M

[REMARKS]
