000
CXUS53 KLSX 181600
CF6SET
PRELIMINARY LOCAL CLIMATOLOGICAL DATA (WS FORM: F-6)

                                          STATION:   ST_CHARLES MO
                                          MONTH:     JUNE
                                          YEAR:      2018
                                          LATITUDE:   38 55 N
                                          LONGITUDE:  90 26 W

  TEMPERATURE IN F:       :PCPN:    SNOW:  WIND      :SUNSHINE: SKY     :PK WND
================================================================================
1   2   3   4   5  6A  6B    7    8   9   10  11  12  13   14  15   16   17  18
                                     12Z  AVG MX 2MIN
DY MAX MIN AVG DEP HDD CDD  WTR  SNW DPTH SPD SPD DIR MIN PSBL S-S WX    SPD DR
================================================================================

 1  96  66  81  11   0  16 0.00  0.0    0  3.6 10 340   M    M   0 1      15  20
 2  86  70  78   7   0  13 0.17  0.0    0  6.4 39 120   M    M   4 138    45 120
 3  86  64  75   4   0  10 0.00  0.0    0 11.1 24 300   M    M   0        33 280
 4  80  58  69  -2   0   4 0.00  0.0    0  5.6 14  30   M    M   0        22 320
 5  88  57  73   2   0   8 0.00  0.0    0  3.6 12 330   M    M   0 1      16 290
 6  91  63  77   5   0  12 0.00  0.0    0  3.7 13 170   M    M   0        16 160
 7  94  66  80   8   0  15 0.00  0.0    0  3.9 16 250   M    M   1 1      22 250
 8  93  71  82  10   0  17 0.00  0.0    0  5.5 15 210   M    M   1        22 230
 9  84  70  77   4   0  12 0.09  0.0    0  5.8 26 180   M    M   1 138    35 170
10  96  69  83  10   0  18 0.00  0.0    0  8.1 23  40   M    M   1        27  50
11  96  72  84  11   0  19 0.00  0.0    0  7.3 17  40   M    M   2 3      24  60
12  90  72  81   8   0  16 0.00  0.0    0  4.6 16 320   M    M   1        20 320
13  90  68  79   5   0  14 0.00  0.0    0  6.9 16  20   M    M   1        25  10
14  92  65  79   5   0  14 0.10  0.0    0  6.5 39 360   M    M   0 3      53 120
15  97  66  82   8   0  17 0.00  0.0    0  6.5 13 170   M    M   0 1      19 150
16  97  73  85  11   0  20 0.00  0.0    0  5.7 15 240   M    M   0        20 220
17  98  74  86  11   0  21 0.00  0.0    0  7.1 15 190   M    M   0        21 170
================================================================================
SM 1554 1144         0 246  0.36     0.0 101.9          M       12
================================================================================
AV 91.4 67.3                               6.0 FASTST   M    M   1    MAX(MPH)
                                 MISC ---->  # 39 120               # 53  120
================================================================================
NOTES:
# LAST OF SEVERAL OCCURRENCES

COLUMN 17 PEAK WIND IN M.P.H.

PRELIMINARY LOCAL CLIMATOLOGICAL DATA (WS FORM: F-6) , PAGE 2

                                          STATION:  ST_CHARLES MO
                                          MONTH:    JUNE
                                          YEAR:     2018
                                          LATITUDE:   38 55 N
                                          LONGITUDE:  90 26 W

[TEMPERATURE DATA]      [PRECIPITATION DATA]       SYMBOLS USED IN COLUMN 16

AVERAGE MONTHLY: 79.4   TOTAL FOR MONTH:   0.36    1 = FOG OR MIST
DPTR FM NORMAL:   6.8   DPTR FM NORMAL:   -2.33    2 = FOG REDUCING VISIBILITY
HIGHEST:    98 ON 17    GRTST 24HR  0.17 ON  2- 2      TO 1/4 MILE OR LESS
LOWEST:     57 ON  5                               3 = THUNDER
                        SNOW, ICE PELLETS, HAIL    4 = ICE PELLETS
                        TOTAL MONTH:   0.0 INCH    5 = HAIL
                        GRTST 24HR     0.0         6 = FREEZING RAIN OR DRIZZLE
                        GRTST DEPTH:   0           7 = DUSTSTORM OR SANDSTORM:
                                                       VSBY 1/2 MILE OR LESS
                                                   8 = SMOKE OR HAZE
[NO. OF DAYS WITH]      [WEATHER - DAYS WITH]      9 = BLOWING SNOW
                                                   X = TORNADO
MAX 32 OR BELOW:   0    0.01 INCH OR MORE:   3
MAX 90 OR ABOVE:  12    0.10 INCH OR MORE:   2
MIN 32 OR BELOW:   0    0.50 INCH OR MORE:   0
MIN  0 OR BELOW:   0    1.00 INCH OR MORE:   0

[HDD (BASE 65) ]
TOTAL THIS MO.     0    CLEAR  (SCALE 0-3)  16
DPTR FM NORMAL    -6    PTCLDY (SCALE 4-7)   1
TOTAL FM JUL 1  4608    CLOUDY (SCALE 8-10)  0
DPTR FM NORMAL  -243

[CDD (BASE 65) ]
TOTAL THIS MO.   246
DPTR FM NORMAL   112    [PRESSURE DATA]
TOTAL FM JAN 1   550    HIGHEST SLP M ON M
DPTR FM NORMAL   288    LOWEST  SLP 29.71 ON 10

[REMARKS]
