000
CXUS52 KMLB 211226
CF6SFB
PRELIMINARY LOCAL CLIMATOLOGICAL DATA (WS FORM: F-6)

                                          STATION:   SANFORD
                                          MONTH:     JANUARY
                                          YEAR:      2019
                                          LATITUDE:   28 46 N
                                          LONGITUDE:  81 15 W

  TEMPERATURE IN F:       :PCPN:    SNOW:  WIND      :SUNSHINE: SKY     :PK WND
================================================================================
1   2   3   4   5  6A  6B    7    8   9   10  11  12  13   14  15   16   17  18
                                     12Z  AVG MX 2MIN
DY MAX MIN AVG DEP HDD CDD  WTR  SNW DPTH SPD SPD DIR MIN PSBL S-S WX    SPD DR
================================================================================

 1  83  62  73  13   0   8 0.00  0.0    0  3.6 14 230   M    M   3 12     16 220
 2  82  64  73  13   0   8 0.00  0.0    0  4.2 10 190   M    M   4 12     13 190
 3  83  64  74  14   0   9 0.00  0.0    0  4.6 14 190   M    M   1 1      18 230
 4  83  62  73  13   0   8 0.24  0.0    0 11.0 39 280   M    M   5 1      46 280
 5  68  51  60   1   5   0 0.00  0.0    0 10.7 22 290   M    M   3        27 270
 6  71  46  59   0   6   0 0.00  0.0    0  3.2  9 340   M    M   0        12 360
 7  78  51  65   6   0   0 0.00  0.0    0  3.4 12 110   M    M   1 1      14 140
 8  78  54  66   7   0   1 0.00  0.0    0  3.8 13 270   M    M   2 12     17 280
 9  73  50  62   3   3   0 0.00  0.0    0  9.6 17 290   M    M   1        21 290
10  60  43  52  -7  13   0 0.00  0.0    0  9.5 17 360   M    M   0        21 340
11  72  45  59   0   6   0 0.00  0.0    0  8.3 16  60   M    M   1        21  80
12  76  54  65   6   0   0 0.00  0.0    0  7.8 20 100   M    M   4        24 100
13  82  59  71  11   0   6 0.00  0.0    0  8.3 17 220   M    M   3        22 220
14  65  50  58  -2   7   0 0.00  0.0    0  7.9 13 350   M    M   4        17 330
15  60  45  53  -7  12   0 0.00  0.0    0  7.8 14 320   M    M   6        19 320
16  60  42  51  -9  14   0 0.00  0.0    0  6.1 14 340   M    M   0        16 340
17  73  40  57  -3   8   0 0.00  0.0    0  4.4  9  70   M    M   1 1      13 340
18  74  46  60   0   5   0 0.00  0.0    0  4.0  8 110   M    M   2        11 140
19  79  50  65   5   0   0 0.00  0.0    0  7.0 17 180   M    M   1        23 190
20  69  41  55  -5  10   0 0.18  0.0    0 16.4 32 280   M    M   5 1      40 280
================================================================================
SM 1469 1019        89  40  0.42     0.0 141.6          M       47
================================================================================
AV 73.5 51.0                               7.1 FASTST   M    M   2    MAX(MPH)
                                 MISC ---->  # 39 280               # 46  280
================================================================================
NOTES:
# LAST OF SEVERAL OCCURRENCES

COLUMN 17 PEAK WIND IN M.P.H.

PRELIMINARY LOCAL CLIMATOLOGICAL DATA (WS FORM: F-6) , PAGE 2

                                          STATION:  SANFORD
                                          MONTH:    JANUARY
                                          YEAR:     2019
                                          LATITUDE:   28 46 N
                                          LONGITUDE:  81 15 W

[TEMPERATURE DATA]      [PRECIPITATION DATA]       SYMBOLS USED IN COLUMN 16

AVERAGE MONTHLY: 62.2   TOTAL FOR MONTH:   0.42    1 = FOG OR MIST
DPTR FM NORMAL:   2.6   DPTR FM NORMAL:   -1.38    2 = FOG REDUCING VISIBILITY
HIGHEST:    83 ON  4, 3 GRTST 24HR  0.24 ON  4- 4      TO 1/4 MILE OR LESS
LOWEST:     40 ON 17                               3 = THUNDER
                        SNOW, ICE PELLETS, HAIL    4 = ICE PELLETS
                        TOTAL MONTH:   0.0 INCH    5 = HAIL
                        GRTST 24HR     0.0         6 = FREEZING RAIN OR DRIZZLE
                        GRTST DEPTH:   0           7 = DUSTSTORM OR SANDSTORM:
                                                       VSBY 1/2 MILE OR LESS
                                                   8 = SMOKE OR HAZE
[NO. OF DAYS WITH]      [WEATHER - DAYS WITH]      9 = BLOWING SNOW
                                                   X = TORNADO
MAX 32 OR BELOW:   0    0.01 INCH OR MORE:   2
MAX 90 OR ABOVE:   0    0.10 INCH OR MORE:   2
MIN 32 OR BELOW:   0    0.50 INCH OR MORE:   0
MIN  0 OR BELOW:   0    1.00 INCH OR MORE:   0

[HDD (BASE 65) ]
TOTAL THIS MO.    89    CLEAR  (SCALE 0-3)  14
DPTR FM NORMAL   -47    PTCLDY (SCALE 4-7)   6
TOTAL FM JUL 1   280    CLOUDY (SCALE 8-10)  0
DPTR FM NORMAL   -58

[CDD (BASE 65) ]
TOTAL THIS MO.    40
DPTR FM NORMAL    16    [PRESSURE DATA]
TOTAL FM JAN 1    40    HIGHEST SLP M ON M
DPTR FM NORMAL    16    LOWEST  SLP 29.70 ON 20

[REMARKS]
