000
CXUS52 KMLB 220629
CF6SFB
PRELIMINARY LOCAL CLIMATOLOGICAL DATA (WS FORM: F-6)

                                          STATION:   SANFORD
                                          MONTH:     OCTOBER
                                          YEAR:      2019
                                          LATITUDE:   28 46 N
                                          LONGITUDE:  81 15 W

  TEMPERATURE IN F:       :PCPN:    SNOW:  WIND      :SUNSHINE: SKY     :PK WND
================================================================================
1   2   3   4   5  6A  6B    7    8   9   10  11  12  13   14  15   16   17  18
                                     12Z  AVG MX 2MIN
DY MAX MIN AVG DEP HDD CDD  WTR  SNW DPTH SPD SPD DIR MIN PSBL S-S WX    SPD DR
================================================================================

 1  90  73  82   3   0  17 0.01  0.0    0  9.7 25  90   M    M   2        31  90
 2  90  73  82   3   0  17 0.00  0.0    0  8.1 22  60   M    M   2        27  60
 3  90  69  80   1   0  15 0.00  0.0    0  6.1 16  70   M    M   1        23  60
 4  92  69  81   3   0  16 0.00  0.0    0  4.9 13   8   M    M   1         M  M
 5  90  70  80   2   0  15    T  0.0    0  7.8 23  60   M    M   2        30  50
 6  89  74  82   4   0  17 0.83  0.0    0 12.4 22  70   M    M   6 1      30  50
 7  80  70  75  -3   0  10 1.70  0.0    0  8.0 23  70   M    M   6 13     29  60
 8  81  70  76  -2   0  11 0.33  0.0    0  6.6 22  50   M    M   6 1      27  50
 9  74  70  72  -5   0   7 0.65  0.0    0  7.0 18  40   M    M   7 1      23  40
10  83  69  76  -1   0  11    T  0.0    0   M   M   M   M    M   5 1       M  M
11  87  70  79   2   0  14 0.00  0.0    0  7.4 17  40   M    M   1        24  30
12  87  65  76   0   0  11 0.00  0.0    0  4.5 16  70   M    M   1        19 360
13  86  67  77   1   0  12 0.00  0.0    0  3.6 13 100   M    M   1        15 100
14  88  68  78   2   0  13 0.00  0.0    0  4.1 13  80   M    M   1        16  50
15  87  70  79   3   0  14 0.00  0.0    0  5.6 13  90   M    M   1        22  30
16  91  74  83   7   0  18 0.02  0.0    0 10.8 26 280   M    M   2        35 270
17  84  69  77   2   0  12 0.00  0.0    0  6.1 15 290   M    M   1        21 300
18  79  65  72  -3   0   7 0.35  0.0    0  6.5 20 110   M    M   2 13     26 130
19  85  72  79   4   0  14 1.92  0.0    0 10.4 30 160   M    M   7 13     43 170
20  88  71  80   6   0  15 0.00  0.0    0  8.2 18 290   M    M   2        24 320
21  87  70  79   5   0  14    T  0.0    0  3.6 16 280   M    M   6 3      21 290
================================================================================
SM 1808 1468         0 280  5.81     0.0 141.4          M       63
================================================================================
AV 86.1 69.9                               7.1 FASTST   M    M   3    MAX(MPH)
                                 MISC ---->  # 30 160               # 43  170
================================================================================
NOTES:
# LAST OF SEVERAL OCCURRENCES

COLUMN 17 PEAK WIND IN M.P.H.

PRELIMINARY LOCAL CLIMATOLOGICAL DATA (WS FORM: F-6) , PAGE 2

                                          STATION:  SANFORD
                                          MONTH:    OCTOBER
                                          YEAR:     2019
                                          LATITUDE:   28 46 N
                                          LONGITUDE:  81 15 W

[TEMPERATURE DATA]      [PRECIPITATION DATA]       SYMBOLS USED IN COLUMN 16

AVERAGE MONTHLY: 78.0   TOTAL FOR MONTH:   5.81    1 = FOG OR MIST
DPTR FM NORMAL:   1.3   DPTR FM NORMAL:    2.95    2 = FOG REDUCING VISIBILITY
HIGHEST:    92 ON  4    GRTST 24HR  1.92 ON 19-19      TO 1/4 MILE OR LESS
LOWEST:     65 ON 18,12                            3 = THUNDER
                        SNOW, ICE PELLETS, HAIL    4 = ICE PELLETS
                        TOTAL MONTH:   0.0 INCH    5 = HAIL
                        GRTST 24HR     0.0         6 = FREEZING RAIN OR DRIZZLE
                        GRTST DEPTH:   0           7 = DUSTSTORM OR SANDSTORM:
                                                       VSBY 1/2 MILE OR LESS
                                                   8 = SMOKE OR HAZE
[NO. OF DAYS WITH]      [WEATHER - DAYS WITH]      9 = BLOWING SNOW
                                                   X = TORNADO
MAX 32 OR BELOW:   0    0.01 INCH OR MORE:   8
MAX 90 OR ABOVE:   6    0.10 INCH OR MORE:   6
MIN 32 OR BELOW:   0    0.50 INCH OR MORE:   4
MIN  0 OR BELOW:   0    1.00 INCH OR MORE:   2

[HDD (BASE 65) ]
TOTAL THIS MO.     0    CLEAR  (SCALE 0-3)  14
DPTR FM NORMAL     0    PTCLDY (SCALE 4-7)   7
TOTAL FM JUL 1     0    CLOUDY (SCALE 8-10)  0
DPTR FM NORMAL     0

[CDD (BASE 65) ]
TOTAL THIS MO.   280
DPTR FM NORMAL    32    [PRESSURE DATA]
TOTAL FM JAN 1  3600    HIGHEST SLP M ON M
DPTR FM NORMAL   458    LOWEST  SLP 29.73 ON 19

[REMARKS]
