000
CXUS53 KSGF 220800
CF6SGF
PRELIMINARY LOCAL CLIMATOLOGICAL DATA (WS FORM: F-6)

                                          STATION:   SPRINGFIELD MO
                                          MONTH:     FEBRUARY
                                          YEAR:      2018
                                          LATITUDE:   37 13 N
                                          LONGITUDE:  93 23 W

  TEMPERATURE IN F:       :PCPN:    SNOW:  WIND      :SUNSHINE: SKY     :PK WND
================================================================================
1   2   3   4   5  6A  6B    7    8   9   10  11  12  13   14  15   16   17  18
                                     12Z  AVG MX 2MIN
DY MAX MIN AVG DEP HDD CDD  WTR  SNW DPTH SPD SPD DIR MIN PSBL S-S WX    SPD DR
================================================================================

 1  41  18  30  -4  35   0 0.00  0.0    0 12.0 23 340   M    M   4        31 360
 2  40  11  26  -8  39   0 0.00  0.0    0  7.0 15 160   M    M   0        20 160
 3  53  30  42   8  23   0 0.00  0.0    0 12.9 22 190   M    M   4        31 180
 4  38   5  22 -12  43   0 0.02  0.9    0 12.4 28 340   M    M   5 18     35 350
 5  34   2  18 -17  47   0    T  0.0    1  8.8 22 140   M    M   4 168    28 150
 6  32  18  25 -10  40   0    T    T    0  8.3 15 360   M    M   9 18     20 360
 7  38  18  28  -7  37   0 0.00  0.0    0  7.9 17 340   M    M   4 1      22 330
 8  58  19  39   4  26   0 0.00  0.0    0  9.0 22 170   M    M   0 8      28 170
 9  60  35  48  12  17   0 0.00  0.0    0 11.5 18  30   M    M   3        23  30
10  35  23  29  -7  36   0 0.16    T    0 11.4 20  30   M    M  10 168    25  30
11  24  16  20 -16  45   0    T    T    T  9.5 17 330   M    M   9 1      21 310
12  40   9  25 -11  40   0 0.00  0.0    T  7.4 16 120   M    M   0 1      23 100
13  50  31  41   5  24   0 0.00  0.0    0 11.4 20 140   M    M   8        29 150
14  65  46  56  19   9   0    T  0.0    0 12.6 23 210   M    M   6 1      30 220
15  78  53  66  29   0   1 0.19  0.0    0 17.0 31 210   M    M   2 1      40 210
16  53  33  43   6  22   0 0.21  0.0    0 13.1 25 350   M    M   4 1      33 350
17  50  31  41   3  24   0 0.34  0.0    0  8.1 18 280   M    M   6 1      26 300
18  55  29  42   4  23   0 0.00  0.0    0 17.2 35 150   M    M   2 1      42 150
19  67  50  59  21   6   0 0.65  0.0    0 17.2 28 180   M    M  10 13     39 190
20  68  30  49  10  16   0 1.60    T    0 15.8 32 180   M    M   9 136    46 170
21  30  25  28 -11  37   0    T  0.0    0 12.7 20 350   M    M  10 16     26 340
================================================================================
SM 1009  532       589   1  3.17     0.9 243.2          M      109
================================================================================
AV 48.1 25.3                              11.6 FASTST   M    M   5    MAX(MPH)
                                 MISC ---->  # 35 150               # 46  170
================================================================================
NOTES:
# LAST OF SEVERAL OCCURRENCES

COLUMN 17 PEAK WIND IN M.P.H.

PRELIMINARY LOCAL CLIMATOLOGICAL DATA (WS FORM: F-6) , PAGE 2

                                          STATION:  SPRINGFIELD MO
                                          MONTH:    FEBRUARY
                                          YEAR:     2018
                                          LATITUDE:   37 13 N
                                          LONGITUDE:  93 23 W

[TEMPERATURE DATA]      [PRECIPITATION DATA]       SYMBOLS USED IN COLUMN 16

AVERAGE MONTHLY: 36.7   TOTAL FOR MONTH:   3.17    1 = FOG OR MIST
DPTR FM NORMAL:   0.5   DPTR FM NORMAL:    1.36    2 = FOG REDUCING VISIBILITY
HIGHEST:    78 ON 15    GRTST 24HR  1.60 ON 20-20      TO 1/4 MILE OR LESS
LOWEST:      2 ON  5                               3 = THUNDER
                        SNOW, ICE PELLETS, HAIL    4 = ICE PELLETS
                        TOTAL MONTH:   0.9 INCH    5 = HAIL
                        GRTST 24HR   0.9 ON  4- 4  6 = FREEZING RAIN OR DRIZZLE
                        GRTST DEPTH:   1 ON  5     7 = DUSTSTORM OR SANDSTORM:
                                                       VSBY 1/2 MILE OR LESS
                                                   8 = SMOKE OR HAZE
[NO. OF DAYS WITH]      [WEATHER - DAYS WITH]      9 = BLOWING SNOW
                                                   X = TORNADO
MAX 32 OR BELOW:   3    0.01 INCH OR MORE:   7
MAX 90 OR ABOVE:   0    0.10 INCH OR MORE:   6
MIN 32 OR BELOW:  16    0.50 INCH OR MORE:   2
MIN  0 OR BELOW:   0    1.00 INCH OR MORE:   1

[HDD (BASE 65) ]
TOTAL THIS MO.   589    CLEAR  (SCALE 0-3)   6
DPTR FM NORMAL   -17    PTCLDY (SCALE 4-7)   9
TOTAL FM JUL 1  3165    CLOUDY (SCALE 8-10)  6
DPTR FM NORMAL  -254

[CDD (BASE 65) ]
TOTAL THIS MO.     1
DPTR FM NORMAL     1    [PRESSURE DATA]
TOTAL FM JAN 1     1    HIGHEST SLP M ON M
DPTR FM NORMAL     1    LOWEST  SLP 29.72 ON 15

[REMARKS]
