000
CXUS54 KLZK 181130
CF6SGT
PRELIMINARY LOCAL CLIMATOLOGICAL DATA (WS FORM: F-6)

                                          STATION:   Stuttgart Airport
                                          MONTH:     DECEMBER
                                          YEAR:      2018
                                          LATITUDE:   34 35 N
                                          LONGITUDE:  91 34 W

  TEMPERATURE IN F:       :PCPN:    SNOW:  WIND      :SUNSHINE: SKY     :PK WND
================================================================================
1   2   3   4   5  6A  6B    7    8   9   10  11  12  13   14  15   16   17  18
                                     12Z  AVG MX 2MIN
DY MAX MIN AVG DEP HDD CDD  WTR  SNW DPTH SPD SPD DIR MIN PSBL S-S WX    SPD DR
================================================================================

 1  71  53  62  16   3   0 0.07    M    M 17.1 27 220   M    M   3 3      36 230
 2  61  44  53   7  12   0 0.00    M    M 11.4 22 280   M    M   0        30 290
 3  48  33  41  -5  24   0 0.00    M    M  9.1 14 350   M    M   2        20 350
 4  43  30  37  -8  28   0 0.00    M    M  7.7 12 320   M    M   3         M  M
 5  47  28  38  -7  27   0 0.00    M    M  6.3 10 260   M    M   0         M  M
 6  45  34  40  -5  25   0 0.30    M    M  6.8 12 170   M    M   8 1       M  M
 7  41  38  40  -4  25   0 0.50    M    M 12.8 20  40   M    M  10 1       M  M
 8  38  32  35  -9  30   0 1.23    M    M 19.3 28  20   M    M  10 1      36  20
 9  40  30  35  -9  30   0 0.04    M    M 13.1 21  20   M    M   7 1      30  20
10  43  27  35  -9  30   0 0.00    M    M  6.1 10  10   M    M   0         M  M
11  55  26  41  -2  24   0 0.00    M    M  9.4 17 170   M    M   0         M  M
12  52  43  48   5  17   0 0.01    M    M  9.8 15 190   M    M   7         M  M
13   M   M   M   M   M   M 0.62    M    M 11.4 17 120   M    M  10 13      M  M
14  55  49  52   9  13   0 1.76    M    M 10.8 17 360   M    M   9 13      M  M
15  50  44  47   5  18   0 0.04    M    M 10.3 17 320   M    M  10 1      24 320
16  57  40  49   7  16   0 0.00    M    M  4.4  8 280   M    M   0 18      M  M
17   M   M   M   M   M   M    T    M    M  3.9  8  20   M    M   3 128     M  M
================================================================================
SM  746  551       322   0  4.57    M    169.7          M       82
================================================================================
AV 49.7 36.7                              10.0 FASTST   M    M   5    MAX(MPH)
                                 MISC ---->  # 28  20               # 36  230
================================================================================
NOTES:
# LAST OF SEVERAL OCCURRENCES

COLUMN 17 PEAK WIND IN M.P.H.

PRELIMINARY LOCAL CLIMATOLOGICAL DATA (WS FORM: F-6) , PAGE 2

                                          STATION:  Stuttgart Airport
                                          MONTH:    DECEMBER
                                          YEAR:     2018
                                          LATITUDE:   34 35 N
                                          LONGITUDE:  91 34 W

[TEMPERATURE DATA]      [PRECIPITATION DATA]       SYMBOLS USED IN COLUMN 16

AVERAGE MONTHLY: 43.2   TOTAL FOR MONTH:   4.57    1 = FOG OR MIST
DPTR FM NORMAL:  -0.7   DPTR FM NORMAL:    1.50    2 = FOG REDUCING VISIBILITY
HIGHEST:    71 ON  1    GRTST 24HR  1.76 ON 14-14      TO 1/4 MILE OR LESS
LOWEST:     26 ON 11                               3 = THUNDER
                        SNOW, ICE PELLETS, HAIL    4 = ICE PELLETS
                        TOTAL MONTH:    M          5 = HAIL
                        GRTST 24HR    M  ON   M    6 = FREEZING RAIN OR DRIZZLE
                        GRTST DEPTH:  M  ON   M    7 = DUSTSTORM OR SANDSTORM:
                                                       VSBY 1/2 MILE OR LESS
                                                   8 = SMOKE OR HAZE
[NO. OF DAYS WITH]      [WEATHER - DAYS WITH]      9 = BLOWING SNOW
                                                   X = TORNADO
MAX 32 OR BELOW:   0    0.01 INCH OR MORE:   9
MAX 90 OR ABOVE:   0    0.10 INCH OR MORE:   5
MIN 32 OR BELOW:   6    0.50 INCH OR MORE:   4
MIN  0 OR BELOW:   0    1.00 INCH OR MORE:   2

[HDD (BASE 65) ]
TOTAL THIS MO.   322    CLEAR  (SCALE 0-3)   9
DPTR FM NORMAL   -36    PTCLDY (SCALE 4-7)   3
TOTAL FM JUL 1   947    CLOUDY (SCALE 8-10)  5
DPTR FM NORMAL    35

[CDD (BASE 65) ]
TOTAL THIS MO.     0
DPTR FM NORMAL     0    [PRESSURE DATA]
TOTAL FM JAN 1  2498    HIGHEST SLP M ON M
DPTR FM NORMAL   460    LOWEST  SLP M ON M

[REMARKS]
