000
CXUS54 KLZK 231131
CF6SGT
PRELIMINARY LOCAL CLIMATOLOGICAL DATA (WS FORM: F-6)

                                          STATION:   Stuttgart Airport
                                          MONTH:     SEPTEMBER
                                          YEAR:      2018
                                          LATITUDE:   34 35 N
                                          LONGITUDE:  91 34 W

  TEMPERATURE IN F:       :PCPN:    SNOW:  WIND      :SUNSHINE: SKY     :PK WND
================================================================================
1   2   3   4   5  6A  6B    7    8   9   10  11  12  13   14  15   16   17  18
                                     12Z  AVG MX 2MIN
DY MAX MIN AVG DEP HDD CDD  WTR  SNW DPTH SPD SPD DIR MIN PSBL S-S WX    SPD DR
================================================================================

 1  91  72  82   3   0  17 0.00    M    M  7.8 14 100   M    M   2         M  M
 2  91  72  82   4   0  17 0.01    M    M  7.8 15 100   M    M   3        21 100
 3  93  73  83   5   0  18 0.00    M    M  8.9 15 130   M    M   2        23 120
 4  92  73  83   5   0  18 0.00    M    M  7.0 12 100   M    M   1 8       M  M
 5  90  70  80   3   0  15 0.00    M    M 10.7 18  70   M    M   4        23  80
 6  81  74  78   1   0  13 0.17    M    M  9.7 15 120   M    M  10 1       M  M
 7   M   M   M   M   M   M 1.38    M    M 12.8 17 170   M    M   9 13     25 160
 8  88  72  80   3   0  15 0.45    M    M  5.5  8 210   M    M   6 13      M  M
 9  74  67  71  -5   0   6 0.31    M    M  8.4 15  10   M    M  10 1       M  M
10  76  65  71  -5   0   6 0.00    M    M  7.3 12  50   M    M   7         M  M
11  76  65  71  -5   0   6 0.01    M    M  5.9 12  50   M    M   2         M  M
12  78  67  73  -2   0   8 0.13    M    M  5.4  8  50   M    M   8         M  M
13  89  66  78   3   0  13 0.00    M    M  5.1  8 100   M    M   2         M  M
14  91  70  81   7   0  16    T    M    M  6.4 12  20   M    M   1         M  M
15  91  71  81   7   0  16    T    M    M  8.0 14  20   M    M   0         M  M
16  91  69  80   6   0  15    T    M    M  7.2 13  10   M    M   0         M  M
17  92  70  81   8   0  16    T    M    M  2.7  6 290   M    M   1         M  M
18  95  71  83  10   0  18    T    M    M  1.4  6 120   M    M   0         M  M
19  96  75  86  13   0  21 0.00    M    M  4.4  8 110   M    M   0         M  M
20  97  72  85  13   0  20 0.00    M    M  7.1 12 160   M    M   2         M  M
21  94  72  83  11   0  18 0.54    M    M  7.4 16 340   M    M   3 13      M  M
22  73  64  69  -2   0   4 1.03    M    M 11.5 17  30   M    M  10        23  20
================================================================================
SM 1839 1470         0 296  4.03    M    158.4          M       83
================================================================================
AV 87.6 70.0                               7.2 FASTST   M    M   4    MAX(MPH)
                                 MISC ---->  # 18  70               # 25  160
================================================================================
NOTES:
# LAST OF SEVERAL OCCURRENCES

COLUMN 17 PEAK WIND IN M.P.H.

PRELIMINARY LOCAL CLIMATOLOGICAL DATA (WS FORM: F-6) , PAGE 2

                                          STATION:  Stuttgart Airport
                                          MONTH:    SEPTEMBER
                                          YEAR:     2018
                                          LATITUDE:   34 35 N
                                          LONGITUDE:  91 34 W

[TEMPERATURE DATA]      [PRECIPITATION DATA]       SYMBOLS USED IN COLUMN 16

AVERAGE MONTHLY: 78.8   TOTAL FOR MONTH:   4.03    1 = FOG OR MIST
DPTR FM NORMAL:   3.6   DPTR FM NORMAL:    2.07    2 = FOG REDUCING VISIBILITY
HIGHEST:    97 ON 20    GRTST 24HR  1.38 ON  7- 7      TO 1/4 MILE OR LESS
LOWEST:     64 ON 22                               3 = THUNDER
                        SNOW, ICE PELLETS, HAIL    4 = ICE PELLETS
                        TOTAL MONTH:    M          5 = HAIL
                        GRTST 24HR    M  ON   M    6 = FREEZING RAIN OR DRIZZLE
                        GRTST DEPTH:  M  ON   M    7 = DUSTSTORM OR SANDSTORM:
                                                       VSBY 1/2 MILE OR LESS
                                                   8 = SMOKE OR HAZE
[NO. OF DAYS WITH]      [WEATHER - DAYS WITH]      9 = BLOWING SNOW
                                                   X = TORNADO
MAX 32 OR BELOW:   0    0.01 INCH OR MORE:   9
MAX 90 OR ABOVE:  13    0.10 INCH OR MORE:   7
MIN 32 OR BELOW:   0    0.50 INCH OR MORE:   3
MIN  0 OR BELOW:   0    1.00 INCH OR MORE:   2

[HDD (BASE 65) ]
TOTAL THIS MO.     0    CLEAR  (SCALE 0-3)  13
DPTR FM NORMAL    -5    PTCLDY (SCALE 4-7)   5
TOTAL FM JUL 1     0    CLOUDY (SCALE 8-10)  4
DPTR FM NORMAL    -5

[CDD (BASE 65) ]
TOTAL THIS MO.   296
DPTR FM NORMAL    66    [PRESSURE DATA]
TOTAL FM JAN 1  2288    HIGHEST SLP M ON M
DPTR FM NORMAL   379    LOWEST  SLP M ON M

[REMARKS]
