000
CXUS54 KLZK 201130
CF6SGT
PRELIMINARY LOCAL CLIMATOLOGICAL DATA (WS FORM: F-6)

                                          STATION:   Stuttgart Airport
                                          MONTH:     JUNE
                                          YEAR:      2018
                                          LATITUDE:   34 35 N
                                          LONGITUDE:  91 34 W

  TEMPERATURE IN F:       :PCPN:    SNOW:  WIND      :SUNSHINE: SKY     :PK WND
================================================================================
1   2   3   4   5  6A  6B    7    8   9   10  11  12  13   14  15   16   17  18
                                     12Z  AVG MX 2MIN
DY MAX MIN AVG DEP HDD CDD  WTR  SNW DPTH SPD SPD DIR MIN PSBL S-S WX    SPD DR
================================================================================

 1  90  74  82   7   0  17 1.25    M    M  7.8 17 220   M    M   3 13      M  M
 2  94  73  84   8   0  19 0.22    M    M  7.1 16 220   M    M   2 13      M  M
 3  85  70  78   2   0  13    T    M    M 10.1 17 360   M    M   2 3      21 360
 4  85  64  75  -1   0  10    T    M    M  4.1  8  30   M    M   0 8       M  M
 5  87  69  78   2   0  13    T    M    M  4.7  8  50   M    M   0         M  M
 6  90  69  80   3   0  15 0.00    M    M  3.1  9 170   M    M   0         M  M
 7  93  71  82   5   0  17 0.00    M    M  5.3 10 180   M    M   1         M  M
 8  94  73  84   7   0  19 0.00    M    M  6.3 12 180   M    M   1        17 180
 9  92  73  83   6   0  18    T    M    M  5.2 14 260   M    M   1 3      20 270
10  94  73  84   6   0  19 0.00    M    M  8.8 14 200   M    M   1         M  M
11  89  72  81   3   0  16 0.00    M    M  8.4 13 230   M    M   3         M  M
12  93  75  84   6   0  19 0.06    M    M  9.9 15 230   M    M   3 18     20 220
13  94  74  84   6   0  19 0.02  0.0    0  8.4 16 260   M    M   3 3       M  M
14  94  72  83   4   0  18 0.00  0.0    0  5.4 13 210   M    M   2         M  M
15  94  77  86   7   0  21 0.00  0.0    0  6.5 10 170   M    M   1         M  M
16  96  76  86   7   0  21 0.00  0.0    0  6.7 12 200   M    M   1         M  M
17  94  76  85   6   0  20    T  0.0    0  8.9 13 160   M    M   1        17 190
18  94  75  85   5   0  20 0.13  0.0    0  8.3 14 180   M    M   1        18 150
19  91  73  82   2   0  17 0.00  0.0    0  8.5 16 170   M    M   2         M  M
================================================================================
SM 1743 1379         0 331  1.68     0.0 133.5          M       28
================================================================================
AV 91.7 72.6                               7.0 FASTST   M    M   1    MAX(MPH)
                                 MISC ---->  # 17 220               # 21  360
================================================================================
NOTES:
# LAST OF SEVERAL OCCURRENCES

COLUMN 17 PEAK WIND IN M.P.H.

PRELIMINARY LOCAL CLIMATOLOGICAL DATA (WS FORM: F-6) , PAGE 2

                                          STATION:  Stuttgart Airport
                                          MONTH:    JUNE
                                          YEAR:     2018
                                          LATITUDE:   34 35 N
                                          LONGITUDE:  91 34 W

[TEMPERATURE DATA]      [PRECIPITATION DATA]       SYMBOLS USED IN COLUMN 16

AVERAGE MONTHLY: 82.2   TOTAL FOR MONTH:   1.68    1 = FOG OR MIST
DPTR FM NORMAL:   4.5   DPTR FM NORMAL:   -0.47    2 = FOG REDUCING VISIBILITY
HIGHEST:    96 ON 16    GRTST 24HR  1.25 ON  1- 1      TO 1/4 MILE OR LESS
LOWEST:     64 ON  4                               3 = THUNDER
                        SNOW, ICE PELLETS, HAIL    4 = ICE PELLETS
                        TOTAL MONTH:   0.0 INCH    5 = HAIL
                        GRTST 24HR     0.0         6 = FREEZING RAIN OR DRIZZLE
                        GRTST DEPTH:   0           7 = DUSTSTORM OR SANDSTORM:
                                                       VSBY 1/2 MILE OR LESS
                                                   8 = SMOKE OR HAZE
[NO. OF DAYS WITH]      [WEATHER - DAYS WITH]      9 = BLOWING SNOW
                                                   X = TORNADO
MAX 32 OR BELOW:   0    0.01 INCH OR MORE:   5
MAX 90 OR ABOVE:  15    0.10 INCH OR MORE:   3
MIN 32 OR BELOW:   0    0.50 INCH OR MORE:   1
MIN  0 OR BELOW:   0    1.00 INCH OR MORE:   1

[HDD (BASE 65) ]
TOTAL THIS MO.     0    CLEAR  (SCALE 0-3)  18
DPTR FM NORMAL     0    PTCLDY (SCALE 4-7)   1
TOTAL FM JUL 1  2865    CLOUDY (SCALE 8-10)  0
DPTR FM NORMAL  -322

[CDD (BASE 65) ]
TOTAL THIS MO.   331
DPTR FM NORMAL    92    [PRESSURE DATA]
TOTAL FM JAN 1   789    HIGHEST SLP M ON M
DPTR FM NORMAL   283    LOWEST  SLP M ON M

[REMARKS]
