000
CXUS56 KMTR 270838
CF6SJC
PRELIMINARY LOCAL CLIMATOLOGICAL DATA (WS FORM: F-6)

                                          STATION:   SAN JOSE AIRPORT
                                          MONTH:     MAY
                                          YEAR:      2020
                                          LATITUDE:   37 21 N
                                          LONGITUDE: 121 55 W

  TEMPERATURE IN F:       :PCPN:    SNOW:  WIND      :SUNSHINE: SKY     :PK WND
================================================================================
1   2   3   4   5  6A  6B    7    8   9   10  11  12  13   14  15   16   17  18
                                     12Z  AVG MX 2MIN
DY MAX MIN AVG DEP HDD CDD  WTR  SNW DPTH SPD SPD DIR MIN PSBL S-S WX    SPD DR
================================================================================

 1  75  50  63   2   2   0 0.00    M    M  8.7 22 350   M    M   3        26 340
 2  74  55  65   4   0   0 0.00    M    M  6.9 21 330   M    M   7        25 330
 3  71  52  62   0   3   0 0.00    M    M  8.8 21 330   M    M   2        25 340
 4  80  45  63   1   2   0 0.00    M    M  6.7 20 340   M    M   2        25 340
 5  76  46  61  -1   4   0 0.00    M    M  8.6 24 340   M    M   4        30  10
 6  81  51  66   4   0   1 0.00  0.0    M  8.1 22 330   M    M   3        26 320
 7  87  51  69   7   0   4 0.00    M    M  5.9 21 330   M    M   4        24 330
 8  91  55  73  11   0   8 0.00    M    M  5.2 16 320   M    M   5        19 320
 9  76  55  66   4   0   1 0.00    M    M  6.8 17 320   M    M   2        20 320
10  73  54  64   2   1   0 0.00    M    M  8.8 17 330   M    M   7 8      22 340
11  75  53  64   1   1   0    T    M    M 12.9 25 220   M    M   5        30 210
12  69  55  62  -1   3   0 0.04    M    M  9.3 20 300   M    M   6 1      24 300
13  70  49  60  -3   5   0    T    M    M  5.6 15 300   M    M   5        20 240
14  74  53  64   1   1   0    T    M    M  6.4 18 340   M    M   6        23 350
15  74  57  66   3   0   1 0.00    M    M 10.1 22 340   M    M   7        25 340
16  77  55  66   3   0   1    T    M    M  7.3 18 350   M    M   6        24 310
17  75  60  68   4   0   3 0.03  0.0    M 12.0 23 190   M    M   8 1      30 190
18  71  54  63  -1   2   0 0.06  0.0    M  8.7 22 300   M    M   7        28 280
19  71  50  61  -3   4   0    T    M    M  9.2 22 330   M    M   5        34 330
20  72  55  64   0   1   0 0.00    M    M  8.2 20 330   M    M   6        24 360
21  79  51  65   1   0   0 0.00    M    M  7.9 22 330   M    M   2        26 330
22  74  54  64   0   1   0 0.00    M    M  6.8 22 340   M    M   3        24 330
23  83  51  67   3   0   2    T    M    M  7.6 23 340   M    M   2        27 350
24  89  53  71   7   0   6 0.00  0.0    M  5.8 21 330   M    M   2        24 330
25  95  62  79  14   0  14 0.00  0.0    M  5.8 17 320   M    M   1        20 330
26  97  63  80  15   0  15 0.00    M    M  6.4 18 340   M    M   1        23 340
================================================================================
SM 2029 1389        30  56  0.13  0.0    204.5          M      111
================================================================================
AV 78.0 53.4                               7.9 FASTST   M    M   4    MAX(MPH)
                                 MISC ---->    25 220                 34 330
================================================================================
NOTES:
# LAST OF SEVERAL OCCURRENCES

COLUMN 17 PEAK WIND IN M.P.H.

PRELIMINARY LOCAL CLIMATOLOGICAL DATA (WS FORM: F-6) , PAGE 2

                                          STATION:   SAN JOSE AIRPORT
                                          MONTH:     MAY
                                          YEAR:      2020
                                          LATITUDE:   37 21 N
                                          LONGITUDE: 121 55 W

[TEMPERATURE DATA]      [PRECIPITATION DATA]       SYMBOLS USED IN COLUMN 16

AVERAGE MONTHLY: 65.7   TOTAL FOR MONTH:   0.13    1 = FOG OR MIST
DPTR FM NORMAL:   2.7   DPTR FM NORMAL:   -0.32    2 = FOG REDUCING VISIBILITY
HIGHEST:    97 ON 26    GRTST 24HR  0.08 ON 17-18      TO 1/4 MILE OR LESS
LOWEST:     45 ON  4                               3 = THUNDER
                        SNOW, ICE PELLETS, HAIL    4 = ICE PELLETS
                        TOTAL MONTH:   0.0 INCH    5 = HAIL
                        GRTST 24HR  0.0            6 = FREEZING RAIN OR DRIZZLE
                        GRTST DEPTH:  M  ON   M    7 = DUSTSTORM OR SANDSTORM:
                                                       VSBY 1/2 MILE OR LESS
                                                   8 = SMOKE OR HAZE
[NO. OF DAYS WITH]      [WEATHER - DAYS WITH]      9 = BLOWING SNOW
                                                   X = TORNADO
MAX 32 OR BELOW:   0    0.01 INCH OR MORE:   3
MAX 90 OR ABOVE:   3    0.10 INCH OR MORE:   0
MIN 32 OR BELOW:   0    0.50 INCH OR MORE:   0
MIN  0 OR BELOW:   0    1.00 INCH OR MORE:   0

[HDD (BASE 65) ]
TOTAL THIS MO.    30    CLEAR  (SCALE 0-3)  10
DPTR FM NORMAL   -58    PTCLDY (SCALE 4-7)  16
TOTAL FM JUL 1  1900    CLOUDY (SCALE 8-10)  0
DPTR FM NORMAL  -325

[CDD (BASE 65) ]
TOTAL THIS MO.    56
DPTR FM NORMAL    20    [PRESSURE DATA]
TOTAL FM JAN 1    73    HIGHEST SLP M ON M
DPTR FM NORMAL    20    LOWEST  SLP 29.80 ON 17

[REMARKS]
