000
CXUS56 KPQR 221200
CF6SLE
PRELIMINARY LOCAL CLIMATOLOGICAL DATA (WS FORM: F-6)

                                          STATION:   SALEM OR
                                          MONTH:     OCTOBER
                                          YEAR:      2019
                                          LATITUDE:   44 55 N
                                          LONGITUDE: 123  0 W

  TEMPERATURE IN F:       :PCPN:    SNOW:  WIND      :SUNSHINE: SKY     :PK WND
================================================================================
1   2   3   4   5  6A  6B    7    8   9   10  11  12  13   14  15   16   17  18
                                     12Z  AVG MX 2MIN
DY MAX MIN AVG DEP HDD CDD  WTR  SNW DPTH SPD SPD DIR MIN PSBL S-S WX    SPD DR
================================================================================

 1  62  34  48 -10  17   0 0.00    M    M  4.4 15 360   M    M   0 8      23  30
 2  59  34  47 -11  18   0 0.01    M    M  3.9 13 160   M    M   4        18 170
 3  60  45  53  -4  12   0 0.35    M    M  7.9 17 300   M    M   7 18     20 300
 4  60  45  53  -4  12   0 0.12    M    M  7.3 16 260   M    M   7 8      19 250
 5  65  39  52  -5  13   0 0.00    M    M  3.0 12  20   M    M   3 128    14 360
 6  67  41  54  -2  11   0 0.00    M    M  3.5 12  20   M    M   3 12     15 360
 7  71  40  56   0   9   0 0.00    M    M  4.2 17 200   M    M   4 1      23 200
 8  61  37  49  -7  16   0 0.06    M    M  9.8 23 270   M    M   7 1      30 320
 9  56  32  44 -11  21   0 0.00    M    M  4.2 13  30   M    M   1 12     16  10
10  63  31  47  -8  18   0 0.00    M    M  6.4 18  10   M    M   0        22 350
11  67  32  50  -5  15   0 0.00    M    M  3.2 12 350   M    M   0        13 340
12  59  33  46  -8  19   0    T    M    M  0.6  9 140   M    M   4        10 140
13  65  41  53  -1  12   0    T    M    M  2.7 14 310   M    M   7        16 310
14  63  36  50  -4  15   0 0.00    M    M  2.7 10  30   M    M   1 12     13  30
15  63  36  50  -3  15   0 0.00    M    M  3.4 14 190   M    M   1        17 190
16  56  49  53   0  12   0 0.53    M    M  7.7 20 180   M    M   6 1      26 180
17  58  50  54   1  11   0 0.30    M    M 12.0 22 190   M    M   7 1      29 180
18  59  48  54   2  11   0 0.68    M    M 10.0 22 180   M    M   9 1      27 170
19  59  45  52   0  13   0 0.39    M    M  8.8 29 190   M    M   7 1      39 170
20  57  44  51  -1  14   0 0.02    M    M 10.1 24 180   M    M   7 18     31 180
21  63  52  58   6   7   0 0.00    M    M 10.2 23 180   M    M   9        29 190
================================================================================
SM 1293  844       291   0  2.46    M    126.0          M       94
================================================================================
AV 61.6 40.2                               6.0 FASTST   M    M   4    MAX(MPH)
                                 MISC ---->  # 29 190               # 39  170
================================================================================
NOTES:
# LAST OF SEVERAL OCCURRENCES

COLUMN 17 PEAK WIND IN M.P.H.

PRELIMINARY LOCAL CLIMATOLOGICAL DATA (WS FORM: F-6) , PAGE 2

                                          STATION:  SALEM OR
                                          MONTH:    OCTOBER
                                          YEAR:     2019
                                          LATITUDE:   44 55 N
                                          LONGITUDE: 123  0 W

[TEMPERATURE DATA]      [PRECIPITATION DATA]       SYMBOLS USED IN COLUMN 16

AVERAGE MONTHLY: 50.9   TOTAL FOR MONTH:   2.46    1 = FOG OR MIST
DPTR FM NORMAL:  -3.8   DPTR FM NORMAL:    0.78    2 = FOG REDUCING VISIBILITY
HIGHEST:    71 ON  7    GRTST 24HR  0.68 ON 18-18      TO 1/4 MILE OR LESS
LOWEST:     31 ON 10                               3 = THUNDER
                        SNOW, ICE PELLETS, HAIL    4 = ICE PELLETS
                        TOTAL MONTH:    M          5 = HAIL
                        GRTST 24HR    M  ON   M    6 = FREEZING RAIN OR DRIZZLE
                        GRTST DEPTH:  M  ON   M    7 = DUSTSTORM OR SANDSTORM:
                                                       VSBY 1/2 MILE OR LESS
                                                   8 = SMOKE OR HAZE
[NO. OF DAYS WITH]      [WEATHER - DAYS WITH]      9 = BLOWING SNOW
                                                   X = TORNADO
MAX 32 OR BELOW:   0    0.01 INCH OR MORE:   9
MAX 90 OR ABOVE:   0    0.10 INCH OR MORE:   6
MIN 32 OR BELOW:   3    0.50 INCH OR MORE:   2
MIN  0 OR BELOW:   0    1.00 INCH OR MORE:   0

[HDD (BASE 65) ]
TOTAL THIS MO.   291    CLEAR  (SCALE 0-3)   7
DPTR FM NORMAL    74    PTCLDY (SCALE 4-7)  12
TOTAL FM JUL 1   416    CLOUDY (SCALE 8-10)  2
DPTR FM NORMAL    34

[CDD (BASE 65) ]
TOTAL THIS MO.     0
DPTR FM NORMAL     0    [PRESSURE DATA]
TOTAL FM JAN 1   360    HIGHEST SLP M ON M
DPTR FM NORMAL    71    LOWEST  SLP 29.62 ON 19

[REMARKS]
