000
CXUS53 KICT 230800
CF6SLN
PRELIMINARY LOCAL CLIMATOLOGICAL DATA (WS FORM: F-6)

                                          STATION:   SALINA KS
                                          MONTH:     JANUARY
                                          YEAR:      2019
                                          LATITUDE:   38 47 N
                                          LONGITUDE:  97 39 W

  TEMPERATURE IN F:       :PCPN:    SNOW:  WIND      :SUNSHINE: SKY     :PK WND
================================================================================
1   2   3   4   5  6A  6B    7    8   9   10  11  12  13   14  15   16   17  18
                                     12Z  AVG MX 2MIN
DY MAX MIN AVG DEP HDD CDD  WTR  SNW DPTH SPD SPD DIR MIN PSBL S-S WX    SPD DR
================================================================================

 1  20  13  17 -14  48   0 0.00    M    M 11.3 23 350   M    M  10        29 340
 2  40  17  29  -2  36   0 0.00    M    M  8.0 18 220   M    M   3        25 220
 3  48  16  32   1  33   0 0.00    M    M  3.7 10 170   M    M   0        12 170
 4  58  21  40   9  25   0 0.00    M    M  4.4 13 320   M    M   0        15 320
 5  61  25  43  12  22   0 0.00    M    M  4.4  9 160   M    M   0        12 210
 6  58  36  47  16  18   0    T    M    M 14.6 25 170   M    M   1        35 190
 7  57  32  45  14  20   0 0.00    M    M 11.1 23 190   M    M   1        31 190
 8  52  26  39   8  26   0 0.00    M    M 11.8 23 340   M    M   0        33 320
 9  41  22  32   1  33   0 0.00    M    M  4.3  9 110   M    M   0        13 100
10  52  27  40   9  25   0 0.00    M    M 11.9 24 170   M    M   0        32 170
11  38  32  35   4  30   0 0.93    M    M  6.5 10  30   M    M   8 1      16  80
12  33  28  31   0  34   0 0.03    M    M 16.3 25 350   M    M  10 1      31 350
13  30  26  28  -3  37   0 0.00    M    M  8.5 17 350   M    M  10 1      21 340
14  34  27  31   0  34   0 0.00    M    M  6.8 13 230   M    M  10 1      15 230
15  34  31  33   2  32   0 0.00    M    M  5.9 13 210   M    M  10 12     15 190
16  32  29  31   0  34   0 0.00    M    M  7.3 13  70   M    M  10 12     18  80
17  34  31  33   2  32   0 0.00    M    M  6.9 15 130   M    M  10 12     18 130
18  40  22  31   0  34   0 0.04    M    M 17.9 36 350   M    M  10 16     47 350
19  25  15  20 -11  45   0    T    M    M 18.3 38 360   M    M   6 1      51 360
20  43  17  30  -1  35   0 0.00    M    M 10.1 17 200   M    M   1        25 200
21  42  22  32   1  33   0 0.00    M    M 15.6 26 140   M    M   0        35 130
22  42  20  31   0  34   0 0.01    M    M 18.4 30 340   M    M   9 1268   37 340
================================================================================
SM  914  535       700   0  1.01    M    224.0          M      109
================================================================================
AV 41.6 24.3                              10.2 FASTST   M    M   5    MAX(MPH)
                                 MISC ---->  # 38 360               # 51  360
================================================================================
NOTES:
# LAST OF SEVERAL OCCURRENCES

COLUMN 17 PEAK WIND IN M.P.H.

PRELIMINARY LOCAL CLIMATOLOGICAL DATA (WS FORM: F-6) , PAGE 2

                                          STATION:  SALINA KS
                                          MONTH:    JANUARY
                                          YEAR:     2019
                                          LATITUDE:   38 47 N
                                          LONGITUDE:  97 39 W

[TEMPERATURE DATA]      [PRECIPITATION DATA]       SYMBOLS USED IN COLUMN 16

AVERAGE MONTHLY: 32.9   TOTAL FOR MONTH:   1.01    1 = FOG OR MIST
DPTR FM NORMAL:   1.9   DPTR FM NORMAL:    0.61    2 = FOG REDUCING VISIBILITY
HIGHEST:    61 ON  5    GRTST 24HR  0.93 ON 11-11      TO 1/4 MILE OR LESS
LOWEST:     13 ON  1                               3 = THUNDER
                        SNOW, ICE PELLETS, HAIL    4 = ICE PELLETS
                        TOTAL MONTH:    M          5 = HAIL
                        GRTST 24HR    M  ON   M    6 = FREEZING RAIN OR DRIZZLE
                        GRTST DEPTH:  M  ON   M    7 = DUSTSTORM OR SANDSTORM:
                                                       VSBY 1/2 MILE OR LESS
                                                   8 = SMOKE OR HAZE
[NO. OF DAYS WITH]      [WEATHER - DAYS WITH]      9 = BLOWING SNOW
                                                   X = TORNADO
MAX 32 OR BELOW:   4    0.01 INCH OR MORE:   4
MAX 90 OR ABOVE:   0    0.10 INCH OR MORE:   1
MIN 32 OR BELOW:  21    0.50 INCH OR MORE:   1
MIN  0 OR BELOW:   0    1.00 INCH OR MORE:   0

[HDD (BASE 65) ]
TOTAL THIS MO.   700    CLEAR  (SCALE 0-3)  11
DPTR FM NORMAL   -48    PTCLDY (SCALE 4-7)   2
TOTAL FM JUL 1  2813    CLOUDY (SCALE 8-10)  9
DPTR FM NORMAL   101

[CDD (BASE 65) ]
TOTAL THIS MO.     0
DPTR FM NORMAL     0    [PRESSURE DATA]
TOTAL FM JAN 1     0    HIGHEST SLP M ON M
DPTR FM NORMAL     0    LOWEST  SLP 29.61 ON  7

[REMARKS]
