000
CXUS53 KICT 270800
CF6SLN
PRELIMINARY LOCAL CLIMATOLOGICAL DATA (WS FORM: F-6)

                                          STATION:   SALINA KS
                                          MONTH:     MAY
                                          YEAR:      2020
                                          LATITUDE:   38 47 N
                                          LONGITUDE:  97 39 W

  TEMPERATURE IN F:       :PCPN:    SNOW:  WIND      :SUNSHINE: SKY     :PK WND
================================================================================
1   2   3   4   5  6A  6B    7    8   9   10  11  12  13   14  15   16   17  18
                                     12Z  AVG MX 2MIN
DY MAX MIN AVG DEP HDD CDD  WTR  SNW DPTH SPD SPD DIR MIN PSBL S-S WX    SPD DR
================================================================================

 1  84  57  71  11   0   6 0.00    M    M  8.1 21 170   M    M   0 8      26 160
 2  81  56  69   8   0   4 0.00    M    M 13.1 26  50   M    M   4        38  70
 3  79  57  68   7   0   3 0.00    M    M  9.5 23 330   M    M   2        29 330
 4  66  51  59  -2   6   0 0.29    M    M 11.3 29 350   M    M   5 13     37 350
 5  75  47  61  -1   4   0 0.00    M    M 12.4 28 310   M    M   0        40 330
 6  68  45  57  -5   8   0 0.00    M    M  8.9 23 350   M    M   1        32 330
 7  64  43  54  -8  11   0 0.18    M    M 10.0 29 130   M    M   4 13     35 140
 8  62  39  51 -12  14   0    T    M    M 13.4 29 350   M    M   2        37  20
 9  62  35  49 -14  16   0 0.00    M    M  4.8 14  10   M    M   5        16 230
10  62  35  49 -14  16   0 0.00    M    M 10.1 21 340   M    M   2        27 340
11  48  41  45 -19  20   0 0.35    M    M  4.9 10 120   M    M   8 1      15  70
12  50  41  46 -18  19   0 0.01    M    M  8.7 14 130   M    M   9 18     18 120
13  68  48  58  -6   7   0 0.09    M    M 12.0 25 170   M    M  10 13     35 170
14  82  58  70   5   0   5 0.00    M    M  8.9 20 210   M    M   4 13     27 190
15  76  61  69   4   0   4 0.04    M    M  9.0 25  40   M    M   2 18     35  50
16  75  58  67   2   0   2 0.00    M    M  4.6 12 340   M    M   6 1      18 300
17  73  51  62  -4   3   0 0.00    M    M 13.6 25 330   M    M   3 1      38 340
18  76  48  62  -4   3   0 0.00    M    M  9.1 17  80   M    M   2        23  80
19  70  47  59  -7   6   0 0.00    M    M  5.7 14  80   M    M   2        18  70
20  76  47  62  -4   3   0 0.00    M    M  8.1 18 110   M    M   3 128    26 100
21  73  57  65  -2   0   0 0.58    M    M  9.4 18 150   M    M   5 13     23 120
22  74  55  65  -2   0   0 0.34    M    M 11.1 28 240   M    M   4 1      36 250
23  84  50  67  -1   0   2 0.00    M    M 10.0 21 160   M    M   2        27 150
24  83  58  71   3   0   6 2.18    M    M 12.4 48 320   M    M   3 13     67 320
25  68  59  64  -4   1   0 0.40    M    M  8.9 18 330   M    M   9 13     25 330
26  71  58  65  -4   0   0 0.22    M    M 11.1 23 320   M    M   9 1      28 320
================================================================================
SM 1850 1302       137  32  4.68    M    249.1          M      106
================================================================================
AV 71.2 50.1                               9.6 FASTST   M    M   4    MAX(MPH)
                                 MISC ---->  # 48 320               # 67  320
================================================================================
NOTES:
# LAST OF SEVERAL OCCURRENCES

COLUMN 17 PEAK WIND IN M.P.H.

PRELIMINARY LOCAL CLIMATOLOGICAL DATA (WS FORM: F-6) , PAGE 2

                                          STATION:  SALINA KS
                                          MONTH:    MAY
                                          YEAR:     2020
                                          LATITUDE:   38 47 N
                                          LONGITUDE:  97 39 W

[TEMPERATURE DATA]      [PRECIPITATION DATA]       SYMBOLS USED IN COLUMN 16

AVERAGE MONTHLY: 60.6   TOTAL FOR MONTH:   4.68    1 = FOG OR MIST
DPTR FM NORMAL:  -3.8   DPTR FM NORMAL:    0.80    2 = FOG REDUCING VISIBILITY
HIGHEST:    84 ON 23, 1 GRTST 24HR  2.18 ON 24-24      TO 1/4 MILE OR LESS
LOWEST:     35 ON 10, 9                            3 = THUNDER
                        SNOW, ICE PELLETS, HAIL    4 = ICE PELLETS
                        TOTAL MONTH:    M          5 = HAIL
                        GRTST 24HR    M  ON   M    6 = FREEZING RAIN OR DRIZZLE
                        GRTST DEPTH:  M  ON   M    7 = DUSTSTORM OR SANDSTORM:
                                                       VSBY 1/2 MILE OR LESS
                                                   8 = SMOKE OR HAZE
[NO. OF DAYS WITH]      [WEATHER - DAYS WITH]      9 = BLOWING SNOW
                                                   X = TORNADO
MAX 32 OR BELOW:   0    0.01 INCH OR MORE:  11
MAX 90 OR ABOVE:   0    0.10 INCH OR MORE:   8
MIN 32 OR BELOW:   0    0.50 INCH OR MORE:   2
MIN  0 OR BELOW:   0    1.00 INCH OR MORE:   1

[HDD (BASE 65) ]
TOTAL THIS MO.   137    CLEAR  (SCALE 0-3)  13
DPTR FM NORMAL    46    PTCLDY (SCALE 4-7)   8
TOTAL FM JUL 1  4849    CLOUDY (SCALE 8-10)  5
DPTR FM NORMAL   -10

[CDD (BASE 65) ]
TOTAL THIS MO.    32
DPTR FM NORMAL   -43    [PRESSURE DATA]
TOTAL FM JAN 1    46    HIGHEST SLP  0.00 ON  9
DPTR FM NORMAL   -54    LOWEST  SLP  0.00 ON  9

[REMARKS]
