000
CXUS53 KICT 160800
CF6SLN
PRELIMINARY LOCAL CLIMATOLOGICAL DATA (WS FORM: F-6)

                                          STATION:   SALINA KS
                                          MONTH:     OCTOBER
                                          YEAR:      2018
                                          LATITUDE:   38 47 N
                                          LONGITUDE:  97 39 W

  TEMPERATURE IN F:       :PCPN:    SNOW:  WIND      :SUNSHINE: SKY     :PK WND
================================================================================
1   2   3   4   5  6A  6B    7    8   9   10  11  12  13   14  15   16   17  18
                                     12Z  AVG MX 2MIN
DY MAX MIN AVG DEP HDD CDD  WTR  SNW DPTH SPD SPD DIR MIN PSBL S-S WX    SPD DR
================================================================================

 1  69  54  62  -1   3   0 0.00    M    M  6.6 16 330   M    M   6 1      20 330
 2  89  56  73  10   0   8 0.00    M    M 13.6 26 200   M    M   4 12     35 200
 3  94  64  79  17   0  14 0.03    M    M 18.6 39  10   M    M   2 3      48 360
 4  64  45  55  -7  10   0 0.03    M    M 10.9 24  20   M    M   9 13     32  30
 5  74  49  62   0   3   0 0.35    M    M  7.3 24 360   M    M   8 13     29 360
 6  56  46  51 -10  14   0 0.68    M    M 12.1 29  10   M    M   8 13     34 360
 7  58  48  53  -8  12   0 0.69    M    M  5.8 13 120   M    M  10 1      16 120
 8  65  55  60   0   5   0 1.72    M    M  6.7 15 100   M    M  10 13     22 110
 9  58  46  52  -8  13   0 1.24    M    M 12.7 23 310   M    M  10 1      28 300
10  53  42  48 -12  17   0    T    M    M 14.3 24 290   M    M  10 1      30 290
11  51  34  43 -16  22   0 0.00    M    M  4.7 14 330   M    M   5        18 330
12  53  36  45 -14  20   0 0.15    M    M  5.4 15 320   M    M   8 1      17 330
13  63  37  50  -9  15   0 0.03    M    M  9.0 16 160   M    M   2 1      24 180
14  50  32  41 -17  24   0 0.22    M    M 16.4 32 350   M    M  10 1      43 350
15  47  30  39 -19  26   0 0.00    M    M  8.0 15 320   M    M   1        21 330
================================================================================
SM  944  674       184  22  5.14    M    152.1          M      103
================================================================================
AV 62.9 44.9                              10.1 FASTST   M    M   7    MAX(MPH)
                                 MISC ---->  # 39  10               # 48  360
================================================================================
NOTES:
# LAST OF SEVERAL OCCURRENCES

COLUMN 17 PEAK WIND IN M.P.H.

PRELIMINARY LOCAL CLIMATOLOGICAL DATA (WS FORM: F-6) , PAGE 2

                                          STATION:  SALINA KS
                                          MONTH:    OCTOBER
                                          YEAR:     2018
                                          LATITUDE:   38 47 N
                                          LONGITUDE:  97 39 W

[TEMPERATURE DATA]      [PRECIPITATION DATA]       SYMBOLS USED IN COLUMN 16

AVERAGE MONTHLY: 53.9   TOTAL FOR MONTH:   5.14    1 = FOG OR MIST
DPTR FM NORMAL:  -6.5   DPTR FM NORMAL:    3.91    2 = FOG REDUCING VISIBILITY
HIGHEST:    94 ON  3    GRTST 24HR  1.72 ON  8- 8      TO 1/4 MILE OR LESS
LOWEST:     30 ON 15                               3 = THUNDER
                        SNOW, ICE PELLETS, HAIL    4 = ICE PELLETS
                        TOTAL MONTH:    M          5 = HAIL
                        GRTST 24HR    M  ON   M    6 = FREEZING RAIN OR DRIZZLE
                        GRTST DEPTH:  M  ON   M    7 = DUSTSTORM OR SANDSTORM:
                                                       VSBY 1/2 MILE OR LESS
                                                   8 = SMOKE OR HAZE
[NO. OF DAYS WITH]      [WEATHER - DAYS WITH]      9 = BLOWING SNOW
                                                   X = TORNADO
MAX 32 OR BELOW:   0    0.01 INCH OR MORE:  10
MAX 90 OR ABOVE:   1    0.10 INCH OR MORE:   7
MIN 32 OR BELOW:   2    0.50 INCH OR MORE:   4
MIN  0 OR BELOW:   0    1.00 INCH OR MORE:   2

[HDD (BASE 65) ]
TOTAL THIS MO.   184    CLEAR  (SCALE 0-3)   3
DPTR FM NORMAL    88    PTCLDY (SCALE 4-7)   5
TOTAL FM JUL 1   228    CLOUDY (SCALE 8-10)  7
DPTR FM NORMAL    80

[CDD (BASE 65) ]
TOTAL THIS MO.    22
DPTR FM NORMAL    -4    [PRESSURE DATA]
TOTAL FM JAN 1  1973    HIGHEST SLP M ON M
DPTR FM NORMAL   335    LOWEST  SLP 29.55 ON  9

[REMARKS]
