000
CXUS53 KICT 170800
CF6SLN
PRELIMINARY LOCAL CLIMATOLOGICAL DATA (WS FORM: F-6)

                                          STATION:   SALINA KS
                                          MONTH:     AUGUST
                                          YEAR:      2018
                                          LATITUDE:   38 47 N
                                          LONGITUDE:  97 39 W

  TEMPERATURE IN F:       :PCPN:    SNOW:  WIND      :SUNSHINE: SKY     :PK WND
================================================================================
1   2   3   4   5  6A  6B    7    8   9   10  11  12  13   14  15   16   17  18
                                     12Z  AVG MX 2MIN
DY MAX MIN AVG DEP HDD CDD  WTR  SNW DPTH SPD SPD DIR MIN PSBL S-S WX    SPD DR
================================================================================

 1  88  59  74  -7   0   9 0.00    M    M  6.6 13 200   M    M   0        17 220
 2  91  61  76  -5   0  11 0.00    M    M  8.5 14 210   M    M   0        18 170
 3  94  67  81   0   0  16 0.00    M    M 17.0 29 160   M    M   0        39 170
 4  90  67  79  -2   0  14 0.30    M    M 14.1 30 200   M    M   3 13     35 200
 5  95  70  83   2   0  18    T    M    M 14.9 31 290   M    M   0        37 290
 6  93  71  82   1   0  17 0.05    M    M  7.3 22 310   M    M   1        27 310
 7  87  66  77  -4   0  12 0.28    M    M  3.1 20 290   M    M   2 1      23 290
 8  92  67  80  -1   0  15 0.05    M    M  4.1 18 140   M    M   0 1      22 140
 9  93  66  80  -1   0  15 0.00    M    M  3.7 14 110   M    M   1 3      18  80
10  90  67  79  -2   0  14 0.00    M    M  7.6 18 360   M    M   0        22  10
11  91  62  77  -3   0  12 0.00    M    M  3.9 12  70   M    M   0 18     14  20
12  94  64  79  -1   0  14 0.00    M    M  5.4 18 200   M    M   0        25 190
13  83  68  76  -4   0  11 2.07    M    M  6.6 21 130   M    M   5 138    26 140
14  81  69  75  -5   0  10 0.22    M    M  5.5 15 260   M    M   7 1      17 250
15  84  69  77  -3   0  12 0.00    M    M  8.1 20  10   M    M   6        24 320
16  90  66  78  -2   0  13 0.34    M    M  5.7 15  50   M    M   4 13     19  50
================================================================================
SM 1436 1059         0 213  3.31    M    122.1          M       29
================================================================================
AV 89.8 66.2                               7.6 FASTST   M    M   2    MAX(MPH)
                                 MISC ---->  # 31 290               # 39  170
================================================================================
NOTES:
# LAST OF SEVERAL OCCURRENCES

COLUMN 17 PEAK WIND IN M.P.H.

PRELIMINARY LOCAL CLIMATOLOGICAL DATA (WS FORM: F-6) , PAGE 2

                                          STATION:  SALINA KS
                                          MONTH:    AUGUST
                                          YEAR:     2018
                                          LATITUDE:   38 47 N
                                          LONGITUDE:  97 39 W

[TEMPERATURE DATA]      [PRECIPITATION DATA]       SYMBOLS USED IN COLUMN 16

AVERAGE MONTHLY: 78.0   TOTAL FOR MONTH:   3.31    1 = FOG OR MIST
DPTR FM NORMAL:  -2.7   DPTR FM NORMAL:    1.19    2 = FOG REDUCING VISIBILITY
HIGHEST:    95 ON  5    GRTST 24HR  2.07 ON 13-13      TO 1/4 MILE OR LESS
LOWEST:     59 ON  1                               3 = THUNDER
                        SNOW, ICE PELLETS, HAIL    4 = ICE PELLETS
                        TOTAL MONTH:    M          5 = HAIL
                        GRTST 24HR    M  ON   M    6 = FREEZING RAIN OR DRIZZLE
                        GRTST DEPTH:  M  ON   M    7 = DUSTSTORM OR SANDSTORM:
                                                       VSBY 1/2 MILE OR LESS
                                                   8 = SMOKE OR HAZE
[NO. OF DAYS WITH]      [WEATHER - DAYS WITH]      9 = BLOWING SNOW
                                                   X = TORNADO
MAX 32 OR BELOW:   0    0.01 INCH OR MORE:   7
MAX 90 OR ABOVE:  11    0.10 INCH OR MORE:   5
MIN 32 OR BELOW:   0    0.50 INCH OR MORE:   1
MIN  0 OR BELOW:   0    1.00 INCH OR MORE:   1

[HDD (BASE 65) ]
TOTAL THIS MO.     0    CLEAR  (SCALE 0-3)  12
DPTR FM NORMAL     0    PTCLDY (SCALE 4-7)   4
TOTAL FM JUL 1     0    CLOUDY (SCALE 8-10)  0
DPTR FM NORMAL     0

[CDD (BASE 65) ]
TOTAL THIS MO.   213
DPTR FM NORMAL   -38    [PRESSURE DATA]
TOTAL FM JAN 1  1554    HIGHEST SLP M ON M
DPTR FM NORMAL   349    LOWEST  SLP 29.81 ON 14

[REMARKS]
