090
CXUS53 KICT 190800
CF6SLN
PRELIMINARY LOCAL CLIMATOLOGICAL DATA (WS FORM: F-6)

                                          STATION:   SALINA KS
                                          MONTH:     OCTOBER
                                          YEAR:      2019
                                          LATITUDE:   38 47 N
                                          LONGITUDE:  97 39 W

  TEMPERATURE IN F:       :PCPN:    SNOW:  WIND      :SUNSHINE: SKY     :PK WND
================================================================================
1   2   3   4   5  6A  6B    7    8   9   10  11  12  13   14  15   16   17  18
                                     12Z  AVG MX 2MIN
DY MAX MIN AVG DEP HDD CDD  WTR  SNW DPTH SPD SPD DIR MIN PSBL S-S WX    SPD DR
================================================================================

 1  91  59  75  12   0  10 0.48    M    M 15.3 38 280   M    M   4 13     57 280
 2  60  54  57  -6   8   0    T    M    M 11.7 22 360   M    M  10 13     29  10
 3  63  49  56  -6   9   0 0.00    M    M  9.0 22 360   M    M   5        27 360
 4  61  52  57  -5   8   0 1.16    M    M  9.8 16 130   M    M  10 13     21 130
 5  73  51  62   0   3   0 0.04    M    M 12.1 29 320   M    M   4 18     38 310
 6  71  45  58  -3   7   0 0.00    M    M  6.9 24 360   M    M   3        32 360
 7  72  39  56  -5   9   0 0.00    M    M  4.9 14 210   M    M   0 8      20 200
 8  74  45  60   0   5   0 0.00    M    M 13.8 25 170   M    M   0        35 170
 9  72  59  66   6   0   1 0.01    M    M 18.3 28 170   M    M   5        35 160
10  74  37  56  -4   9   0    T    M    M 21.7 32 320   M    M   7 138    41 330
11  51  30  41 -18  24   0 0.00    M    M 14.4 26 290   M    M   0        36 330
12  74  27  51  -8  14   0 0.00    M    M  7.7 31 220   M    M   0        41 210
13  67  33  50  -9  15   0 0.00    M    M  2.5 15  60   M    M   0        19  70
14  80  38  59   1   6   0 0.00    M    M 10.0 26 150   M    M   0        34 170
15  67  39  53  -5  12   0 0.00    M    M 13.7 28 350   M    M   0        36  10
16  62  33  48 -10  17   0 0.00    M    M  5.8 10 160   M    M   0        14 170
17  76  41  59   2   6   0 0.00    M    M 13.4 23 180   M    M   0        33 170
18  78  54  66   9   0   1    T    M    M 19.7 31 170   M    M   0 3      48 190
================================================================================
SM 1266  785       152  12  1.69    M    210.7          M       48
================================================================================
AV 70.3 43.6                              11.7 FASTST   M    M   3    MAX(MPH)
                                 MISC ---->  # 38 280               # 57  280
================================================================================
NOTES:
# LAST OF SEVERAL OCCURRENCES

COLUMN 17 PEAK WIND IN M.P.H.

PRELIMINARY LOCAL CLIMATOLOGICAL DATA (WS FORM: F-6) , PAGE 2

                                          STATION:  SALINA KS
                                          MONTH:    OCTOBER
                                          YEAR:     2019
                                          LATITUDE:   38 47 N
                                          LONGITUDE:  97 39 W

[TEMPERATURE DATA]      [PRECIPITATION DATA]       SYMBOLS USED IN COLUMN 16

AVERAGE MONTHLY: 57.0   TOTAL FOR MONTH:   1.69    1 = FOG OR MIST
DPTR FM NORMAL:  -3.0   DPTR FM NORMAL:    0.22    2 = FOG REDUCING VISIBILITY
HIGHEST:    91 ON  1    GRTST 24HR  1.16 ON  4- 4      TO 1/4 MILE OR LESS
LOWEST:     27 ON 12                               3 = THUNDER
                        SNOW, ICE PELLETS, HAIL    4 = ICE PELLETS
                        TOTAL MONTH:    M          5 = HAIL
                        GRTST 24HR    M  ON   M    6 = FREEZING RAIN OR DRIZZLE
                        GRTST DEPTH:  M  ON   M    7 = DUSTSTORM OR SANDSTORM:
                                                       VSBY 1/2 MILE OR LESS
                                                   8 = SMOKE OR HAZE
[NO. OF DAYS WITH]      [WEATHER - DAYS WITH]      9 = BLOWING SNOW
                                                   X = TORNADO
MAX 32 OR BELOW:   0    0.01 INCH OR MORE:   4
MAX 90 OR ABOVE:   1    0.10 INCH OR MORE:   2
MIN 32 OR BELOW:   2    0.50 INCH OR MORE:   1
MIN  0 OR BELOW:   0    1.00 INCH OR MORE:   1

[HDD (BASE 65) ]
TOTAL THIS MO.   152    CLEAR  (SCALE 0-3)  11
DPTR FM NORMAL    30    PTCLDY (SCALE 4-7)   5
TOTAL FM JUL 1   153    CLOUDY (SCALE 8-10)  2
DPTR FM NORMAL   -21

[CDD (BASE 65) ]
TOTAL THIS MO.    12
DPTR FM NORMAL   -17    [PRESSURE DATA]
TOTAL FM JAN 1  1642    HIGHEST SLP M ON M
DPTR FM NORMAL     1    LOWEST  SLP 29.56 ON 18

[REMARKS]
