000
CXUS56 KLOX 171155
CF6SMX
PRELIMINARY LOCAL CLIMATOLOGICAL DATA (WS FORM: F-6)

                                          STATION:   SANTA MARIA AIRPORT CA
                                          MONTH:     FEBRUARY
                                          YEAR:      2019
                                          LATITUDE:   34 54 N
                                          LONGITUDE: 120 27 W

  TEMPERATURE IN F:       :PCPN:    SNOW:  WIND      :SUNSHINE: SKY     :PK WND
================================================================================
1   2   3   4   5  6A  6B    7    8   9   10  11  12  13   14  15   16   17  18
                                     12Z  AVG MX 2MIN
DY MAX MIN AVG DEP HDD CDD  WTR  SNW DPTH SPD SPD DIR MIN PSBL S-S WX    SPD DR
================================================================================

 1  61  46  54   2  11   0    T    M    0 11.6 37 150   M    M   6 1      49 150
 2  61  54  58   6   7   0 0.75  0.0    0 17.3 37 140   M    M   8 18     49 140
 3  61  53  57   5   8   0 0.23  0.0    0  9.7 20 210   M    M  10 18     28 220
 4  59  47  53   1  12   0 0.52    M    0  9.7 26 270   M    M   9 18     37 200
 5  54  35  45  -7  20   0 0.08    M    0  7.4 26 320   M    M   6 18     32 320
 6  57  32  45  -7  20   0 0.00  0.0    0  6.1 23 340   M    M   2 1      28 350
 7  58  33  46  -6  19   0 0.00  0.0    0  3.5 14 260   M    M   0 18     18 260
 8  61  34  48  -4  17   0 0.12    M    0  5.4 16 260   M    M   4 1      20 270
 9  59  45  52  -1  13   0 0.09    M    0  5.9 13 310   M    M   7 1      17 300
10  54  37  46  -7  19   0 0.37    M    0 10.8 26 310   M    M   7 18     32 310
11  60  33  47  -6  18   0 0.00  0.0    0  5.7 17 290   M    M   0        20 300
12  62  34  48  -5  17   0    T    M    0  5.0 16 160   M    M   5        19 160
13  63  52  58   5   7   0    T  0.0    0 19.2 38 140   M    M   8        47 140
14  64  50  57   4   8   0 0.46  0.0    0 14.3 30 240   M    M   7 138    40 230
15  58  45  52  -1  13   0 0.37    M    0  7.5 22 290   M    M   7 18     26 280
16  59  41  50  -3  15   0 0.06    M    0  8.3 28 300   M    M   6 1      32 300
================================================================================
SM  951  671       224   0  3.05     0.0 147.4          M       92
================================================================================
AV 59.4 41.9                               9.2 FASTST   M    M   6    MAX(MPH)
                                 MISC ---->  # 38 140               # 49  150
================================================================================
NOTES:
# LAST OF SEVERAL OCCURRENCES

COLUMN 17 PEAK WIND IN M.P.H.

PRELIMINARY LOCAL CLIMATOLOGICAL DATA (WS FORM: F-6) , PAGE 2

                                          STATION:  SANTA MARIA AIRPORT CA
                                          MONTH:    FEBRUARY
                                          YEAR:     2019
                                          LATITUDE:   34 54 N
                                          LONGITUDE: 120 27 W

[TEMPERATURE DATA]      [PRECIPITATION DATA]       SYMBOLS USED IN COLUMN 16

AVERAGE MONTHLY: 50.7   TOTAL FOR MONTH:   3.05    1 = FOG OR MIST
DPTR FM NORMAL:  -1.8   DPTR FM NORMAL:    1.38    2 = FOG REDUCING VISIBILITY
HIGHEST:    64 ON 14    GRTST 24HR  1.06 ON 31- 1      TO 1/4 MILE OR LESS
LOWEST:     32 ON  6                               3 = THUNDER
                        SNOW, ICE PELLETS, HAIL    4 = ICE PELLETS
                        TOTAL MONTH:   0.0 INCH    5 = HAIL
                        GRTST 24HR     0.0         6 = FREEZING RAIN OR DRIZZLE
                        GRTST DEPTH:   0           7 = DUSTSTORM OR SANDSTORM:
                                                       VSBY 1/2 MILE OR LESS
                                                   8 = SMOKE OR HAZE
[NO. OF DAYS WITH]      [WEATHER - DAYS WITH]      9 = BLOWING SNOW
                                                   X = TORNADO
MAX 32 OR BELOW:   0    0.01 INCH OR MORE:  10
MAX 90 OR ABOVE:   0    0.10 INCH OR MORE:   7
MIN 32 OR BELOW:   1    0.50 INCH OR MORE:   2
MIN  0 OR BELOW:   0    1.00 INCH OR MORE:   0

[HDD (BASE 65) ]
TOTAL THIS MO.   224    CLEAR  (SCALE 0-3)   3
DPTR FM NORMAL    24    PTCLDY (SCALE 4-7)  10
TOTAL FM JUL 1  1060    CLOUDY (SCALE 8-10)  3
DPTR FM NORMAL  -632

[CDD (BASE 65) ]
TOTAL THIS MO.     0
DPTR FM NORMAL     0    [PRESSURE DATA]
TOTAL FM JAN 1     0    HIGHEST SLP M ON M
DPTR FM NORMAL     0    LOWEST  SLP 29.71 ON M

[REMARKS]
