000
CXUS56 KLOX 241655
CF6SMX
PRELIMINARY LOCAL CLIMATOLOGICAL DATA (WS FORM: F-6)

                                          STATION:   SANTA MARIA AIRPORT CA
                                          MONTH:     JANUARY
                                          YEAR:      2020
                                          LATITUDE:   34 54 N
                                          LONGITUDE: 120 27 W

  TEMPERATURE IN F:       :PCPN:    SNOW:  WIND      :SUNSHINE: SKY     :PK WND
================================================================================
1   2   3   4   5  6A  6B    7    8   9   10  11  12  13   14  15   16   17  18
                                     12Z  AVG MX 2MIN
DY MAX MIN AVG DEP HDD CDD  WTR  SNW DPTH SPD SPD DIR MIN PSBL S-S WX    SPD DR
================================================================================

 1  65  39  52   1  13   0 0.00  0.0    0  8.1 24 300   M    M   1 18     27 300
 2  68  49  59   8   6   0 0.00  0.0    0 11.5 20  40   M    M   0 8      25  20
 3  74  41  58   7   7   0 0.00  0.0    0  4.6 13 300   M    M   1 8      16 290
 4  61  40  51   0  14   0 0.00  0.0    0  4.6 16 290   M    M   4 128    20 300
 5  65  39  52   1  13   0 0.00  0.0    0 12.2 25  20   M    M   4 128    33  20
 6  75  43  59   8   6   0 0.00  0.0    0  9.1 24  40   M    M   0 8      34  30
 7  69  39  54   3  11   0 0.00  0.0    0  3.9 18 310   M    M   2 1      22 310
 8  60  39  50  -1  15   0 0.00  0.0    0  7.3 18 100   M    M   3        28  80
 9  58  42  50  -1  15   0 0.09  0.0    0  8.4 22 300   M    M   6 1      29 300
10  63  42  53   2  12   0 0.00  0.0    0  8.2 22 300   M    M   0        26 300
11  62  38  50  -1  15   0 0.00  0.0    0  8.5 23 340   M    M   1        27 340
12  60  40  50  -1  15   0 0.00  0.0    0 11.8 26 290   M    M   0        31 290
13  60  38  49  -2  16   0 0.00  0.0    0 11.5 22 300   M    M   0        28  70
14  62  35  49  -2  16   0 0.00  0.0    0  8.3 23 290   M    M   0        27 290
15  60  34  47  -4  18   0 0.00  0.0    0  3.8 10 280   M    M   0        13 270
16  60  38  49  -2  16   0 0.52    M    0  8.8 29 170   M    M   7 1      38 150
17  59  35  47  -5  18   0 0.00  0.0    0  4.4 18 300   M    M   1 1      23 290
18  63  34  49  -3  16   0 0.00  0.0    0  2.7  M   M   M    M   2         M  M
19  63  38  51  -1  14   0 0.00  0.0    0  3.6 12  40   M    M   3        13 250
20  61  48  55   3  10   0 0.02    M    0  3.7 13 260   M    M   7 1       M  M
21  61  46  54   2  11   0 0.00  0.0    0  3.1 14 310   M    M   6 1      19 280
22  65  43  54   2  11   0 0.00  0.0    0  5.1 15 320   M    M   5 128    20 300
23  72  44  58   6   7   0 0.00  0.0    0  2.7 15 310   M    M   0 1      18 300
================================================================================
SM 1466  924       295   0  0.63     0.0 155.9          M       53
================================================================================
AV 63.7 40.2                               6.8 FASTST   M    M   2    MAX(MPH)
                                 MISC ---->  # 29 170               # 38  150
================================================================================
NOTES:
# LAST OF SEVERAL OCCURRENCES

COLUMN 17 PEAK WIND IN M.P.H.

PRELIMINARY LOCAL CLIMATOLOGICAL DATA (WS FORM: F-6) , PAGE 2

                                          STATION:  SANTA MARIA AIRPORT CA
                                          MONTH:    JANUARY
                                          YEAR:     2020
                                          LATITUDE:   34 54 N
                                          LONGITUDE: 120 27 W

[TEMPERATURE DATA]      [PRECIPITATION DATA]       SYMBOLS USED IN COLUMN 16

AVERAGE MONTHLY: 52.0   TOTAL FOR MONTH:   0.63    1 = FOG OR MIST
DPTR FM NORMAL:   0.7   DPTR FM NORMAL:   -1.38    2 = FOG REDUCING VISIBILITY
HIGHEST:    75 ON  6    GRTST 24HR  0.52 ON 16-16      TO 1/4 MILE OR LESS
LOWEST:     34 ON 18,15                            3 = THUNDER
                        SNOW, ICE PELLETS, HAIL    4 = ICE PELLETS
                        TOTAL MONTH:   0.0 INCH    5 = HAIL
                        GRTST 24HR     0.0         6 = FREEZING RAIN OR DRIZZLE
                        GRTST DEPTH:   0           7 = DUSTSTORM OR SANDSTORM:
                                                       VSBY 1/2 MILE OR LESS
                                                   8 = SMOKE OR HAZE
[NO. OF DAYS WITH]      [WEATHER - DAYS WITH]      9 = BLOWING SNOW
                                                   X = TORNADO
MAX 32 OR BELOW:   0    0.01 INCH OR MORE:   3
MAX 90 OR ABOVE:   0    0.10 INCH OR MORE:   1
MIN 32 OR BELOW:   0    0.50 INCH OR MORE:   1
MIN  0 OR BELOW:   0    1.00 INCH OR MORE:   0

[HDD (BASE 65) ]
TOTAL THIS MO.   295    CLEAR  (SCALE 0-3)  15
DPTR FM NORMAL   -21    PTCLDY (SCALE 4-7)   8
TOTAL FM JUL 1  1014    CLOUDY (SCALE 8-10)  0
DPTR FM NORMAL  -374

[CDD (BASE 65) ]
TOTAL THIS MO.     0
DPTR FM NORMAL     0    [PRESSURE DATA]
TOTAL FM JAN 1     0    HIGHEST SLP M ON M
DPTR FM NORMAL     0    LOWEST  SLP 29.85 ON  9

[REMARKS]
