000
CXUS55 KPIH 231200
CF6SNT

PRELIMINARY LOCAL CLIMATOLOGICAL DATA (WS FORM: F-6)

                                          STATION:   STANLEY_ID
                                          MONTH:     JANUARY
                                          YEAR:      2019
                                          LATITUDE:   44 10 N
                                          LONGITUDE: 114 56 W

  TEMPERATURE IN F:       :PCPN:    SNOW:  WIND      :SUNSHINE: SKY     :PK WND
================================================================================
1   2   3   4   5  6A  6B    7    8   9   10  11  12  13   14  15   16   17  18
                                     12Z  AVG MX 2MIN
DY MAX MIN AVG DEP HDD CDD  WTR  SNW DPTH SPD SPD DIR MIN PSBL S-S WX    SPD DR
================================================================================

 1   7 -24  -8 -22  73   0 0.00    M    M  0.8 10 100   M    M   0        12 120
 2  21 -10   6  -8  59   0 0.00    M    M  1.9  8 340   M    M   0        10 360
 3  27  -3  12  -2  53   0 0.00    M    M  2.3  9 360   M    M   0        12 340
 4  31   9  20   6  45   0 0.00    M    M  0.9  7 100   M    M   0         8 320
 5  37   3  20   6  45   0 0.06    M    M  3.8 20 180   M    M   0        27 180
 6  30  24  27  13  38   0 0.25    M    M  8.5 17 150   M    M   0        25 150
 7  26  -6  10  -4  55   0 0.12    M    M  4.9 16 140   M    M   0        24 280
 8  15 -10   3 -11  62   0 0.00    M    M  0.4  6 100   M    M   0         8 100
 9  38  12  25  11  40   0 0.04    M    M  4.9 17 170   M    M   0        22 190
10  37  11  24  10  41   0 0.07    M    M  2.2  9 360   M    M   0        12 360
11  23  -4  10  -4  55   0 0.00    M    M  2.5  8 100   M    M   0        10 100
12  15 -11   2 -12  63   0 0.00    M    M  0.9  6 100   M    M   0         6 100
13  18 -16   1 -13  64   0 0.00    M    M  0.1  6  90   M    M   0         7  90
14  21 -11   5  -9  60   0 0.00    M    M  0.7  6 170   M    M   0         7  90
15  25  -5  10  -4  55   0 0.00    M    M  0.6  7 160   M    M   0         9 160
16  32  -1  16   2  49   0 0.00    M    M  0.2  8 150   M    M   0        13 150
17  36  28  32  18  33   0 0.55    M    M  7.2 17 150   M    M   0        26 160
18  33  16  25  11  40   0 0.01    M    M  1.3 13 150   M    M   0        19 150
19  36  19  28  14  37   0 0.56    M    M  3.2  9 140   M    M   0        13 150
20  39  29  34  20  31   0 0.33    M    M  7.5 21 140   M    M   0        30 150
21  30   6  18   4  47   0 0.02    M    M  4.0 14 320   M    M   0        20 320
22  20  -8   6  -9  59   0 0.00    M    M  1.6  7 100   M    M   0         8 110
================================================================================
SM  597   48      1104   0  2.01    M     60.4          M        0
================================================================================
AV 27.1  2.2                               2.7 FASTST   M    M   0    MAX(MPH)
                                 MISC ---->  # 21 140               # 30  150
================================================================================
NOTES:
# LAST OF SEVERAL OCCURRENCES
PRECIPITATION SUSPECT DURING FREEZING/FROZEN EVENTS

COLUMN 17 PEAK WIND IN M.P.H.

PRELIMINARY LOCAL CLIMATOLOGICAL DATA (WS FORM: F-6) , PAGE 2

                                          STATION:  STANLEY_ID
                                          MONTH:    JANUARY
                                          YEAR:     2019
                                          LATITUDE:   44 10 N
                                          LONGITUDE: 114 56 W

[TEMPERATURE DATA]      [PRECIPITATION DATA]       SYMBOLS USED IN COLUMN 16

AVERAGE MONTHLY: 14.7   TOTAL FOR MONTH:   2.01    1 = FOG OR MIST
DPTR FM NORMAL:   0.6   DPTR FM NORMAL:    0.87    2 = FOG REDUCING VISIBILITY
HIGHEST:    39 ON 20    GRTST 24HR  0.56 ON 19-19      TO 1/4 MILE OR LESS
LOWEST:    -24 ON  1                               3 = THUNDER
                        SNOW, ICE PELLETS, HAIL    4 = ICE PELLETS
                        TOTAL MONTH:    M          5 = HAIL
                        GRTST 24HR    M  ON   M    6 = FREEZING RAIN OR DRIZZLE
                        GRTST DEPTH:  M  ON   M    7 = DUSTSTORM OR SANDSTORM:
                                                       VSBY 1/2 MILE OR LESS
                                                   8 = SMOKE OR HAZE
[NO. OF DAYS WITH]      [WEATHER - DAYS WITH]      9 = BLOWING SNOW
                                                   X = TORNADO
MAX 32 OR BELOW:  15    0.01 INCH OR MORE:  10
MAX 90 OR ABOVE:   0    0.10 INCH OR MORE:   5
MIN 32 OR BELOW:  22    0.50 INCH OR MORE:   2
MIN  0 OR BELOW:  12    1.00 INCH OR MORE:   0

[HDD (BASE 65) ]
TOTAL THIS MO.  1104    CLEAR  (SCALE 0-3)  22
DPTR FM NORMAL   -16    PTCLDY (SCALE 4-7)   0
TOTAL FM JUL 1  5428    CLOUDY (SCALE 8-10)  0
DPTR FM NORMAL  -354

[CDD (BASE 65) ]
TOTAL THIS MO.     0
DPTR FM NORMAL     0    [PRESSURE DATA]
TOTAL FM JAN 1     0    HIGHEST SLP M ON M
DPTR FM NORMAL     0    LOWEST  SLP 29.60 ON 21

[REMARKS]
