000
CXUS55 KPIH 211200
CF6SNT

PRELIMINARY LOCAL CLIMATOLOGICAL DATA (WS FORM: F-6)

                                          STATION:   STANLEY_ID
                                          MONTH:     OCTOBER
                                          YEAR:      2019
                                          LATITUDE:   44 10 N
                                          LONGITUDE: 114 56 W

  TEMPERATURE IN F:       :PCPN:    SNOW:  WIND      :SUNSHINE: SKY     :PK WND
================================================================================
1   2   3   4   5  6A  6B    7    8   9   10  11  12  13   14  15   16   17  18
                                     12Z  AVG MX 2MIN
DY MAX MIN AVG DEP HDD CDD  WTR  SNW DPTH SPD SPD DIR MIN PSBL S-S WX    SPD DR
================================================================================

 1  40  22  31 -13  34   0 0.14    M    M  1.5 10  10   M    M   0        15 150
 2  48  22  35  -8  30   0 0.00    M    M  4.2 14 150   M    M   0        20 160
 3  56  19  38  -5  27   0 0.00    M    M  3.6 13  30   M    M   0        18  20
 4  43  27  35  -8  30   0 0.02    M    M  4.4 16 320   M    M   0        27 310
 5  45  21  33  -9  32   0 0.00    M    M  2.1 12 300   M    M   0        17 330
 6  59  16  38  -4  27   0 0.00    M    M  2.0  7 190   M    M   0        10 340
 7  64  16  40  -2  25   0 0.00    M    M  2.0 10 190   M    M   0        14 200
 8  56  25  41  -1  24   0 0.15    M    M  6.4 23 240   M    M   0        40 230
 9  34  11  23 -18  42   0 0.09    M    M  6.3 15 350   M    M   0        25 350
10  39  14  27 -14  38   0 0.00    M    M  3.5  8 340   M    M   0        11  50
11  51   8  30 -11  35   0 0.00    M    M  2.5  7 180   M    M   0        10 320
12  61  14  38  -2  27   0 0.00    M    M  2.2  8 360   M    M   0        13 360
13  62  16  39  -1  26   0 0.00    M    M  2.8  9 180   M    M   0        14 210
14  57  21  39  -1  26   0 0.00    M    M  3.0 13 260   M    M   0        21 270
15  65  19  42   3  23   0 0.00    M    M  2.8 16 200   M    M   0         M 190
16  67  22  45   6  20   0 0.00    M    M  4.5 13 180   M    M   0        19 180
17  55  27  41   3  24   0 0.04    M    M  3.7 21 180   M    M   0        29 180
18  40  22  31  -7  34   0 0.00    M    M  3.1 13 360   M    M   0        21 310
19  34  19  27 -11  38   0 0.48    M    M  4.4 17 300   M    M   0        26 280
20  37  19  28  -9  37   0 0.01    M    M  2.4  8 110   M    M   0        12 150
================================================================================
SM 1013  380       599   0  0.93    M     67.4          M        0
================================================================================
AV 50.7 19.0                               3.4 FASTST   M    M   0    MAX(MPH)
                                 MISC ---->  # 23 240               # 40  230
================================================================================
NOTES:
# LAST OF SEVERAL OCCURRENCES
PRECIPITATION SUSPECT DURING FREEZING/FROZEN EVENTS

COLUMN 17 PEAK WIND IN M.P.H.

PRELIMINARY LOCAL CLIMATOLOGICAL DATA (WS FORM: F-6) , PAGE 2

                                          STATION:  STANLEY_ID
                                          MONTH:    OCTOBER
                                          YEAR:     2019
                                          LATITUDE:   44 10 N
                                          LONGITUDE: 114 56 W

[TEMPERATURE DATA]      [PRECIPITATION DATA]       SYMBOLS USED IN COLUMN 16

AVERAGE MONTHLY: 34.8   TOTAL FOR MONTH:   0.93    1 = FOG OR MIST
DPTR FM NORMAL:  -5.8   DPTR FM NORMAL:    0.23    2 = FOG REDUCING VISIBILITY
HIGHEST:    67 ON 16    GRTST 24HR  0.48 ON 19-19      TO 1/4 MILE OR LESS
LOWEST:      8 ON 11                               3 = THUNDER
                        SNOW, ICE PELLETS, HAIL    4 = ICE PELLETS
                        TOTAL MONTH:    M          5 = HAIL
                        GRTST 24HR    M  ON   M    6 = FREEZING RAIN OR DRIZZLE
                        GRTST DEPTH:  M  ON   M    7 = DUSTSTORM OR SANDSTORM:
                                                       VSBY 1/2 MILE OR LESS
                                                   8 = SMOKE OR HAZE
[NO. OF DAYS WITH]      [WEATHER - DAYS WITH]      9 = BLOWING SNOW
                                                   X = TORNADO
MAX 32 OR BELOW:   0    0.01 INCH OR MORE:   7
MAX 90 OR ABOVE:   0    0.10 INCH OR MORE:   3
MIN 32 OR BELOW:  20    0.50 INCH OR MORE:   0
MIN  0 OR BELOW:   0    1.00 INCH OR MORE:   0

[HDD (BASE 65) ]
TOTAL THIS MO.   599    CLEAR  (SCALE 0-3)  20
DPTR FM NORMAL   112    PTCLDY (SCALE 4-7)   0
TOTAL FM JUL 1  1402    CLOUDY (SCALE 8-10)  0
DPTR FM NORMAL  -126

[CDD (BASE 65) ]
TOTAL THIS MO.     0
DPTR FM NORMAL     0    [PRESSURE DATA]
TOTAL FM JAN 1     9    HIGHEST SLP M ON M
DPTR FM NORMAL     6    LOWEST  SLP 29.52 ON M

[REMARKS]
