000
CXUS55 KCYS 191000
CF6SNY
PRELIMINARY LOCAL CLIMATOLOGICAL DATA (WS FORM: F-6)

                                          STATION:   SIDNEY NEBRASKA AIRPORT
                                          MONTH:     JANUARY
                                          YEAR:      2019
                                          LATITUDE:   41  5 N
                                          LONGITUDE: 102 59 W

  TEMPERATURE IN F:       :PCPN:    SNOW:  WIND      :SUNSHINE: SKY     :PK WND
================================================================================
1   2   3   4   5  6A  6B    7    8   9   10  11  12  13   14  15   16   17  18
                                     12Z  AVG MX 2MIN
DY MAX MIN AVG DEP HDD CDD  WTR  SNW DPTH SPD SPD DIR MIN PSBL S-S WX    SPD DR
================================================================================

 1  15  -9   3 -26  62   0    T    M    M  8.7 18 290   M    M   0 8      22 290
 2  46   2  24  -5  41   0 0.00    M    M 13.0 21 290   M    M   0        25 290
 3  54  14  34   5  31   0 0.00    M    M 10.8 18 330   M    M   0        30  10
 4  60  24  42  13  23   0 0.00    M    M 12.4 23 320   M    M   0        27 300
 5  61  20  41  12  24   0 0.00    M    M  6.5 14  40   M    M   0        17  50
 6  59  17  38   9  27   0 0.00    M    M  7.1 18 290   M    M   1        24 290
 7  53  12  33   4  32   0 0.00    M    M 20.9 47 290   M    M   2 8      58 290
 8  45  11  28  -1  37   0 0.00    M    M 10.4 23 350   M    M   0        30 340
 9  45   8  27  -2  38   0 0.00    M    M  6.8 18 160   M    M   0        22 160
10  62  20  41  12  24   0 0.00    M    M  8.3 18 350   M    M   0        23 350
11  44  31  38   9  27   0    T    M    M 13.8 24 360   M    M   8        30  10
12  45  15  30   1  35   0    T    M    M  9.7 17 360   M    M   3 1      20 350
13  45  10  28  -1  37   0 0.00    M    M  8.0 15 210   M    M   0        18 220
14  50  12  31   2  34   0 0.00    M    M  9.5 15 310   M    M   0        17 310
15  54  10  32   3  33   0 0.00    M    M  9.3 23 310   M    M   0        27 320
16  46  21  34   5  31   0    T    M    M  9.6 20 300   M    M   5 1      23 300
17  59  23  41  12  24   0 0.00    M    M 10.0 20  70   M    M   3        21  70
18  33  19  26  -3  39   0    T    M    M 12.2 33 340   M    M   9 12     40 350
================================================================================
SM  876  260       599   0    T     M    187.0          M       31
================================================================================
AV 48.7 14.4                              10.4 FASTST   M    M   2    MAX(MPH)
                                 MISC ---->  # 47 290               # 58  290
================================================================================
NOTES:
# LAST OF SEVERAL OCCURRENCES

COLUMN 17 PEAK WIND IN M.P.H.

PRELIMINARY LOCAL CLIMATOLOGICAL DATA (WS FORM: F-6) , PAGE 2

                                          STATION:  SIDNEY NEBRASKA AIRPORT
                                          MONTH:    JANUARY
                                          YEAR:     2019
                                          LATITUDE:   41  5 N
                                          LONGITUDE: 102 59 W

[TEMPERATURE DATA]      [PRECIPITATION DATA]       SYMBOLS USED IN COLUMN 16

AVERAGE MONTHLY: 31.6   TOTAL FOR MONTH:      T    1 = FOG OR MIST
DPTR FM NORMAL:   2.6   DPTR FM NORMAL:   -0.11    2 = FOG REDUCING VISIBILITY
HIGHEST:    62 ON 10    GRTST 24HR    T  ON 18-18      TO 1/4 MILE OR LESS
LOWEST:     -9 ON  1                               3 = THUNDER
                        SNOW, ICE PELLETS, HAIL    4 = ICE PELLETS
                        TOTAL MONTH:    M          5 = HAIL
                        GRTST 24HR    M  ON   M    6 = FREEZING RAIN OR DRIZZLE
                        GRTST DEPTH:  M  ON   M    7 = DUSTSTORM OR SANDSTORM:
                                                       VSBY 1/2 MILE OR LESS
                                                   8 = SMOKE OR HAZE
[NO. OF DAYS WITH]      [WEATHER - DAYS WITH]      9 = BLOWING SNOW
                                                   X = TORNADO
MAX 32 OR BELOW:   1    0.01 INCH OR MORE:   0
MAX 90 OR ABOVE:   0    0.10 INCH OR MORE:   0
MIN 32 OR BELOW:  18    0.50 INCH OR MORE:   0
MIN  0 OR BELOW:   1    1.00 INCH OR MORE:   0

[HDD (BASE 65) ]
TOTAL THIS MO.   599    CLEAR  (SCALE 0-3)  14
DPTR FM NORMAL   -49    PTCLDY (SCALE 4-7)   3
TOTAL FM JUL 1  3335    CLOUDY (SCALE 8-10)  1
DPTR FM NORMAL   140

[CDD (BASE 65) ]
TOTAL THIS MO.     0
DPTR FM NORMAL     0    [PRESSURE DATA]
TOTAL FM JAN 1     0    HIGHEST SLP M ON M
DPTR FM NORMAL     0    LOWEST  SLP 29.48 ON  6

[REMARKS]
