000
CXUS55 KCYS 221000
CF6SNY
PRELIMINARY LOCAL CLIMATOLOGICAL DATA (WS FORM: F-6)

                                          STATION:   SIDNEY NEBRASKA AIRPORT
                                          MONTH:     OCTOBER
                                          YEAR:      2019
                                          LATITUDE:   41  5 N
                                          LONGITUDE: 102 59 W

  TEMPERATURE IN F:       :PCPN:    SNOW:  WIND      :SUNSHINE: SKY     :PK WND
================================================================================
1   2   3   4   5  6A  6B    7    8   9   10  11  12  13   14  15   16   17  18
                                     12Z  AVG MX 2MIN
DY MAX MIN AVG DEP HDD CDD  WTR  SNW DPTH SPD SPD DIR MIN PSBL S-S WX    SPD DR
================================================================================

 1  47  39  43 -13  22   0    T    M    M 12.4 20  40   M    M  10 1      24  30
 2  57  33  45 -11  20   0    T    M    M  6.4 13  20   M    M   6 1      16  20
 3  67  24  46  -9  19   0 0.00    M    M 10.9 22 180   M    M   0        27 160
 4  61  38  50  -5  15   0 0.00    M    M 15.7 29 330   M    M   7 12     40 300
 5  63  36  50  -4  15   0 0.00    M    M 14.2 33 320   M    M   1        43 310
 6  62  27  45  -9  20   0 0.00    M    M  9.2 18 300   M    M   3        25 320
 7  74  25  50  -3  15   0 0.00    M    M  8.1 17 220   M    M   0        20 220
 8  84  25  55   2  10   0 0.00    M    M  7.9 17 330   M    M   0        22 330
 9  68  29  49  -4  16   0    T    M    M 16.9 33  10   M    M   2 6      42  10
10  29  14  22 -30  43   0    T    M    M 22.3 35 340   M    M   7 6      43 340
11  46  11  29 -23  36   0 0.00    M    M 14.7 31 310   M    M   0        40 320
12  63  14  39 -13  26   0 0.00    M    M  8.6 22 310   M    M   0        30 320
13  70  18  44  -7  21   0 0.00  0.0    M  6.7 15 280   M    M   0        19 280
14  78  24  51   0  14   0 0.00  0.0    M 12.4 30 290   M    M   0        44 280
15  57  23  40 -10  25   0 0.00    M    M 10.0 24 350   M    M   0        30 340
16  80  23  52   2  13   0 0.00    M    M  8.8 20 300   M    M   0        27 280
17  81  33  57   7   8   0 0.00    M    M  7.9 18 200   M    M   0        22 190
18  62  28  45  -4  20   0    T    M    M 14.8 33 340   M    M   1        39 340
19  64  27  46  -3  19   0 0.00    M    M 11.3 24 290   M    M   2        29 290
20  53  35  44  -5  21   0    T    M    M 26.1 47 320   M    M   5 1      63 310
21  50  27  39  -9  26   0 0.00    M    M 18.9 37 330   M    M   2        46 350
================================================================================
SM 1316  553       424   0    T      0.0 264.2          M       46
================================================================================
AV 62.7 26.3                              12.6 FASTST   M    M   2    MAX(MPH)
                                 MISC ---->  # 47 320               # 63  310
================================================================================
NOTES:
# LAST OF SEVERAL OCCURRENCES

COLUMN 17 PEAK WIND IN M.P.H.

PRELIMINARY LOCAL CLIMATOLOGICAL DATA (WS FORM: F-6) , PAGE 2

                                          STATION:  SIDNEY NEBRASKA AIRPORT
                                          MONTH:    OCTOBER
                                          YEAR:     2019
                                          LATITUDE:   41  5 N
                                          LONGITUDE: 102 59 W

[TEMPERATURE DATA]      [PRECIPITATION DATA]       SYMBOLS USED IN COLUMN 16

AVERAGE MONTHLY: 44.5   TOTAL FOR MONTH:      T    1 = FOG OR MIST
DPTR FM NORMAL:  -7.5   DPTR FM NORMAL:   -0.79    2 = FOG REDUCING VISIBILITY
HIGHEST:    84 ON  8    GRTST 24HR    T  ON 20-20      TO 1/4 MILE OR LESS
LOWEST:     11 ON 11                               3 = THUNDER
                        SNOW, ICE PELLETS, HAIL    4 = ICE PELLETS
                        TOTAL MONTH:   0.0 INCH    5 = HAIL
                        GRTST 24HR     0.0         6 = FREEZING RAIN OR DRIZZLE
                        GRTST DEPTH:  M  ON   M    7 = DUSTSTORM OR SANDSTORM:
                                                       VSBY 1/2 MILE OR LESS
                                                   8 = SMOKE OR HAZE
[NO. OF DAYS WITH]      [WEATHER - DAYS WITH]      9 = BLOWING SNOW
                                                   X = TORNADO
MAX 32 OR BELOW:   1    0.01 INCH OR MORE:   0
MAX 90 OR ABOVE:   0    0.10 INCH OR MORE:   0
MIN 32 OR BELOW:  15    0.50 INCH OR MORE:   0
MIN  0 OR BELOW:   0    1.00 INCH OR MORE:   0

[HDD (BASE 65) ]
TOTAL THIS MO.   424    CLEAR  (SCALE 0-3)  16
DPTR FM NORMAL   146    PTCLDY (SCALE 4-7)   4
TOTAL FM JUL 1   496    CLOUDY (SCALE 8-10)  1
DPTR FM NORMAL    78

[CDD (BASE 65) ]
TOTAL THIS MO.     0
DPTR FM NORMAL    -1    [PRESSURE DATA]
TOTAL FM JAN 1   604    HIGHEST SLP  0.00 ON 19
DPTR FM NORMAL  -223    LOWEST  SLP 29.34 ON 18

[REMARKS]
