000
CXUS53 KILX 250029
CF6SPI
PRELIMINARY LOCAL CLIMATOLOGICAL DATA (WS FORM: F-6)

                                          STATION:   SPRINGFIELD IL
                                          MONTH:     JANUARY
                                          YEAR:      2020
                                          LATITUDE:   39 50 N
                                          LONGITUDE:  89 41 W

  TEMPERATURE IN F:       :PCPN:    SNOW:  WIND      :SUNSHINE: SKY     :PK WND
================================================================================
1   2   3   4   5  6A  6B    7    8   9   10  11  12  13   14  15   16   17  18
                                     12Z  AVG MX 2MIN
DY MAX MIN AVG DEP HDD CDD  WTR  SNW DPTH SPD SPD DIR MIN PSBL S-S WX    SPD DR
================================================================================

 1  50  27  39  12  26   0 0.00  0.0    0 13.5 25 180   M    M   0        36 180
 2  51  37  44  17  21   0 0.00  0.0    0 10.3 21 190   M    M   1        27 180
 3  44  32  38  11  27   0    T    T    0  6.6 18 350   M    M   9 1      23 360
 4  37  24  31   4  34   0 0.02    T    0  7.6 23 310   M    M   7 1      31 310
 5  51  24  38  11  27   0 0.00  0.0    0 12.8 28 310   M    M   0        39 280
 6  45  23  34   7  31   0 0.00  0.0    0  3.5  9 320   M    M   1        14 310
 7  43  26  35   8  30   0 0.00  0.0    0  8.2 22 270   M    M   2        29 260
 8  34  24  29   2  36   0 0.00  0.0    0 10.1 21 130   M    M   1        29 130
 9  54  33  44  17  21   0 0.01  0.0    0 20.5 32 170   M    M   8        45 170
10  59  50  55  29  10   0 1.59  0.0    0  8.3 22 150   M    M   9 13     28 160
11  54  25  40  14  25   0 1.00  2.7    0 14.8 26  10   M    M  10 138    38  10
12  33  24  29   3  36   0 0.00  0.0    2  6.4 18 190   M    M  10 1      24 170
13  39  32  36  10  29   0 0.00  0.0    2  8.1 20 150   M    M  10 1      25 150
14  46  32  39  13  26   0 0.00  0.0    0  4.8 12 260   M    M   6 12     17 240
15  50  29  40  14  25   0    T  0.0    0 11.2 20 320   M    M  10 12     29 310
16  29  15  22  -4  43   0 0.00  0.0    0 10.2 21 310   M    M   1        26 320
17  33  20  27   1  38   0 0.55    T    T 14.0 25 160   M    M   6 16     33 150
18  41  11  26   0  39   0 0.71  0.0    T 19.2 37 280   M    M   8 1      48 280
19  13   5   9 -17  56   0 0.00  0.0    0 14.4 23 290   M    M   6        32 290
20  24   9  17  -9  48   0 0.00  0.0    0  6.6 14 360   M    M   6 8      16 360
21  29  13  21  -6  44   0 0.00  0.0    0  7.7 18 160   M    M   2 18     25 170
22  35  23  29   2  36   0 0.04  0.2    0 14.9 22 170   M    M   3 16     30 160
23  33  31  32   5  33   0 0.47  1.7    1 10.4 21 170   M    M  10 16     27 170
================================================================================
SM  927  569       741   0  4.39     4.6 244.1          M      126
================================================================================
AV 40.3 24.7                              10.6 FASTST   M    M   5    MAX(MPH)
                                 MISC ---->  # 37 280               # 48  280
================================================================================
NOTES:
# LAST OF SEVERAL OCCURRENCES

COLUMN 17 PEAK WIND IN M.P.H.

PRELIMINARY LOCAL CLIMATOLOGICAL DATA (WS FORM: F-6) , PAGE 2

                                          STATION:  SPRINGFIELD IL
                                          MONTH:    JANUARY
                                          YEAR:     2020
                                          LATITUDE:   39 50 N
                                          LONGITUDE:  89 41 W

[TEMPERATURE DATA]      [PRECIPITATION DATA]       SYMBOLS USED IN COLUMN 16

AVERAGE MONTHLY: 32.5   TOTAL FOR MONTH:   4.39    1 = FOG OR MIST
DPTR FM NORMAL:   6.0   DPTR FM NORMAL:    3.00    2 = FOG REDUCING VISIBILITY
HIGHEST:    59 ON 10    GRTST 24HR  1.59 ON 10-10      TO 1/4 MILE OR LESS
LOWEST:      5 ON 19                               3 = THUNDER
                        SNOW, ICE PELLETS, HAIL    4 = ICE PELLETS
                        TOTAL MONTH:   4.6 INCHES  5 = HAIL
                        GRTST 24HR   2.7 ON 11-11  6 = FREEZING RAIN OR DRIZZLE
                        GRTST DEPTH:   2 ON 13,12  7 = DUSTSTORM OR SANDSTORM:
                                                       VSBY 1/2 MILE OR LESS
                                                   8 = SMOKE OR HAZE
[NO. OF DAYS WITH]      [WEATHER - DAYS WITH]      9 = BLOWING SNOW
                                                   X = TORNADO
MAX 32 OR BELOW:   4    0.01 INCH OR MORE:   8
MAX 90 OR ABOVE:   0    0.10 INCH OR MORE:   5
MIN 32 OR BELOW:  20    0.50 INCH OR MORE:   4
MIN  0 OR BELOW:   0    1.00 INCH OR MORE:   2

[HDD (BASE 65) ]
TOTAL THIS MO.   741    CLEAR  (SCALE 0-3)   9
DPTR FM NORMAL  -140    PTCLDY (SCALE 4-7)   7
TOTAL FM JUL 1  2851    CLOUDY (SCALE 8-10)  7
DPTR FM NORMAL  -170

[CDD (BASE 65) ]
TOTAL THIS MO.     0
DPTR FM NORMAL     0    [PRESSURE DATA]
TOTAL FM JAN 1     0    HIGHEST SLP M ON M
DPTR FM NORMAL     0    LOWEST  SLP 29.60 ON  2

[REMARKS]
