000
CXUS53 KILX 202300
CF6SPI
PRELIMINARY LOCAL CLIMATOLOGICAL DATA (WS FORM: F-6)

                                          STATION:   SPRINGFIELD IL
                                          MONTH:     OCTOBER
                                          YEAR:      2019
                                          LATITUDE:   39 50 N
                                          LONGITUDE:  89 41 W

  TEMPERATURE IN F:       :PCPN:    SNOW:  WIND      :SUNSHINE: SKY     :PK WND
================================================================================
1   2   3   4   5  6A  6B    7    8   9   10  11  12  13   14  15   16   17  18
                                     12Z  AVG MX 2MIN
DY MAX MIN AVG DEP HDD CDD  WTR  SNW DPTH SPD SPD DIR MIN PSBL S-S WX    SPD DR
================================================================================

 1  91  73  82  22   0  17 0.00  0.0    0  8.7 17 240   M    M   1        26 260
 2  88  71  80  20   0  15 0.00  0.0    0  6.9 20 280   M    M   5        28 260
 3  75  50  63   3   2   0 0.06  0.0    0  9.5 21 320   M    M   5 1      28 310
 4  68  45  57  -2   8   0 0.00  0.0    0  8.4 16  70   M    M   0        21  70
 5  71  48  60   1   5   0 0.11  0.0    0  7.1 15 190   M    M   4 3      21 140
 6  72  46  59   1   6   0 0.04  0.0    0  5.2 17 340   M    M   4 1      23 330
 7  73  41  57  -1   8   0 0.00  0.0    0  2.6 10 360   M    M   0 1      17 290
 8  73  41  57  -1   8   0 0.00  0.0    0  3.6 12 120   M    M   0 1      16 190
 9  74  43  59   2   6   0 0.00  0.0    0  5.9 15 130   M    M   0 1      21 110
10  68  57  63   6   2   0 0.29  0.0    0  7.7 16 160   M    M   5 1      23 140
11  68  33  51  -6  14   0 0.18  0.0    0 10.1 20 300   M    M   7 1      29 300
12  59  32  46 -10  19   0 0.00  0.0    0 11.7 20 190   M    M   0        31 200
13  66  36  51  -5  14   0 0.00  0.0    0  8.9 21 250   M    M   0        29 250
14  65  30  48  -8  17   0 0.00  0.0    0  3.8 10 240   M    M   0 1      17 250
15  67  47  57   2   8   0 0.00  0.0    0 10.5 24 310   M    M   5        37 330
16  55  36  46  -9  19   0 0.00  0.0    0  9.9 20 330   M    M   5        27 330
17  60  31  46  -9  19   0 0.00  0.0    0  2.7 10 310   M    M   0 1      15 300
18  65  36  51  -3  14   0 0.00  0.0    0  8.6 16 130   M    M   0        24 170
19  69  46  58   4   7   0    T  0.0    0  7.0 15 160   M    M   4        23 150
================================================================================
SM 1327  842       176  32  0.68     0.0 138.8          M       45
================================================================================
AV 69.8 44.3                               7.3 FASTST   M    M   2    MAX(MPH)
                                 MISC ---->  # 24 310               # 37  330
================================================================================
NOTES:
# LAST OF SEVERAL OCCURRENCES

COLUMN 17 PEAK WIND IN M.P.H.

PRELIMINARY LOCAL CLIMATOLOGICAL DATA (WS FORM: F-6) , PAGE 2

                                          STATION:  SPRINGFIELD IL
                                          MONTH:    OCTOBER
                                          YEAR:     2019
                                          LATITUDE:   39 50 N
                                          LONGITUDE:  89 41 W

[TEMPERATURE DATA]      [PRECIPITATION DATA]       SYMBOLS USED IN COLUMN 16

AVERAGE MONTHLY: 57.1   TOTAL FOR MONTH:   0.68    1 = FOG OR MIST
DPTR FM NORMAL:   0.0   DPTR FM NORMAL:   -1.22    2 = FOG REDUCING VISIBILITY
HIGHEST:    91 ON  1    GRTST 24HR  0.29 ON 10-10      TO 1/4 MILE OR LESS
LOWEST:     30 ON 14                               3 = THUNDER
                        SNOW, ICE PELLETS, HAIL    4 = ICE PELLETS
                        TOTAL MONTH:   0.0 INCH    5 = HAIL
                        GRTST 24HR     0.0         6 = FREEZING RAIN OR DRIZZLE
                        GRTST DEPTH:   0           7 = DUSTSTORM OR SANDSTORM:
                                                       VSBY 1/2 MILE OR LESS
                                                   8 = SMOKE OR HAZE
[NO. OF DAYS WITH]      [WEATHER - DAYS WITH]      9 = BLOWING SNOW
                                                   X = TORNADO
MAX 32 OR BELOW:   0    0.01 INCH OR MORE:   5
MAX 90 OR ABOVE:   1    0.10 INCH OR MORE:   3
MIN 32 OR BELOW:   3    0.50 INCH OR MORE:   0
MIN  0 OR BELOW:   0    1.00 INCH OR MORE:   0

[HDD (BASE 65) ]
TOTAL THIS MO.   176    CLEAR  (SCALE 0-3)  10
DPTR FM NORMAL     7    PTCLDY (SCALE 4-7)   9
TOTAL FM JUL 1   177    CLOUDY (SCALE 8-10)  0
DPTR FM NORMAL   -73

[CDD (BASE 65) ]
TOTAL THIS MO.    32
DPTR FM NORMAL    13    [PRESSURE DATA]
TOTAL FM JAN 1  1309    HIGHEST SLP M ON M
DPTR FM NORMAL   191    LOWEST  SLP 29.72 ON 19

[REMARKS]
