000
CXUS52 KJAX 270800
CF6SSI
PRELIMINARY LOCAL CLIMATOLOGICAL DATA (WS FORM: F-6)

                                          STATION:   ST SIMONS ISLAND
                                          MONTH:     MAY
                                          YEAR:      2020
                                          LATITUDE:   31  9 N
                                          LONGITUDE:  81 23 W

  TEMPERATURE IN F:       :PCPN:    SNOW:  WIND      :SUNSHINE: SKY     :PK WND
================================================================================
1   2   3   4   5  6A  6B    7    8   9   10  11  12  13   14  15   16   17  18
                                     12Z  AVG MX 2MIN
DY MAX MIN AVG DEP HDD CDD  WTR  SNW DPTH SPD SPD DIR MIN PSBL S-S WX    SPD DR
================================================================================

 1  79  58  69  -1   0   4 0.00  0.0    0  8.9 21 280   M    M   0        30 290
 2  80  56  68  -3   0   3 0.00  0.0    0  5.1 13 120   M    M   0        16 120
 3  84  65  75   4   0  10 0.00  0.0    0  8.1 15 160   M    M   0        20 150
 4  87  65  76   5   0  11 0.00  0.0    0  7.4 14 170   M    M   0        20 160
 5  91  68  80   8   0  15 0.00  0.0    0 10.2 17 220   M    M   0        22 240
 6  84  65  75   3   0  10 0.00  0.0    0 10.4 18 290   M    M   2        26 220
 7  73  54  64  -8   1   0 0.00  0.0    0  8.0 17  20   M    M   0        25 340
 8  76  57  67  -5   0   2 0.00  0.0    0 10.1 21 230   M    M   0        28 230
 9  70  62  66  -7   0   1 0.00  0.0    0 10.8 18 350   M    M   3        25 220
10  76  65  71  -2   0   6 0.00  0.0    0  9.2 14 100   M    M   0        19  80
11  84  60  72  -1   0   7 0.00  0.0    0  6.6 16 280   M    M   0 1      23 280
12  74  55  65  -9   0   0 0.00  0.0    0  9.4 20  30   M    M   1        25  30
13  79  65  72  -2   0   7 0.00  0.0    0 11.0 17 100   M    M   2        22  90
14  81  71  76   2   0  11 0.00  0.0    0 11.5 17 120   M    M   2        22  90
15  82  71  77   3   0  12    T  0.0    0  9.7 15  80   M    M   2        20  60
16  84  70  77   2   0  12    T  0.0    0 10.6 21  50   M    M   3        27  70
17  85  69  77   2   0  12 0.00  0.0    0  9.9 18  30   M    M   3        24  30
18  89  71  80   5   0  15 0.00  0.0    0  7.8 16 220   M    M   1        22 150
19  86  72  79   4   0  14    T  0.0    0  8.7 16 140   M    M   5        21 230
20  81  70  76   0   0  11 0.13  0.0    0  7.2 18 310   M    M   4 13     24 280
21  89  70  80   4   0  15 0.03  0.0    0  6.3 15 240   M    M   4 3      20 240
22  88  70  79   3   0  14 1.24  0.0    0  7.6 17 340   M    M   2 13     26 340
23  87  69  78   2   0  13 0.65  0.0    0  7.5 16 150   M    M   3 13     22 350
24  83  71  77   0   0  12 0.00  0.0    0  5.8 10 130   M    M   1 1      14 120
25  83  76  80   3   0  15 0.08  0.0    0 11.3 22  90   M    M   2        26  70
26  80  76  78   1   0  13 0.04  0.0    0 12.9 20  80   M    M   8        28  80
================================================================================
SM 2135 1721         1 245  2.17  0.0    232.0          M       48
================================================================================
AV 82.1 66.2                               8.9 FASTST   M    M   2    MAX(MPH)
                                 MISC ---->    22  90                 30 290
================================================================================
NOTES:
# LAST OF SEVERAL OCCURRENCES

COLUMN 17 PEAK WIND IN M.P.H.

PRELIMINARY LOCAL CLIMATOLOGICAL DATA (WS FORM: F-6) , PAGE 2

                                          STATION:   ST SIMONS ISLAND
                                          MONTH:     MAY
                                          YEAR:      2020
                                          LATITUDE:   31  9 N
                                          LONGITUDE:  81 23 W

[TEMPERATURE DATA]      [PRECIPITATION DATA]       SYMBOLS USED IN COLUMN 16

AVERAGE MONTHLY: 74.2   TOTAL FOR MONTH:   2.17    1 = FOG OR MIST
DPTR FM NORMAL:   0.3   DPTR FM NORMAL:    0.76    2 = FOG REDUCING VISIBILITY
HIGHEST:    91 ON  5    GRTST 24HR  1.84 ON 22-23      TO 1/4 MILE OR LESS
LOWEST:     54 ON  7                               3 = THUNDER
                        SNOW, ICE PELLETS, HAIL    4 = ICE PELLETS
                        TOTAL MONTH:   0.0 INCH    5 = HAIL
                        GRTST 24HR  0.0            6 = FREEZING RAIN OR DRIZZLE
                        GRTST DEPTH:  0            7 = DUSTSTORM OR SANDSTORM:
                                                       VSBY 1/2 MILE OR LESS
                                                   8 = SMOKE OR HAZE
[NO. OF DAYS WITH]      [WEATHER - DAYS WITH]      9 = BLOWING SNOW
                                                   X = TORNADO
MAX 32 OR BELOW:   0    0.01 INCH OR MORE:   6
MAX 90 OR ABOVE:   1    0.10 INCH OR MORE:   3
MIN 32 OR BELOW:   0    0.50 INCH OR MORE:   2
MIN  0 OR BELOW:   0    1.00 INCH OR MORE:   1

[HDD (BASE 65) ]
TOTAL THIS MO.     1    CLEAR  (SCALE 0-3)  22
DPTR FM NORMAL    -1    PTCLDY (SCALE 4-7)   4
TOTAL FM JUL 1   938    CLOUDY (SCALE 8-10)  0
DPTR FM NORMAL  -548

[CDD (BASE 65) ]
TOTAL THIS MO.   245
DPTR FM NORMAL    10    [PRESSURE DATA]
TOTAL FM JAN 1   636    HIGHEST SLP M ON M
DPTR FM NORMAL   258    LOWEST  SLP 29.77 ON 19

[REMARKS]
