000
CXUS53 KGRB 260754
CF6STE
PRELIMINARY LOCAL CLIMATOLOGICAL DATA (WS FORM: F-6)

                                          STATION:   STEVENS POINT WI
                                          MONTH:     NOVEMBER
                                          YEAR:      2018
                                          LATITUDE:   44 32 N
                                          LONGITUDE:  89 32 W

  TEMPERATURE IN F:       :PCPN:    SNOW:  WIND      :SUNSHINE: SKY     :PK WND
================================================================================
1   2   3   4   5  6A  6B    7    8   9   10  11  12  13   14  15   16   17  18
                                     12Z  AVG MX 2MIN
DY MAX MIN AVG DEP HDD CDD  WTR  SNW DPTH SPD SPD DIR MIN PSBL S-S WX    SPD DR
================================================================================

 1  47  22  35   M  30   0 0.00  0.0    0  1.7  9  70   M    M   1         M  M
 2  42  23  33   M  32   0 0.00  0.0    0  2.5  8  70   M    M   7 1       M  M
 3  44  28  36   M  29   0 0.00  0.0    0  3.1  8 130   M    M   7         M  M
 4  46  32  39   M  26   0 0.62    M    0 13.3 21 100   M    M  10        29 100
 5  45  36  41   M  24   0 0.08    M    0  7.8 13 250   M    M  10 1      20 250
 6  40  31  36   M  29   0 0.04    M    0  8.0 16 260   M    M  10        25 270
 7  32  28  30   M  35   0 0.00  0.0    0 10.8 15 270   M    M  10        25 280
 8  30  24  27   M  38   0 0.00  0.0    0  4.0  9 290   M    M  10        16 280
 9  25  17  21   M  44   0 0.03    M    0  8.6 16 300   M    M   9 18     29 300
10  22  16  19   M  46   0 0.00  0.0    0  6.6 20 320   M    M   7        27 300
11  29  20  25   M  40   0 0.00  0.0    0  5.3 10 270   M    M  10         M  M
12  25  16  21   M  44   0 0.00  0.0    0  7.7 10 320   M    M  10        18 320
13  17   9  13   M  52   0 0.00  0.0    0  6.4 10 270   M    M   4         M  M
14  29   3  16   M  49   0 0.00  0.0    0  3.5  9 170   M    M   2         M  M
15  38  17  28   M  37   0 0.00  0.0    0  6.5 13 180   M    M   4        18 180
16  32  27  30   M  35   0 0.00  0.0    0  5.8 10 280   M    M  10        21 280
17  28   8  18   M  47   0 0.00  0.0    0  4.4  8 340   M    M   6         M  M
18  27   2  15   M  50   0 0.00  0.0    0  5.3 13 270   M    M   1        17 270
19  29  20  25   M  40   0 0.00  0.0    0  4.7  9 350   M    M   9         M  M
20  26  11  19   M  46   0 0.00  0.0    0  7.9 14 250   M    M  10        23 230
21  25  18  22   M  43   0 0.00  0.0    0  6.9 13 340   M    M   9         M  M
22  33  19  26   M  39   0 0.00  0.0    0  9.5 14 130   M    M  10 1      20 110
23  45  29  37   M  28   0 0.00  0.0    0  8.0 15 170   M    M   5 1      20 170
24  38  32  35   M  30   0 0.05    M    0  6.4 13 270   M    M  10 1      17 290
25  32  23  28   M  37   0 0.00  0.0    0  9.4 16  10   M    M  10        22  10
================================================================================
SM  826  511       950   0  0.82     0.0 164.1          M      191
================================================================================
AV 33.0 20.4                               6.6 FASTST   M    M   8    MAX(MPH)
                                 MISC ---->  # 21 100               # 29  100
================================================================================
NOTES:
# LAST OF SEVERAL OCCURRENCES

COLUMN 17 PEAK WIND IN M.P.H.

PRELIMINARY LOCAL CLIMATOLOGICAL DATA (WS FORM: F-6) , PAGE 2

                                          STATION:  STEVENS POINT WI
                                          MONTH:    NOVEMBER
                                          YEAR:     2018
                                          LATITUDE:   44 32 N
                                          LONGITUDE:  89 32 W

[TEMPERATURE DATA]      [PRECIPITATION DATA]       SYMBOLS USED IN COLUMN 16

AVERAGE MONTHLY: 26.7   TOTAL FOR MONTH:   0.82    1 = FOG OR MIST
DPTR FM NORMAL:     M   DPTR FM NORMAL:       M    2 = FOG REDUCING VISIBILITY
HIGHEST:    47 ON  1    GRTST 24HR  0.62 ON  4- 4      TO 1/4 MILE OR LESS
LOWEST:      2 ON 18                               3 = THUNDER
                        SNOW, ICE PELLETS, HAIL    4 = ICE PELLETS
                        TOTAL MONTH:   0.0 INCH    5 = HAIL
                        GRTST 24HR     0.0         6 = FREEZING RAIN OR DRIZZLE
                        GRTST DEPTH:   0           7 = DUSTSTORM OR SANDSTORM:
                                                       VSBY 1/2 MILE OR LESS
                                                   8 = SMOKE OR HAZE
[NO. OF DAYS WITH]      [WEATHER - DAYS WITH]      9 = BLOWING SNOW
                                                   X = TORNADO
MAX 32 OR BELOW:  15    0.01 INCH OR MORE:   5
MAX 90 OR ABOVE:   0    0.10 INCH OR MORE:   1
MIN 32 OR BELOW:  24    0.50 INCH OR MORE:   1
MIN  0 OR BELOW:   0    1.00 INCH OR MORE:   0

[HDD (BASE 65) ]
TOTAL THIS MO.   950    CLEAR  (SCALE 0-3)   3
DPTR FM NORMAL     M    PTCLDY (SCALE 4-7)   7
TOTAL FM JUL 1  1924    CLOUDY (SCALE 8-10) 15
DPTR FM NORMAL     M

[CDD (BASE 65) ]
TOTAL THIS MO.     0
DPTR FM NORMAL     M    [PRESSURE DATA]
TOTAL FM JAN 1   425    HIGHEST SLP M ON M
DPTR FM NORMAL   425    LOWEST  SLP M ON M

[REMARKS]
