000
CXUS53 KGRB 270743
CF6STE
PRELIMINARY LOCAL CLIMATOLOGICAL DATA (WS FORM: F-6)

                                          STATION:   STEVENS POINT WI
                                          MONTH:     MAY
                                          YEAR:      2020
                                          LATITUDE:   44 32 N
                                          LONGITUDE:  89 32 W

  TEMPERATURE IN F:       :PCPN:    SNOW:  WIND      :SUNSHINE: SKY     :PK WND
================================================================================
1   2   3   4   5  6A  6B    7    8   9   10  11  12  13   14  15   16   17  18
                                     12Z  AVG MX 2MIN
DY MAX MIN AVG DEP HDD CDD  WTR  SNW DPTH SPD SPD DIR MIN PSBL S-S WX    SPD DR
================================================================================

 1  65  28  47   M  18   0 0.01    M    0  5.5 13 170   M    M   4        18 150
 2  72  47  60   M   5   0 0.00  0.0    0 10.3 21 260   M    M   1        35 260
 3  64  34  49   M  16   0 0.00  0.0    0 10.1 17 350   M    M   0        31 300
 4  53  30  42   M  23   0 0.00  0.0    0  6.6 13 120   M    M   0        16  50
 5  55  34  45   M  20   0 0.00  0.0    0  7.2 13  90   M    M   0        17  90
 6  63  29  46   M  19   0 0.00  0.0    0  5.2 13 310   M    M   3        21 310
 7  55  36  46   M  19   0 0.00  0.0    0  8.2 14 330   M    M   1        24 280
 8  40  25  33   M  32   0 0.00  0.0    0  8.7 17  30   M    M   5        25 330
 9  52  29  41   M  24   0 0.01    M    0  8.4 16 250   M    M   5        24 290
10  40  33  37   M  28   0 0.01    M    0  9.1 13  30   M    M  10        22 340
11  51  24  38   M  27   0 0.00  0.0    0  6.1 12 280   M    M   3        23 330
12  54  21  38   M  27   0 0.00  0.0    0  3.5 10 320   M    M   0        16 320
13  62  26  44   M  21   0 0.00  0.0    0  8.8 17 110   M    M   5        25 110
14  62  46  54   M  11   0 0.05    M    0  5.4 10 150   M    M   8 1      18 150
15  68  40  54   M  11   0 0.00  0.0    0  6.2 13  20   M    M   0 1      17 300
16  66  42  54   M  11   0 0.00  0.0    0  9.2 14  90   M    M   0        20 100
17  50  46  48   M  17   0 0.54    M    0 17.5 27  50   M    M  10        38  50
18  50  46  48   M  17   0 0.11    M    0 17.6 22  50   M    M  10 1      33  50
19  67  46  57   M   8   0 0.00  0.0    0 12.2 18  60   M    M   9        27  60
20  73  48  61   M   4   0 0.00  0.0    0  7.8 17 100   M    M   2        24 100
21  72  44  58   M   7   0 0.00  0.0    0  6.1 13 130   M    M   5 8      20 140
22  64  58  61   M   4   0 0.00  0.0    0  2.2  6 120   M    M  10         M  M
23  74  54  64   M   1   0 0.03  0.0    0  7.2 15  90   M    M   8 1      21 130
24  78  58  68   M   0   3 0.00  0.0    0  3.5  8 180   M    M   5 1      10 180
25  84  57  71   M   0   6 0.00  0.0    0  5.3 14 190   M    M   3 1      20 220
26  83  59  71   M   0   6 0.05  0.0    0  6.6 15 140   M    M   3 3      21 140
================================================================================
SM 1617 1040       370  15  0.81     0.0 204.5          M      110
================================================================================
AV 62.2 40.0                               7.9 FASTST   M    M   4    MAX(MPH)
                                 MISC ---->  # 27  50               # 38   50
================================================================================
NOTES:
# LAST OF SEVERAL OCCURRENCES

COLUMN 17 PEAK WIND IN M.P.H.

PRELIMINARY LOCAL CLIMATOLOGICAL DATA (WS FORM: F-6) , PAGE 2

                                          STATION:  STEVENS POINT WI
                                          MONTH:    MAY
                                          YEAR:     2020
                                          LATITUDE:   44 32 N
                                          LONGITUDE:  89 32 W

[TEMPERATURE DATA]      [PRECIPITATION DATA]       SYMBOLS USED IN COLUMN 16

AVERAGE MONTHLY: 51.1   TOTAL FOR MONTH:   0.81    1 = FOG OR MIST
DPTR FM NORMAL:     M   DPTR FM NORMAL:       M    2 = FOG REDUCING VISIBILITY
HIGHEST:    84 ON 25    GRTST 24HR  0.54 ON 17-17      TO 1/4 MILE OR LESS
LOWEST:     21 ON 12                               3 = THUNDER
                        SNOW, ICE PELLETS, HAIL    4 = ICE PELLETS
                        TOTAL MONTH:   0.0 INCH    5 = HAIL
                        GRTST 24HR     0.0         6 = FREEZING RAIN OR DRIZZLE
                        GRTST DEPTH:   0           7 = DUSTSTORM OR SANDSTORM:
                                                       VSBY 1/2 MILE OR LESS
                                                   8 = SMOKE OR HAZE
[NO. OF DAYS WITH]      [WEATHER - DAYS WITH]      9 = BLOWING SNOW
                                                   X = TORNADO
MAX 32 OR BELOW:   0    0.01 INCH OR MORE:   8
MAX 90 OR ABOVE:   0    0.10 INCH OR MORE:   2
MIN 32 OR BELOW:   8    0.50 INCH OR MORE:   1
MIN  0 OR BELOW:   0    1.00 INCH OR MORE:   0

[HDD (BASE 65) ]
TOTAL THIS MO.   370    CLEAR  (SCALE 0-3)  12
DPTR FM NORMAL     M    PTCLDY (SCALE 4-7)   7
TOTAL FM JUL 1  8343    CLOUDY (SCALE 8-10)  7
DPTR FM NORMAL  8085

[CDD (BASE 65) ]
TOTAL THIS MO.    15
DPTR FM NORMAL     M    [PRESSURE DATA]
TOTAL FM JAN 1    15    HIGHEST SLP M ON M
DPTR FM NORMAL    15    LOWEST  SLP M ON M

[REMARKS]
