000
CXUS53 KGRB 300726
CF6STE
PRELIMINARY LOCAL CLIMATOLOGICAL DATA (WS FORM: F-6)

                                          STATION:   STEVENS POINT WI
                                          MONTH:     SEPTEMBER
                                          YEAR:      2019
                                          LATITUDE:   44 32 N
                                          LONGITUDE:  89 32 W

  TEMPERATURE IN F:       :PCPN:    SNOW:  WIND      :SUNSHINE: SKY     :PK WND
================================================================================
1   2   3   4   5  6A  6B    7    8   9   10  11  12  13   14  15   16   17  18
                                     12Z  AVG MX 2MIN
DY MAX MIN AVG DEP HDD CDD  WTR  SNW DPTH SPD SPD DIR MIN PSBL S-S WX    SPD DR
================================================================================

 1  73  40  57   M   8   0 0.00  0.0    0  2.8  9 230   M    M   6         M  M
 2  75  59  67   M   0   2 0.00  0.0    0  3.9 12 130   M    M   9 3       M  M
 3  76  58  67   M   0   2 0.96  0.0    0 10.1 17 280   M    M   7 3      30 280
 4  59  41  50   M  15   0 0.00  0.0    0  3.9 12 310   M    M   5        17 310
 5  70  37  54   M  11   0 0.00  0.0    0  4.9 15 160   M    M   6        22 160
 6  69  47  58   M   7   0 0.00  0.0    0  7.5 17 340   M    M   6        28 340
 7  65  48  57   M   8   0 0.00  0.0    0  4.2 10 300   M    M   3         M  M
 8  62  50  56   M   9   0 0.00  0.0    0  7.1 10 100   M    M  10         M  M
 9  62  51  57   M   8   0 0.64  0.0    0  8.4 14 100   M    M  10 13     23 100
10  80  61  71   M   0   6 0.31  0.0    0  6.9 14 250   M    M   6 123    23 250
11  62  52  57   M   8   0 1.46  0.0    0  8.9 17  80   M    M  10 123    21  80
12  58  52  55   M  10   0 1.17  0.0    0 12.9 18  90   M    M  10 13     25  90
13  65  52  59   M   6   0 0.04  0.0    0 11.1 20 240   M    M   9 1      32 240
14  69  47  58   M   7   0 0.00  0.0    0  5.4  9 250   M    M   4         M  M
15  71  56  64   M   1   0 0.00  0.0    0  2.0  6 100   M    M   8 12      M  M
16  80  58  69   M   0   4 0.01  0.0    0  2.3  8 170   M    M   4 12      M  M
17  80  56  68   M   0   3 0.00  0.0    0  5.8 12 140   M    M   0        16 140
18  77  58  68   M   0   3 0.00  0.0    0  7.6 15 170   M    M   2 1      23 190
19  74  57  66   M   0   1 0.12  0.0    0  5.0 13 210   M    M   6 13     17 210
20  78  56  67   M   0   2 0.00  0.0    0  3.6  9 150   M    M   8 12      M  M
21  73  63  68   M   0   3 0.02  0.0    0  9.4 16 210   M    M   7 13     23 210
22  69  55  62   M   3   0 0.27  0.0    0  5.8  9 290   M    M   9         M  M
23  70  47  59   M   6   0 0.00  0.0    0  5.7 12 280   M    M   4        18 260
24  78  43  61   M   4   0 0.28    M    0  7.4 17 190   M    M   3 13     25 190
25  67  51  59   M   6   0 0.34  0.0    0  9.9 16 270   M    M   6        29 270
26  64  46  55   M  10   0 0.00  0.0    0  6.7 16 260   M    M   2        21 260
27  61  49  55   M  10   0 0.20    M    0  5.8 14 180   M    M   8 1      17 170
28  61  45  53   M  12   0 0.00  0.0    0  4.3  9  90   M    M   2         M  M
29  54  47  51   M  14   0 0.12    M    0 10.8 16  80   M    M  10 1      23  90
================================================================================
SM 2002 1482       163  26  5.94     0.0 190.1          M      180
================================================================================
AV 69.0 51.1                               6.6 FASTST   M    M   6    MAX(MPH)
                                 MISC ---->  # 20 240               # 32  240
================================================================================
NOTES:
# LAST OF SEVERAL OCCURRENCES

COLUMN 17 PEAK WIND IN M.P.H.

PRELIMINARY LOCAL CLIMATOLOGICAL DATA (WS FORM: F-6) , PAGE 2

                                          STATION:  STEVENS POINT WI
                                          MONTH:    SEPTEMBER
                                          YEAR:     2019
                                          LATITUDE:   44 32 N
                                          LONGITUDE:  89 32 W

[TEMPERATURE DATA]      [PRECIPITATION DATA]       SYMBOLS USED IN COLUMN 16

AVERAGE MONTHLY: 60.1   TOTAL FOR MONTH:   5.94    1 = FOG OR MIST
DPTR FM NORMAL:     M   DPTR FM NORMAL:       M    2 = FOG REDUCING VISIBILITY
HIGHEST:    80 ON 17,16 GRTST 24HR  1.46 ON 11-11      TO 1/4 MILE OR LESS
LOWEST:     37 ON  5                               3 = THUNDER
                        SNOW, ICE PELLETS, HAIL    4 = ICE PELLETS
                        TOTAL MONTH:   0.0 INCH    5 = HAIL
                        GRTST 24HR     0.0         6 = FREEZING RAIN OR DRIZZLE
                        GRTST DEPTH:   0           7 = DUSTSTORM OR SANDSTORM:
                                                       VSBY 1/2 MILE OR LESS
                                                   8 = SMOKE OR HAZE
[NO. OF DAYS WITH]      [WEATHER - DAYS WITH]      9 = BLOWING SNOW
                                                   X = TORNADO
MAX 32 OR BELOW:   0    0.01 INCH OR MORE:  14
MAX 90 OR ABOVE:   0    0.10 INCH OR MORE:  11
MIN 32 OR BELOW:   0    0.50 INCH OR MORE:   4
MIN  0 OR BELOW:   0    1.00 INCH OR MORE:   2

[HDD (BASE 65) ]
TOTAL THIS MO.   163    CLEAR  (SCALE 0-3)   5
DPTR FM NORMAL     M    PTCLDY (SCALE 4-7)  15
TOTAL FM JUL 1   260    CLOUDY (SCALE 8-10)  9
DPTR FM NORMAL     M

[CDD (BASE 65) ]
TOTAL THIS MO.    26
DPTR FM NORMAL     M    [PRESSURE DATA]
TOTAL FM JAN 1   237    HIGHEST SLP M ON M
DPTR FM NORMAL   237    LOWEST  SLP M ON M

[REMARKS]
