000
CXUS53 KLSX 221600
CF6STL
PRELIMINARY LOCAL CLIMATOLOGICAL DATA (WS FORM: F-6)

                                          STATION:   ST. LOUIS
                                          MONTH:     JANUARY
                                          YEAR:      2019
                                          LATITUDE:   38 45 N
                                          LONGITUDE:  90 23 W

  TEMPERATURE IN F:       :PCPN:    SNOW:  WIND      :SUNSHINE: SKY     :PK WND
================================================================================
1   2   3   4   5  6A  6B    7    8   9   10  11  12  13   14  15   16   17  18
                                     12Z  AVG MX 2MIN
DY MAX MIN AVG DEP HDD CDD  WTR  SNW DPTH SPD SPD DIR MIN PSBL S-S WX    SPD DR
================================================================================

 1  41  31  36   4  29   0 0.00  0.0    0  8.4 16 330   M    M  10 18     21 340
 2  34  29  32   0  33   0 0.00  0.0    0  7.7 16 270   M    M  10        22 270
 3  46  24  35   3  30   0 0.00  0.0    0  4.6  9 180   M    M   4        14 160
 4  51  28  40   8  25   0 0.00  0.0    0  6.0 13 270   M    M   6        17 270
 5  61  34  48  16  17   0 0.00  0.0    0  5.4 15 260   M    M   2        18 260
 6  58  32  45  13  20   0 0.00  0.0    0  8.3 20 160   M    M   7        27 160
 7  68  46  57  25   8   0 0.10  0.0    0 10.7 21 250   M    M   7        29 240
 8  53  40  47  15  18   0 0.00  0.0    0 15.6 29 290   M    M   1        44 280
 9  40  25  33   1  32   0 0.00  0.0    0 14.1 25 320   M    M   1        35 310
10  34  20  27  -5  38   0 0.00  0.0    0  5.2 13 360   M    M   5        16 350
11  34  23  29  -3  36   0 0.65  7.8    0 10.1 16 140   M    M   9 1      20 130
12  34  30  32   0  33   0 0.45  3.1    9 10.1 16  80   M    M  10 14     21  80
13  34  29  32   0  33   0 0.03  0.5    8  8.8 15  20   M    M  10 16     20  20
14  33  29  31  -1  34   0 0.00  0.0    7  6.1 12 270   M    M  10 1      14 270
15  35  30  33   1  32   0    T    T    6  8.1 15 220   M    M  10 16     17 220
16  37  34  36   4  29   0    T  0.0    4  4.8 10 120   M    M  10 18     15  80
17  39  34  37   5  28   0 0.03  0.0    2  4.6 12 320   M    M  10 12     16 310
18  37  34  36   4  29   0 0.19  0.0    T 10.1 23 110   M    M  10 1      29 110
19  37  19  28  -4  37   0 0.24    T    0 18.0 29 330   M    M  10 16     42 340
20  19   9  14 -18  51   0 0.05  0.7    0  8.8 21 310   M    M   9 18     27 320
21  24   7  16 -16  49   0 0.00  0.0    1 15.1 25 130   M    M   8        37 130
================================================================================
SM  849  587       641   0  1.74    12.1 190.6          M      159
================================================================================
AV 40.4 28.0                               9.1 FASTST   M    M   8    MAX(MPH)
                                 MISC ---->  # 29 290               # 44  280
================================================================================
NOTES:
# LAST OF SEVERAL OCCURRENCES

COLUMN 17 PEAK WIND IN M.P.H.

PRELIMINARY LOCAL CLIMATOLOGICAL DATA (WS FORM: F-6) , PAGE 2

                                          STATION:  ST. LOUIS
                                          MONTH:    JANUARY
                                          YEAR:     2019
                                          LATITUDE:   38 45 N
                                          LONGITUDE:  90 23 W

[TEMPERATURE DATA]      [PRECIPITATION DATA]       SYMBOLS USED IN COLUMN 16

AVERAGE MONTHLY: 34.2   TOTAL FOR MONTH:   1.74    1 = FOG OR MIST
DPTR FM NORMAL:   2.2   DPTR FM NORMAL:    0.08    2 = FOG REDUCING VISIBILITY
HIGHEST:    68 ON  7    GRTST 24HR  1.00 ON 31- 1      TO 1/4 MILE OR LESS
LOWEST:      7 ON 21                               3 = THUNDER
                        SNOW, ICE PELLETS, HAIL    4 = ICE PELLETS
                        TOTAL MONTH:  12.1 INCHES  5 = HAIL
                        GRTST 24HR   7.8 ON 11-11  6 = FREEZING RAIN OR DRIZZLE
                        GRTST DEPTH:   9 ON 12     7 = DUSTSTORM OR SANDSTORM:
                                                       VSBY 1/2 MILE OR LESS
                                                   8 = SMOKE OR HAZE
[NO. OF DAYS WITH]      [WEATHER - DAYS WITH]      9 = BLOWING SNOW
                                                   X = TORNADO
MAX 32 OR BELOW:   2    0.01 INCH OR MORE:   8
MAX 90 OR ABOVE:   0    0.10 INCH OR MORE:   5
MIN 32 OR BELOW:  15    0.50 INCH OR MORE:   1
MIN  0 OR BELOW:   0    1.00 INCH OR MORE:   0

[HDD (BASE 65) ]
TOTAL THIS MO.   641    CLEAR  (SCALE 0-3)   3
DPTR FM NORMAL   -60    PTCLDY (SCALE 4-7)   5
TOTAL FM JUL 1  2501    CLOUDY (SCALE 8-10) 13
DPTR FM NORMAL    35

[CDD (BASE 65) ]
TOTAL THIS MO.     0
DPTR FM NORMAL     0    [PRESSURE DATA]
TOTAL FM JAN 1     0    HIGHEST SLP M ON M
DPTR FM NORMAL     0    LOWEST  SLP 29.71 ON  7

[REMARKS]
