000
CXUS55 KSTO 211425
CF6STO
PRELIMINARY LOCAL CLIMATOLOGICAL DATA (WS FORM: F-6)

                                          STATION:   SACRAMENTO CITY
                                          MONTH:     MAY
                                          YEAR:      2019
                                          LATITUDE:   38 36 N
                                          LONGITUDE: 121 23 W

  TEMPERATURE IN F:       :PCPN:    SNOW:  WIND      :SUNSHINE: SKY     :PK WND
================================================================================
1   2   3   4   5  6A  6B    7    8   9   10  11  12  13   14  15   16   17  18
                                     12Z  AVG MX 2MIN
DY MAX MIN AVG DEP HDD CDD  WTR  SNW DPTH SPD SPD DIR MIN PSBL S-S WX    SPD DR
================================================================================

 1  81  49  65   1   0   0 0.00    M    M   M   M   M   M    M   M         M  M
 2  83  50  67   3   0   2 0.00    M    M   M   M   M   M    M   M         M  M
 3  86  54  70   5   0   5    M    M    M   M   M   M   M    M   M         M  M
 4  84  50  67   2   0   2 0.00  0.0    M   M   M   M   M    M   M         M  M
 5  75  49  62  -3   3   0 0.00    M    M   M   M   M   M    M   M         M  M
 6  71  52  62  -3   3   0 0.00  0.0    M   M   M   M   M    M   M         M  M
 7  79  50  65  -1   0   0 0.00  0.0    M   M   M   M   M    M   M         M  M
 8  83  54  69   3   0   4 0.00    M    M   M   M   M   M    M   M         M  M
 9  77  55  66   0   0   1 0.00  0.0    0   M   M   M   M    M   M         M  M
10  86  52  69   3   0   4 0.00  0.0    M   M   M   M   M    M   M         M  M
11  83  54  69   3   0   4 0.00  0.0    M   M   M   M   M    M   M         M  M
12  83  54  69   2   0   4 0.00  0.0    M   M   M   M   M    M   M         M  M
13  84  55  70   3   0   5 0.00  0.0    M   M   M   M   M    M   M         M  M
14  74  63  69   2   0   4 0.00    M    M   M   M   M   M    M   M         M  M
15  70  56  63  -4   2   0 1.14    M    M   M   M   M   M    M   M         M  M
16  60  51  56 -12   9   0 0.63    M    M   M   M   M   M    M   M         M  M
17  69  51  60  -8   5   0 0.02    M    M   M   M   M   M    M   M         M  M
18  61  50  56 -12   9   0 0.65  0.0    M   M   M   M   M    M   M         M  M
19  61  47  54 -14  11   0 0.84  0.0    M   M   M   M   M    M   M         M  M
20  70  45  58 -10   7   0 0.00  0.0    M   M   M   M   M    M   M         M  M
================================================================================
SM 1520 1041        49  35  3.28     0.0     M          M        M
================================================================================
AV 76.0 52.1                                 M FASTST   M    M   2    MAX(MPH)
                                 MISC ---->     M   M                  M    M
================================================================================
NOTES:
# LAST OF SEVERAL OCCURRENCES

COLUMN 17 PEAK WIND IN M.P.H.

PRELIMINARY LOCAL CLIMATOLOGICAL DATA (WS FORM: F-6) , PAGE 2

                                          STATION:  SACRAMENTO CITY
                                          MONTH:    MAY
                                          YEAR:     2019
                                          LATITUDE:   38 36 N
                                          LONGITUDE: 121 23 W

[TEMPERATURE DATA]      [PRECIPITATION DATA]       SYMBOLS USED IN COLUMN 16

AVERAGE MONTHLY: 64.0   TOTAL FOR MONTH:   3.28    1 = FOG OR MIST
DPTR FM NORMAL:  -2.3   DPTR FM NORMAL:    2.73    2 = FOG REDUCING VISIBILITY
HIGHEST:    86 ON  3,10 GRTST 24HR  1.14 ON 15-15      TO 1/4 MILE OR LESS
LOWEST:     45 ON 20                               3 = THUNDER
                        SNOW, ICE PELLETS, HAIL    4 = ICE PELLETS
                        TOTAL MONTH:   0.0 INCH    5 = HAIL
                        GRTST 24HR     0.0         6 = FREEZING RAIN OR DRIZZLE
                        GRTST DEPTH:   0           7 = DUSTSTORM OR SANDSTORM:
                                                       VSBY 1/2 MILE OR LESS
                                                   8 = SMOKE OR HAZE
[NO. OF DAYS WITH]      [WEATHER - DAYS WITH]      9 = BLOWING SNOW
                                                   X = TORNADO
MAX 32 OR BELOW:   0    0.01 INCH OR MORE:   5
MAX 90 OR ABOVE:   0    0.10 INCH OR MORE:   4
MIN 32 OR BELOW:   0    0.50 INCH OR MORE:   4
MIN  0 OR BELOW:   0    1.00 INCH OR MORE:   1

[HDD (BASE 65) ]
TOTAL THIS MO.    49    CLEAR  (SCALE 0-3)   0
DPTR FM NORMAL     8    PTCLDY (SCALE 4-7)   0
TOTAL FM JUL 1  1950    CLOUDY (SCALE 8-10)  0
DPTR FM NORMAL  -335

[CDD (BASE 65) ]
TOTAL THIS MO.    35
DPTR FM NORMAL   -32    [PRESSURE DATA]
TOTAL FM JAN 1   100    HIGHEST SLP M ON M
DPTR FM NORMAL    -2    LOWEST  SLP M ON M

[REMARKS]
