000
CXUS55 KSTO 241425
CF6STO
PRELIMINARY LOCAL CLIMATOLOGICAL DATA (WS FORM: F-6)

                                          STATION:   SACRAMENTO CITY
                                          MONTH:     JANUARY
                                          YEAR:      2020
                                          LATITUDE:   38 36 N
                                          LONGITUDE: 121 23 W

  TEMPERATURE IN F:       :PCPN:    SNOW:  WIND      :SUNSHINE: SKY     :PK WND
================================================================================
1   2   3   4   5  6A  6B    7    8   9   10  11  12  13   14  15   16   17  18
                                     12Z  AVG MX 2MIN
DY MAX MIN AVG DEP HDD CDD  WTR  SNW DPTH SPD SPD DIR MIN PSBL S-S WX    SPD DR
================================================================================

 1  61  44  53   7  12   0 0.00    M    M   M   M   M   M    M   M         M  M
 2  62  42  52   6  13   0 0.00    M    M   M   M   M   M    M   M         M  M
 3  62  41  52   6  13   0 0.00    M    M   M   M   M   M    M   M         M  M
 4  59  43  51   5  14   0 0.10    M    M   M   M   M   M    M   M         M  M
 5  59  40  50   4  15   0 0.00  0.0    M   M   M   M   M    M   M 12      M  M
 6  57  38  48   2  17   0 0.00  0.0    M   M   M   M   M    M   M         M  M
 7  48  38  43  -4  22   0 0.00  0.0    M   M   M   M   M    M   M         M  M
 8  50  43  47   0  18   0 0.00  0.0    M   M   M   M   M    M   M         M  M
 9  53  42  48   1  17   0 0.40  0.0    M   M   M   M   M    M   M         M  M
10  56  36  46  -1  19   0 0.01    M    M   M   M   M   M    M   M         M  M
11  60  43  52   5  13   0 0.02    M    M   M   M   M   M    M   M         M  M
12  53  37  45  -2  20   0 0.00  0.0    M   M   M   M   M    M   M         M  M
13  59  43  51   4  14   0 0.00  0.0    M   M   M   M   M    M   M         M  M
14  59  42  51   4  14   0 0.04  0.0    M   M   M   M   M    M   M         M  M
15  52  36  44  -3  21   0 0.00  0.0    M   M   M   M   M    M   M         M  M
16  50  42  46  -1  19   0 0.36  0.0    M   M   M   M   M    M   M         M  M
17  51  41  46  -1  19   0 0.00  0.0    M   M   M   M   M    M   M         M  M
18  53  40  47  -1  18   0 0.00    M    M   M   M   M   M    M   M         M  M
19  48  41  45  -3  20   0 0.00  0.0    M   M   M   M   M    M   M         M  M
20  52  42  47  -1  18   0 0.00  0.0    M   M   M   M   M    M   M         M  M
21  58  43  51   3  14   0 0.03  0.0    M   M   M   M   M    M   M         M  M
22  60  48  54   6  11   0 0.01    M    M   M   M   M   M    M   M         M  M
23  60  43  52   4  13   0 0.00    M    M   M   M   M   M    M   M         M  M
================================================================================
SM 1282  948       374   0  0.97     0.0     M          M        M
================================================================================
AV 55.7 41.2                                 M FASTST   M    M   4    MAX(MPH)
                                 MISC ---->     M   M                  M    M
================================================================================
NOTES:
# LAST OF SEVERAL OCCURRENCES

COLUMN 17 PEAK WIND IN M.P.H.

PRELIMINARY LOCAL CLIMATOLOGICAL DATA (WS FORM: F-6) , PAGE 2

                                          STATION:  SACRAMENTO CITY
                                          MONTH:    JANUARY
                                          YEAR:     2020
                                          LATITUDE:   38 36 N
                                          LONGITUDE: 121 23 W

[TEMPERATURE DATA]      [PRECIPITATION DATA]       SYMBOLS USED IN COLUMN 16

AVERAGE MONTHLY: 48.5   TOTAL FOR MONTH:   0.97    1 = FOG OR MIST
DPTR FM NORMAL:   1.5   DPTR FM NORMAL:   -2.00    2 = FOG REDUCING VISIBILITY
HIGHEST:    62 ON  3, 2 GRTST 24HR  0.40 ON  9- 9      TO 1/4 MILE OR LESS
LOWEST:     36 ON 15,10                            3 = THUNDER
                        SNOW, ICE PELLETS, HAIL    4 = ICE PELLETS
                        TOTAL MONTH:   0.0 INCH    5 = HAIL
                        GRTST 24HR     0.0         6 = FREEZING RAIN OR DRIZZLE
                        GRTST DEPTH:  M  ON   M    7 = DUSTSTORM OR SANDSTORM:
                                                       VSBY 1/2 MILE OR LESS
                                                   8 = SMOKE OR HAZE
[NO. OF DAYS WITH]      [WEATHER - DAYS WITH]      9 = BLOWING SNOW
                                                   X = TORNADO
MAX 32 OR BELOW:   0    0.01 INCH OR MORE:   8
MAX 90 OR ABOVE:   0    0.10 INCH OR MORE:   3
MIN 32 OR BELOW:   0    0.50 INCH OR MORE:   0
MIN  0 OR BELOW:   0    1.00 INCH OR MORE:   0

[HDD (BASE 65) ]
TOTAL THIS MO.   374    CLEAR  (SCALE 0-3)   0
DPTR FM NORMAL   -39    PTCLDY (SCALE 4-7)   0
TOTAL FM JUL 1  1080    CLOUDY (SCALE 8-10)  0
DPTR FM NORMAL  -268

[CDD (BASE 65) ]
TOTAL THIS MO.     0
DPTR FM NORMAL     0    [PRESSURE DATA]
TOTAL FM JAN 1     0    HIGHEST SLP M ON M
DPTR FM NORMAL     0    LOWEST  SLP M ON M

[REMARKS]
