000
CXUS55 KSTO 221425
CF6STO
PRELIMINARY LOCAL CLIMATOLOGICAL DATA (WS FORM: F-6)

                                          STATION:   SACRAMENTO CITY
                                          MONTH:     OCTOBER
                                          YEAR:      2019
                                          LATITUDE:   38 36 N
                                          LONGITUDE: 121 23 W

  TEMPERATURE IN F:       :PCPN:    SNOW:  WIND      :SUNSHINE: SKY     :PK WND
================================================================================
1   2   3   4   5  6A  6B    7    8   9   10  11  12  13   14  15   16   17  18
                                     12Z  AVG MX 2MIN
DY MAX MIN AVG DEP HDD CDD  WTR  SNW DPTH SPD SPD DIR MIN PSBL S-S WX    SPD DR
================================================================================

 1  73  46  60 -10   5   0 0.00  0.0    M   M   M   M   M    M   M         M  M
 2  79  47  63  -7   2   0 0.00    M    M   M   M   M   M    M   M         M  M
 3  79  49  64  -6   1   0 0.00    M    M   M   M   M   M    M   M         M  M
 4  76  48  62  -7   3   0 0.00  0.0    M   M   M   M   M    M   M         M  M
 5  80  47  64  -5   1   0 0.00    M    M   M   M   M   M    M   M         M  M
 6  86  52  69   0   0   4 0.00  0.0    M   M   M   M   M    M   M         M  M
 7  89  56  73   5   0   8 0.00  0.0    M   M   M   M   M    M   M         M  M
 8  89  54  72   4   0   7 0.00  0.0    M   M   M   M   M    M   M         M  M
 9  75  55  65  -3   0   0 0.00  0.0    M   M   M   M   M    M   M         M  M
10  77  54  66  -1   0   1 0.00    M    M   M   M   M   M    M   M         M  M
11  79  48  64  -3   1   0 0.00    M    M   M   M   M   M    M   M         M  M
12  81  47  64  -3   1   0 0.00    M    M   M   M   M   M    M   M         M  M
13  80  49  65  -1   0   0 0.00  0.0    M   M   M   M   M    M   M         M  M
14  81  47  64  -2   1   0 0.00  0.0    M   M   M   M   M    M   M         M  M
15  82  48  65  -1   0   0 0.00  0.0    M   M   M   M   M    M   M         M  M
16  78  50  64  -2   1   0 0.00    M    M   M   M   M   M    M   M         M  M
17  73  55  64  -1   1   0 0.00    M    M   M   M   M   M    M   M         M  M
18  77  48  63  -2   2   0 0.00    M    M   M   M   M   M    M   M         M  M
19  76  49  63  -1   2   0 0.00    M    M   M   M   M   M    M   M         M  M
20  77  52  65   1   0   0 0.00  0.0    M   M   M   M   M    M   M         M  M
21  85  54  70   6   0   5 0.00  0.0    M   M   M   M   M    M   M         M  M
================================================================================
SM 1672 1055        21  25  0.00     0.0     M          M        M
================================================================================
AV 79.6 50.2                                 M FASTST   M    M   1    MAX(MPH)
                                 MISC ---->     M   M                  M    M
================================================================================
NOTES:
# LAST OF SEVERAL OCCURRENCES

COLUMN 17 PEAK WIND IN M.P.H.

PRELIMINARY LOCAL CLIMATOLOGICAL DATA (WS FORM: F-6) , PAGE 2

                                          STATION:  SACRAMENTO CITY
                                          MONTH:    OCTOBER
                                          YEAR:     2019
                                          LATITUDE:   38 36 N
                                          LONGITUDE: 121 23 W

[TEMPERATURE DATA]      [PRECIPITATION DATA]       SYMBOLS USED IN COLUMN 16

AVERAGE MONTHLY: 64.9   TOTAL FOR MONTH:   0.00    1 = FOG OR MIST
DPTR FM NORMAL:  -2.1   DPTR FM NORMAL:   -0.57    2 = FOG REDUCING VISIBILITY
HIGHEST:    89 ON  8, 7 GRTST 24HR  0.00 ON 21-21      TO 1/4 MILE OR LESS
LOWEST:     46 ON  1                               3 = THUNDER
                        SNOW, ICE PELLETS, HAIL    4 = ICE PELLETS
                        TOTAL MONTH:   0.0 INCH    5 = HAIL
                        GRTST 24HR     0.0         6 = FREEZING RAIN OR DRIZZLE
                        GRTST DEPTH:  M  ON   M    7 = DUSTSTORM OR SANDSTORM:
                                                       VSBY 1/2 MILE OR LESS
                                                   8 = SMOKE OR HAZE
[NO. OF DAYS WITH]      [WEATHER - DAYS WITH]      9 = BLOWING SNOW
                                                   X = TORNADO
MAX 32 OR BELOW:   0    0.01 INCH OR MORE:   0
MAX 90 OR ABOVE:   0    0.10 INCH OR MORE:   0
MIN 32 OR BELOW:   0    0.50 INCH OR MORE:   0
MIN  0 OR BELOW:   0    1.00 INCH OR MORE:   0

[HDD (BASE 65) ]
TOTAL THIS MO.    21    CLEAR  (SCALE 0-3)   0
DPTR FM NORMAL    -9    PTCLDY (SCALE 4-7)   0
TOTAL FM JUL 1    35    CLOUDY (SCALE 8-10)  0
DPTR FM NORMAL    -2

[CDD (BASE 65) ]
TOTAL THIS MO.    25
DPTR FM NORMAL   -46    [PRESSURE DATA]
TOTAL FM JAN 1  1714    HIGHEST SLP M ON M
DPTR FM NORMAL   255    LOWEST  SLP M ON M

[REMARKS]
