402
CXUS56 KMTR 251000
CF6STS
PRELIMINARY LOCAL CLIMATOLOGICAL DATA (WS FORM: F-6)

                                          STATION:   SANTA ROSA AIRPORT
                                          MONTH:     FEBRUARY
                                          YEAR:      2018
                                          LATITUDE:   38 30 N
                                          LONGITUDE: 122 49 W

  TEMPERATURE IN F:       :PCPN:    SNOW:  WIND      :SUNSHINE: SKY     :PK WND
================================================================================
1   2   3   4   5  6A  6B    7    8   9   10  11  12  13   14  15   16   17  18
                                     12Z  AVG MX 2MIN
DY MAX MIN AVG DEP HDD CDD  WTR  SNW DPTH SPD SPD DIR MIN PSBL S-S WX    SPD DR
================================================================================

 1  76  38  57   9   8   0 0.00  0.0    0  1.2  6 180   M    M   2 1       7 190
 2  76  42  59  11   6   0 0.00  0.0    0  2.7  8 160   M    M   2        10 150
 3  77  38  58  10   7   0 0.00  0.0    0  2.3 10 160   M    M   1 1      11 160
 4  80  42  61  13   4   0 0.00  0.0    0  1.7  8 150   M    M   1 12     11 170
 5  77  43  60  12   5   0 0.00    M    0  3.8 10 130   M    M   1 1      13  20
 6  82  44  63  14   2   0 0.00  0.0    0  6.5 16  40   M    M   0        22  50
 7  75  38  57   8   8   0 0.00  0.0    0  2.4  9 170   M    M   0 18     11 190
 8  77  41  59  10   6   0 0.00  0.0    0  2.6  9 150   M    M   0        10 150
 9  82  39  61  12   4   0 0.00  0.0    0  3.5 14 310   M    M   1 1      18 290
10  73  40  57   8   8   0 0.00  0.0    0  7.7 28  30   M    M   2        35  30
11  61  30  46  -3  19   0 0.00  0.0    0  6.4 25 320   M    M   2        32 310
12  63  36  50   1  15   0 0.00  0.0    0  8.2 20  20   M    M   0        26  20
13  67  35  51   1  14   0 0.00  0.0    0  5.9 23  10   M    M   0        29  20
14  62  31  47  -3  18   0 0.00  0.0    0  5.1 16 310   M    M   2        22 320
15  68  35  52   2  13   0 0.00  0.0    0  6.8 15 360   M    M   0        19 360
16  69  31  50   0  15   0 0.00  0.0    0  3.0  9 180   M    M   0        12 170
17  71  34  53   3  12   0 0.00  0.0    0  3.2 13 150   M    M   0 1      15 160
18  58  35  47  -3  18   0    T    M    0 10.3 24 320   M    M   3 12     30 330
19  54  27  41  -9  24   0 0.00  0.0    0  8.7 22 310   M    M   2        29 320
20  52  25  39 -12  26   0 0.00  0.0    0  3.2  9 170   M    M   3        13 180
21  57  32  45  -6  20   0    T  0.0    0  4.7 13 240   M    M   3        19 240
22  54  29  42  -9  23   0 0.01  0.0    0  7.7 26 350   M    M   2        32 310
23  57  32  45  -6  20   0 0.00  0.0    0  6.3 16 340   M    M   0        23 330
24  58  27  43  -8  22   0 0.01  0.0    0  5.6 24 330   M    M   2        28 330
================================================================================
SM 1626  844       317   0  0.02     0.0 119.5          M       29
================================================================================
AV 67.8 35.2                               5.0 FASTST   M    M   1    MAX(MPH)
                                 MISC ---->  # 28  30               # 35   30
================================================================================
NOTES:
# LAST OF SEVERAL OCCURRENCES

COLUMN 17 PEAK WIND IN M.P.H.

PRELIMINARY LOCAL CLIMATOLOGICAL DATA (WS FORM: F-6) , PAGE 2

                                          STATION:  SANTA ROSA AIRPORT
                                          MONTH:    FEBRUARY
                                          YEAR:     2018
                                          LATITUDE:   38 30 N
                                          LONGITUDE: 122 49 W

[TEMPERATURE DATA]      [PRECIPITATION DATA]       SYMBOLS USED IN COLUMN 16

AVERAGE MONTHLY: 51.5   TOTAL FOR MONTH:   0.02    1 = FOG OR MIST
DPTR FM NORMAL:   2.0   DPTR FM NORMAL:   -5.47    2 = FOG REDUCING VISIBILITY
HIGHEST:    82 ON  9, 6 GRTST 24HR  0.01 ON 24-24      TO 1/4 MILE OR LESS
LOWEST:     25 ON 20                               3 = THUNDER
                        SNOW, ICE PELLETS, HAIL    4 = ICE PELLETS
                        TOTAL MONTH:   0.0 INCH    5 = HAIL
                        GRTST 24HR     0.0         6 = FREEZING RAIN OR DRIZZLE
                        GRTST DEPTH:   0           7 = DUSTSTORM OR SANDSTORM:
                                                       VSBY 1/2 MILE OR LESS
                                                   8 = SMOKE OR HAZE
[NO. OF DAYS WITH]      [WEATHER - DAYS WITH]      9 = BLOWING SNOW
                                                   X = TORNADO
MAX 32 OR BELOW:   0    0.01 INCH OR MORE:   2
MAX 90 OR ABOVE:   0    0.10 INCH OR MORE:   0
MIN 32 OR BELOW:   9    0.50 INCH OR MORE:   0
MIN  0 OR BELOW:   0    1.00 INCH OR MORE:   0

[HDD (BASE 65) ]
TOTAL THIS MO.   317    CLEAR  (SCALE 0-3)  22
DPTR FM NORMAL   -55    PTCLDY (SCALE 4-7)   2
TOTAL FM JUL 1  1802    CLOUDY (SCALE 8-10)  0
DPTR FM NORMAL  -324

[CDD (BASE 65) ]
TOTAL THIS MO.     0
DPTR FM NORMAL     0    [PRESSURE DATA]
TOTAL FM JAN 1     0    HIGHEST SLP M ON M
DPTR FM NORMAL     0    LOWEST  SLP 29.83 ON 11

[REMARKS]
