000
CXUS56 KMTR 181000
CF6STS
PRELIMINARY LOCAL CLIMATOLOGICAL DATA (WS FORM: F-6)

                                          STATION:   SANTA ROSA AIRPORT
                                          MONTH:     JANUARY
                                          YEAR:      2019
                                          LATITUDE:   38 30 N
                                          LONGITUDE: 122 49 W

  TEMPERATURE IN F:       :PCPN:    SNOW:  WIND      :SUNSHINE: SKY     :PK WND
================================================================================
1   2   3   4   5  6A  6B    7    8   9   10  11  12  13   14  15   16   17  18
                                     12Z  AVG MX 2MIN
DY MAX MIN AVG DEP HDD CDD  WTR  SNW DPTH SPD SPD DIR MIN PSBL S-S WX    SPD DR
================================================================================

 1  61  32  47   1  18   0 0.00  0.0    0  6.1 24  20   M    M   1        30  20
 2  57  28  43  -3  22   0 0.00  0.0    0  2.1  9 120   M    M   0        11 140
 3  55  28  42  -4  23   0 0.00  0.0    0  2.1  9 340   M    M   2 1      10 340
 4  57  29  43  -3  22   0 0.00  0.0    0  3.4 12 150   M    M   2 1      16 190
 5  55  41  48   2  17   0 0.46  0.0    0  8.0 23 240   M    M   9 1      35 250
 6  52  39  46   0  19   0 2.59  0.0    0  6.5 21 340   M    M   9 1      26 150
 7  53  36  45  -1  20   0    T    M    0  2.0  8 360   M    M   9 12     10 290
 8  56  47  52   6  13   0 0.44    M    0  3.2 14 180   M    M   9 1      19 160
 9  60  49  55   9  10   0 0.59    M    0  8.5 18 180   M    M   9 1      25 190
10  61  44  53   7  12   0 0.00  0.0    0  3.1  9 150   M    M   8 12     10 150
11  54  43  49   3  16   0 0.41  0.0    0  2.3 10 230   M    M   8 1      15  80
12  64  43  54   8  11   0    T  0.0    0  2.4 15 160   M    M   6 12     18 170
13  63  38  51   5  14   0 0.00  0.0    0  3.0 13  90   M    M   4 12     18  90
14  58  38  48   2  17   0 0.02    M    0  5.8 23 120   M    M   7 1      28 110
15  53  48  51   5  14   0 0.61    M    0  6.3 15 120   M    M  10 1      20 100
16  59  53  56  10   9   0 2.26  0.0    0 12.9 35 180   M    M   9 1      46 190
17  57  46  52   5  13   0 0.09    M    0  5.8 26 250   M    M   9 18     35 250
================================================================================
SM  975  682       270   0  7.47     0.0  83.5          M      111
================================================================================
AV 57.4 40.1                               4.9 FASTST   M    M   7    MAX(MPH)
                                 MISC ---->  # 35 180               # 46  190
================================================================================
NOTES:
# LAST OF SEVERAL OCCURRENCES

COLUMN 17 PEAK WIND IN M.P.H.

PRELIMINARY LOCAL CLIMATOLOGICAL DATA (WS FORM: F-6) , PAGE 2

                                          STATION:  SANTA ROSA AIRPORT
                                          MONTH:    JANUARY
                                          YEAR:     2019
                                          LATITUDE:   38 30 N
                                          LONGITUDE: 122 49 W

[TEMPERATURE DATA]      [PRECIPITATION DATA]       SYMBOLS USED IN COLUMN 16

AVERAGE MONTHLY: 48.7   TOTAL FOR MONTH:   7.47    1 = FOG OR MIST
DPTR FM NORMAL:   2.7   DPTR FM NORMAL:    2.87    2 = FOG REDUCING VISIBILITY
HIGHEST:    64 ON 12    GRTST 24HR  2.59 ON  6- 6      TO 1/4 MILE OR LESS
LOWEST:     28 ON  3, 2                            3 = THUNDER
                        SNOW, ICE PELLETS, HAIL    4 = ICE PELLETS
                        TOTAL MONTH:   0.0 INCH    5 = HAIL
                        GRTST 24HR     0.0         6 = FREEZING RAIN OR DRIZZLE
                        GRTST DEPTH:   0           7 = DUSTSTORM OR SANDSTORM:
                                                       VSBY 1/2 MILE OR LESS
                                                   8 = SMOKE OR HAZE
[NO. OF DAYS WITH]      [WEATHER - DAYS WITH]      9 = BLOWING SNOW
                                                   X = TORNADO
MAX 32 OR BELOW:   0    0.01 INCH OR MORE:   9
MAX 90 OR ABOVE:   0    0.10 INCH OR MORE:   7
MIN 32 OR BELOW:   4    0.50 INCH OR MORE:   4
MIN  0 OR BELOW:   0    1.00 INCH OR MORE:   2

[HDD (BASE 65) ]
TOTAL THIS MO.   270    CLEAR  (SCALE 0-3)   4
DPTR FM NORMAL   -51    PTCLDY (SCALE 4-7)   5
TOTAL FM JUL 1  1252    CLOUDY (SCALE 8-10)  8
DPTR FM NORMAL  -254

[CDD (BASE 65) ]
TOTAL THIS MO.     0
DPTR FM NORMAL     0    [PRESSURE DATA]
TOTAL FM JAN 1     0    HIGHEST SLP M ON M
DPTR FM NORMAL     0    LOWEST  SLP 29.61 ON  5

[REMARKS]
