000
CXUS54 KEPZ 211200
CF6SVC
PRELIMINARY LOCAL CLIMATOLOGICAL DATA (WS FORM: F-6)

                                          STATION:   SILVER CITY
                                          MONTH:     OCTOBER
                                          YEAR:      2018
                                          LATITUDE:   32 37 N
                                          LONGITUDE: 108 10 W

  TEMPERATURE IN F:       :PCPN:    SNOW:  WIND      :SUNSHINE: SKY     :PK WND
================================================================================
1   2   3   4   5  6A  6B    7    8   9   10  11  12  13   14  15   16   17  18
                                     12Z  AVG MX 2MIN
DY MAX MIN AVG DEP HDD CDD  WTR  SNW DPTH SPD SPD DIR MIN PSBL S-S WX    SPD DR
================================================================================

 1  81  58  70   M   0   5 0.00  0.0    0  5.6 12 240   M    M   5        16 240
 2  82  54  68   M   0   3 0.00  0.0    0  6.8 15 230   M    M   2        33 180
 3  82  53  68   M   0   3 0.00  0.0    0  7.0 13 300   M    M   0        20 290
 4  81  52  67   M   0   2 0.00  0.0    0  8.0 15 250   M    M   0        22 250
 5  81  49  65   M   0   0 0.00  0.0    0  9.9 16 260   M    M   1        28 260
 6  78  45  62   M   3   0 0.00  0.0    0 10.0 21 210   M    M   1 3      28 210
 7  73  48  61   M   4   0    T  0.0    0 13.3 29 210   M    M   5        40 210
 8  63  36  50   M  15   0 0.01    M    0  8.1 21 330   M    M   5        23 290
 9  63  35  49   M  16   0 0.00  0.0    0 11.7 21 320   M    M   4        28 320
10  69  33  51   M  14   0 0.00  0.0    0  7.3 14 270   M    M   0        20 270
11  69  41  55   M  10   0 0.00  0.0    0  6.9 13 220   M    M   4        20 210
12  57  48  53   M  12   0 0.52  0.0    0  5.1 10  90   M    M   9         M  M
13  66  48  57   M   8   0 0.43    M    0  6.4 20 220   M    M  10        29 220
14  64  44  54   M  11   0 0.04    M    0  9.2 15 280   M    M   5        18 280
15  52  40  46   M  19   0 0.00  0.0    0 12.0 21 110   M    M   9        28 100
16  43  37  40   M  25   0 0.06  0.0    0 11.7 21 120   M    M  10        29 120
17  50  42  46   M  19   0 0.00  0.0    0 14.1 20 100   M    M  10 1      25 100
18  50  43  47   M  18   0 0.03  0.0    0  8.0 16 130   M    M  10 13      M  M
19  66  46  56   M   9   0 0.00  0.0    0  3.3  8 110   M    M   7         M  M
20  70  51  61   M   4   0 0.00  0.0    0 12.4 18 130   M    M   8        24 110
================================================================================
SM 1340  903       187  13  1.09     0.0 176.8          M      105
================================================================================
AV 67.0 45.2                               8.8 FASTST   M    M   5    MAX(MPH)
                                 MISC ---->  # 29 210               # 40  210
================================================================================
NOTES:
# LAST OF SEVERAL OCCURRENCES

COLUMN 17 PEAK WIND IN M.P.H.

PRELIMINARY LOCAL CLIMATOLOGICAL DATA (WS FORM: F-6) , PAGE 2

                                          STATION:  SILVER CITY
                                          MONTH:    OCTOBER
                                          YEAR:     2018
                                          LATITUDE:   32 37 N
                                          LONGITUDE: 108 10 W

[TEMPERATURE DATA]      [PRECIPITATION DATA]       SYMBOLS USED IN COLUMN 16

AVERAGE MONTHLY: 56.1   TOTAL FOR MONTH:   1.09    1 = FOG OR MIST
DPTR FM NORMAL:     M   DPTR FM NORMAL:       M    2 = FOG REDUCING VISIBILITY
HIGHEST:    82 ON  3, 2 GRTST 24HR  0.52 ON 12-12      TO 1/4 MILE OR LESS
LOWEST:     33 ON 10                               3 = THUNDER
                        SNOW, ICE PELLETS, HAIL    4 = ICE PELLETS
                        TOTAL MONTH:   0.0 INCH    5 = HAIL
                        GRTST 24HR     0.0         6 = FREEZING RAIN OR DRIZZLE
                        GRTST DEPTH:   0           7 = DUSTSTORM OR SANDSTORM:
                                                       VSBY 1/2 MILE OR LESS
                                                   8 = SMOKE OR HAZE
[NO. OF DAYS WITH]      [WEATHER - DAYS WITH]      9 = BLOWING SNOW
                                                   X = TORNADO
MAX 32 OR BELOW:   0    0.01 INCH OR MORE:   6
MAX 90 OR ABOVE:   0    0.10 INCH OR MORE:   2
MIN 32 OR BELOW:   0    0.50 INCH OR MORE:   1
MIN  0 OR BELOW:   0    1.00 INCH OR MORE:   0

[HDD (BASE 65) ]
TOTAL THIS MO.   187    CLEAR  (SCALE 0-3)   6
DPTR FM NORMAL     M    PTCLDY (SCALE 4-7)   8
TOTAL FM JUL 1   190    CLOUDY (SCALE 8-10)  6
DPTR FM NORMAL     M

[CDD (BASE 65) ]
TOTAL THIS MO.    13
DPTR FM NORMAL     M    [PRESSURE DATA]
TOTAL FM JAN 1  1248    HIGHEST SLP M ON M
DPTR FM NORMAL     M    LOWEST  SLP M ON M

[REMARKS]
