839
CXUS54 KEPZ 231030
CF6SVC
PRELIMINARY LOCAL CLIMATOLOGICAL DATA (WS FORM: F-6)

                                          STATION:   SILVER CITY
                                          MONTH:     JUNE
                                          YEAR:      2024
                                          LATITUDE:   32 37 N
                                          LONGITUDE: 108 10 W

  TEMPERATURE IN F:       :PCPN:    SNOW:  WIND      :SUNSHINE: SKY     :PK WND
================================================================================
1   2   3   4   5  6A  6B    7    8   9   10  11  12  13   14  15   16   17  18
                                     12Z  AVG MX 2MIN
DY MAX MIN AVG DEP HDD CDD  WTR  SNW DPTH SPD SPD DIR MIN PSBL S-S WX    SPD DR
================================================================================

 1  91  55  73   M   0   8 0.00    M    M  9.7 15 250   M    M   0        23 120
 2  89  50  70   M   0   5 0.00    M    M 11.4 20 270   M    M   0        30 280
 3  89  50  70   M   0   5 0.00    M    M 11.9 23 270   M    M   0        30 270
 4  91  53  72   M   0   7 0.00    M    M 11.6 20 270   M    M   0        29 270
 5  97  63  80   M   0  15 0.00    M    M  9.4 18 190   M    M   0        27 190
 6  99  64  82   M   0  17 0.00    M    M  9.1 14 120   M    M   0        21 200
 7  94  65  80   M   0  15 0.00    M    M 10.9 27 290   M    M   1        35 290
 8  93  67  80   M   0  15 0.00    M    M 10.4 20 290   M    M   0        31 280
 9  86  64  75   M   0  10 0.00    M    M 10.9 22 240   M    M   2        29 300
10  89  53  71   M   0   6 0.00    M    M  7.0 16  90   M    M   0        22 210
11  96  55  76   M   0  11 0.00    M    M  7.3 12 270   M    M   0        27 250
12 100  57  79   M   0  14 0.00    M    M  7.2 14 290   M    M   0        23  80
13 101  68  85   M   0  20 0.00    M    M  9.0 22 300   M    M   0        29 300
14  97  65  81   M   0  16 0.00    M    M 12.0 18 190   M    M   1        32 190
15  95  56  76   M   0  11 0.00    M    M  7.4 14 320   M    M   0        21 220
16  96  62  79   M   0  14 0.00    M    M 13.4 27 280   M    M   0        35 280
17  94  57  76   M   0  11 0.00    M    M 11.7 20 240   M    M   0        29 240
18  92  58  75   M   0  10 0.00    M    M 10.6 20 260   M    M   0        27 260
19  95  59  77   M   0  12 0.00    M    M 10.5 27 110   M    M   1 8      37 110
20  88  69  79   M   0  14 0.00    M    M 22.8 28 110   M    M   6        36 120
21  80  69  75   M   0  10 0.00    M    M 13.9 18 130   M    M   7        31 110
22  92  70  81   M   0  16 0.00    M    M  9.1 16 360   M    M   5        22 130
================================================================================
SM 2044 1329         0 262  0.00    M    237.1          M       23
================================================================================
AV 92.9 60.4                              10.8 FASTST   M    M   1    MAX(MPH)
                                 MISC ---->    28 110                 37 110
================================================================================
NOTES:
# LAST OF SEVERAL OCCURRENCES

COLUMN 17 PEAK WIND IN M.P.H.

PRELIMINARY LOCAL CLIMATOLOGICAL DATA (WS FORM: F-6) , PAGE 2

                                          STATION:   SILVER CITY
                                          MONTH:     JUNE
                                          YEAR:      2024
                                          LATITUDE:   32 37 N
                                          LONGITUDE: 108 10 W

[TEMPERATURE DATA]      [PRECIPITATION DATA]       SYMBOLS USED IN COLUMN 16

AVERAGE MONTHLY: 76.7   TOTAL FOR MONTH:   0.00    1 = FOG OR MIST
DPTR FM NORMAL:   0.0   DPTR FM NORMAL:    0.00    2 = FOG REDUCING VISIBILITY
HIGHEST:   101 ON 13    GRTST 24HR  0.00 ON  1- 1      TO 1/4 MILE OR LESS
LOWEST:     50 ON  3, 2                             3 = THUNDER
                        SNOW, ICE PELLETS, HAIL    4 = ICE PELLETS
                        TOTAL MONTH:  M            5 = HAIL
                        GRTST 24HR    M  ON   M    6 = FREEZING RAIN OR DRIZZLE
                        GRTST DEPTH:  M  ON   M    7 = DUSTSTORM OR SANDSTORM:
                                                       VSBY 1/2 MILE OR LESS
                                                   8 = SMOKE OR HAZE
[NO. OF DAYS WITH]      [WEATHER - DAYS WITH]      9 = BLOWING SNOW
                                                   X = TORNADO
MAX 32 OR BELOW:   0    0.01 INCH OR MORE:   0
MAX 90 OR ABOVE:  16    0.10 INCH OR MORE:   0
MIN 32 OR BELOW:   0    0.50 INCH OR MORE:   0
MIN  0 OR BELOW:   0    1.00 INCH OR MORE:   0

[HDD (BASE 65) ]
TOTAL THIS MO.     0    CLEAR  (SCALE 0-3)  19
DPTR FM NORMAL     M    PTCLDY (SCALE 4-7)   3
TOTAL FM JUL 1  3476    CLOUDY (SCALE 8-10)  0
DPTR FM NORMAL     M

[CDD (BASE 65) ]
TOTAL THIS MO.   262
DPTR FM NORMAL     M    [PRESSURE DATA]
TOTAL FM JAN 1   311    HIGHEST SLP M ON M
DPTR FM NORMAL     M    LOWEST  SLP M ON M

[REMARKS]