000
CXUS51 KBGM 210800
CF6SYR
PRELIMINARY LOCAL CLIMATOLOGICAL DATA (WS FORM: F-6)

                                          STATION:   SYRACUSE NY
                                          MONTH:     MAY
                                          YEAR:      2018
                                          LATITUDE:   43  7 N
                                          LONGITUDE:  76  7 W

  TEMPERATURE IN F:       :PCPN:    SNOW:  WIND      :SUNSHINE: SKY     :PK WND
================================================================================
1   2   3   4   5  6A  6B    7    8   9   10  11  12  13   14  15   16   17  18
                                     12Z  AVG MX 2MIN
DY MAX MIN AVG DEP HDD CDD  WTR  SNW DPTH SPD SPD DIR MIN PSBL S-S WX    SPD DR
================================================================================

 1  77  32  55   2  10   0 0.00  0.0    0  4.8 15 280   M    M   5        18 270
 2  88  49  69  16   0   4 0.03  0.0    0 11.5 26 250   M    M   7 3      34 260
 3  82  60  71  17   0   6 0.06  0.0    0  6.4 21 250   M    M   9 1      26 270
 4  84  50  67  13   0   2 0.24  0.0    0 14.6 40 250   M    M   8 13     52 260
 5  75  43  59   5   6   0 0.00  0.0    0  7.7 20 270   M    M   6        24 270
 6  70  56  63   9   2   0    T  0.0    0  4.1 14 170   M    M  10        16 180
 7  65  42  54  -1  11   0 0.01  0.0    0  5.4 16 290   M    M   6        23 340
 8  76  38  57   2   8   0 0.00  0.0    0  3.3 12  10   M    M   1        14  40
 9  82  49  66  10   0   1 0.00  0.0    0  5.9 16 140   M    M   5        20 240
10  76  51  64   8   1   0 0.06  0.0    0 14.5 24 300   M    M   9 1      37 280
11  53  44  49  -7  16   0 0.00  0.0    0  8.2 16 290   M    M   7        24 310
12  53  41  47  -9  18   0 0.01  0.0    0  4.6 12  60   M    M   8 1      14  60
13  71  38  55  -2  10   0 0.00  0.0    0  8.4 20 190   M    M   6 1      23 190
14  76  48  62   5   3   0 0.00  0.0    0  2.8 14 260   M    M   7 8      19 240
15  72  53  63   6   2   0 0.38  0.0    0  6.4 25 340   M    M   8 13     30 330
16  76  51  64   6   1   0 0.00  0.0    0  6.1 16 190   M    M   9 12     20 170
17  78  54  66   8   0   1 0.00  0.0    0  5.7 16 310   M    M   7        21 340
18  71  47  59   1   6   0 0.00  0.0    0  7.5 15  80   M    M   6        19 100
19  64  48  56  -2   9   0 0.44  0.0    0  9.2 20 150   M    M   8 1      26 150
20  66  50  58  -1   7   0 0.14  0.0    0  8.5 18 280   M    M   8 1      23 280
================================================================================
SM 1455  944       110  14  1.37     0.0 145.6          M      140
================================================================================
AV 72.8 47.2                               7.3 FASTST   M    M   7    MAX(MPH)
                                 MISC ---->  # 40 250               # 52  260
================================================================================
NOTES:
# LAST OF SEVERAL OCCURRENCES

COLUMN 17 PEAK WIND IN M.P.H.

PRELIMINARY LOCAL CLIMATOLOGICAL DATA (WS FORM: F-6) , PAGE 2

                                          STATION:  SYRACUSE NY
                                          MONTH:    MAY
                                          YEAR:     2018
                                          LATITUDE:   43  7 N
                                          LONGITUDE:  76  7 W

[TEMPERATURE DATA]      [PRECIPITATION DATA]       SYMBOLS USED IN COLUMN 16

AVERAGE MONTHLY: 60.0   TOTAL FOR MONTH:   1.37    1 = FOG OR MIST
DPTR FM NORMAL:   4.1   DPTR FM NORMAL:   -0.65    2 = FOG REDUCING VISIBILITY
HIGHEST:    88 ON  2    GRTST 24HR  0.44 ON 19-19      TO 1/4 MILE OR LESS
LOWEST:     32 ON  1                               3 = THUNDER
                        SNOW, ICE PELLETS, HAIL    4 = ICE PELLETS
                        TOTAL MONTH:   0.0 INCH    5 = HAIL
                        GRTST 24HR     0.0         6 = FREEZING RAIN OR DRIZZLE
                        GRTST DEPTH:   0           7 = DUSTSTORM OR SANDSTORM:
                                                       VSBY 1/2 MILE OR LESS
                                                   8 = SMOKE OR HAZE
[NO. OF DAYS WITH]      [WEATHER - DAYS WITH]      9 = BLOWING SNOW
                                                   X = TORNADO
MAX 32 OR BELOW:   0    0.01 INCH OR MORE:   9
MAX 90 OR ABOVE:   0    0.10 INCH OR MORE:   4
MIN 32 OR BELOW:   1    0.50 INCH OR MORE:   0
MIN  0 OR BELOW:   0    1.00 INCH OR MORE:   0

[HDD (BASE 65) ]
TOTAL THIS MO.   110    CLEAR  (SCALE 0-3)   1
DPTR FM NORMAL   -82    PTCLDY (SCALE 4-7)  13
TOTAL FM JUL 1  6583    CLOUDY (SCALE 8-10)  6
DPTR FM NORMAL    56

[CDD (BASE 65) ]
TOTAL THIS MO.    14
DPTR FM NORMAL     4    [PRESSURE DATA]
TOTAL FM JAN 1    14    HIGHEST SLP M ON M
DPTR FM NORMAL     0    LOWEST  SLP 29.70 ON M

[REMARKS]
