933
CXUS51 KBGM 200800
CF6SYR
PRELIMINARY LOCAL CLIMATOLOGICAL DATA (WS FORM: F-6)

                                          STATION:   SYRACUSE NY
                                          MONTH:     OCTOBER
                                          YEAR:      2019
                                          LATITUDE:   43  7 N
                                          LONGITUDE:  76  7 W

  TEMPERATURE IN F:       :PCPN:    SNOW:  WIND      :SUNSHINE: SKY     :PK WND
================================================================================
1   2   3   4   5  6A  6B    7    8   9   10  11  12  13   14  15   16   17  18
                                     12Z  AVG MX 2MIN
DY MAX MIN AVG DEP HDD CDD  WTR  SNW DPTH SPD SPD DIR MIN PSBL S-S WX    SPD DR
================================================================================

 1  88  63  76  20   0  11 0.01  0.0    0  8.6 26 240   M    M   8        32 250
 2  71  48  60   4   5   0 0.11  0.0    0  9.1 18 330   M    M  10 1      21 320
 3  59  48  54  -1  11   0 0.17  0.0    0  9.3 23 270   M    M  10 1      29 260
 4  56  38  47  -8  18   0 0.02  0.0    0  8.7 18 350   M    M   8 1      24 300
 5  61  33  47  -7  18   0 0.00  0.0    0  6.0 13  90   M    M   3        17 130
 6  66  48  57   3   8   0 0.13  0.0    0 11.5 21 180   M    M   9 1      28 200
 7  63  54  59   5   6   0 1.13  0.0    0  5.6 17 240   M    M  10 1      24 240
 8  66  44  55   2  10   0 0.00  0.0    0  1.8 10 330   M    M   5 1      12 350
 9  63  41  52  -1  13   0 0.00  0.0    0  5.0 17  90   M    M   7        21  90
10  67  42  55   3  10   0 0.00  0.0    0  4.3 12  70   M    M   3 1      17  60
11  71  37  54   2  11   0 0.00  0.0    0  3.6 10 100   M    M   2        13  90
12  57  44  51  -1  14   0 0.10  0.0    0  4.3 14 310   M    M   7 1      18 300
13  66  38  52   1  13   0 0.00  0.0    0  7.3 21 170   M    M   4 1      28 200
14  59  43  51   0  14   0    T  0.0    0  8.5 18 260   M    M   8        22 250
15  61  37  49  -2  16   0 0.00  0.0    0  4.3 10 230   M    M   5        14 220
16  62  43  53   3  12   0 1.09  0.0    0 10.1 28 150   M    M   8 1      36 160
17  50  46  48  -2  17   0 0.61  0.0    0 14.8 28 290   M    M  10 1      37 300
18  47  41  44  -6  21   0    T  0.0    0 10.2 20 270   M    M  10        23 280
19  57  36  47  -3  18   0 0.00  0.0    0  3.4 12 250   M    M   5 1      15 240
================================================================================
SM 1190  824       235  11  3.37     0.0 136.4          M      132
================================================================================
AV 62.6 43.4                               7.2 FASTST   M    M   7    MAX(MPH)
                                 MISC ---->  # 28 150               # 37  300
================================================================================
NOTES:
# LAST OF SEVERAL OCCURRENCES

COLUMN 17 PEAK WIND IN M.P.H.

PRELIMINARY LOCAL CLIMATOLOGICAL DATA (WS FORM: F-6) , PAGE 2

                                          STATION:  SYRACUSE NY
                                          MONTH:    OCTOBER
                                          YEAR:     2019
                                          LATITUDE:   43  7 N
                                          LONGITUDE:  76  7 W

[TEMPERATURE DATA]      [PRECIPITATION DATA]       SYMBOLS USED IN COLUMN 16

AVERAGE MONTHLY: 53.0   TOTAL FOR MONTH:   3.37    1 = FOG OR MIST
DPTR FM NORMAL:   0.4   DPTR FM NORMAL:    1.25    2 = FOG REDUCING VISIBILITY
HIGHEST:    88 ON  1    GRTST 24HR  1.13 ON  7- 7      TO 1/4 MILE OR LESS
LOWEST:     33 ON  5                               3 = THUNDER
                        SNOW, ICE PELLETS, HAIL    4 = ICE PELLETS
                        TOTAL MONTH:   0.0 INCH    5 = HAIL
                        GRTST 24HR     0.0         6 = FREEZING RAIN OR DRIZZLE
                        GRTST DEPTH:   0           7 = DUSTSTORM OR SANDSTORM:
                                                       VSBY 1/2 MILE OR LESS
                                                   8 = SMOKE OR HAZE
[NO. OF DAYS WITH]      [WEATHER - DAYS WITH]      9 = BLOWING SNOW
                                                   X = TORNADO
MAX 32 OR BELOW:   0    0.01 INCH OR MORE:   9
MAX 90 OR ABOVE:   0    0.10 INCH OR MORE:   7
MIN 32 OR BELOW:   0    0.50 INCH OR MORE:   3
MIN  0 OR BELOW:   0    1.00 INCH OR MORE:   2

[HDD (BASE 65) ]
TOTAL THIS MO.   235    CLEAR  (SCALE 0-3)   3
DPTR FM NORMAL    -6    PTCLDY (SCALE 4-7)   8
TOTAL FM JUL 1   310    CLOUDY (SCALE 8-10)  8
DPTR FM NORMAL   -98

[CDD (BASE 65) ]
TOTAL THIS MO.    11
DPTR FM NORMAL    11    [PRESSURE DATA]
TOTAL FM JAN 1   622    HIGHEST SLP 30.46 ON  5
DPTR FM NORMAL    57    LOWEST  SLP 29.33 ON 17

[REMARKS]
