000
CXUS51 KBGM 190800
CF6SYR
PRELIMINARY LOCAL CLIMATOLOGICAL DATA (WS FORM: F-6)

                                          STATION:   SYRACUSE NY
                                          MONTH:     OCTOBER
                                          YEAR:      2018
                                          LATITUDE:   43  7 N
                                          LONGITUDE:  76  7 W

  TEMPERATURE IN F:       :PCPN:    SNOW:  WIND      :SUNSHINE: SKY     :PK WND
================================================================================
1   2   3   4   5  6A  6B    7    8   9   10  11  12  13   14  15   16   17  18
                                     12Z  AVG MX 2MIN
DY MAX MIN AVG DEP HDD CDD  WTR  SNW DPTH SPD SPD DIR MIN PSBL S-S WX    SPD DR
================================================================================

 1  56  53  55  -1  10   0 0.03  0.0    0  4.4 12 340   M    M  10 1      15 320
 2  72  51  62   6   3   0 0.58  0.0    0  5.1 18 310   M    M   9 13     23 310
 3  60  52  56   1   9   0    T  0.0    0  6.6 14 290   M    M   9 1      17 290
 4  71  51  61   6   4   0 0.10  0.0    0  9.4 17 280   M    M   6 1      24 190
 5  60  38  49  -5  16   0 0.00  0.0    0  3.7 12 350   M    M   6        14 350
 6  76  49  63   9   2   0 0.05  0.0    0  8.0 15 180   M    M   9 1      20 180
 7  67  54  61   7   4   0 0.14  0.0    0  5.7 15 310   M    M  10 1      20 300
 8  75  54  65  12   0   0 0.00  0.0    0  4.8 14 170   M    M   7        21 170
 9  84  70  77  24   0  12 0.00  0.0    0  9.6 16 210   M    M   5        22 220
10  82  67  75  23   0  10 0.01  0.0    0  8.1 17 190   M    M   6        23 180
11  73  55  64  12   1   0 0.35  0.0    0  9.8 21 260   M    M   9 1      27 260
12  55  45  50  -2  15   0 0.03  0.0    0 13.7 24 280   M    M  10 1      33 280
13  48  42  45  -6  20   0 0.22  0.0    0  8.1 20 260   M    M  10 1      24 260
14  59  39  49  -2  16   0 0.00  0.0    0  4.7 13 240   M    M   5        16 200
15  63  41  52   1  13   0 0.05  0.0    0 11.2 33 290   M    M   9 1      48 280
16  52  38  45  -5  20   0 0.00  0.0    0 11.5 22 250   M    M   7        26 250
17  52  39  46  -4  19   0 0.13  0.0    0 14.1 24 280   M    M   9 13     32 290
18  43  32  38 -12  27   0    T    T    0 11.7 23 270   M    M   5        31 280
================================================================================
SM 1148  870       179  22  1.69    T    150.2          M      141
================================================================================
AV 63.8 48.3                               8.3 FASTST   M    M   8    MAX(MPH)
                                 MISC ---->  # 33 290               # 48  280
================================================================================
NOTES:
# LAST OF SEVERAL OCCURRENCES

COLUMN 17 PEAK WIND IN M.P.H.

PRELIMINARY LOCAL CLIMATOLOGICAL DATA (WS FORM: F-6) , PAGE 2

                                          STATION:  SYRACUSE NY
                                          MONTH:    OCTOBER
                                          YEAR:     2018
                                          LATITUDE:   43  7 N
                                          LONGITUDE:  76  7 W

[TEMPERATURE DATA]      [PRECIPITATION DATA]       SYMBOLS USED IN COLUMN 16

AVERAGE MONTHLY: 56.1   TOTAL FOR MONTH:   1.69    1 = FOG OR MIST
DPTR FM NORMAL:   3.3   DPTR FM NORMAL:   -0.32    2 = FOG REDUCING VISIBILITY
HIGHEST:    84 ON  9    GRTST 24HR  0.58 ON  2- 2      TO 1/4 MILE OR LESS
LOWEST:     32 ON 18                               3 = THUNDER
                        SNOW, ICE PELLETS, HAIL    4 = ICE PELLETS
                        TOTAL MONTH:    T          5 = HAIL
                        GRTST 24HR    T  ON 18-18  6 = FREEZING RAIN OR DRIZZLE
                        GRTST DEPTH:   0           7 = DUSTSTORM OR SANDSTORM:
                                                       VSBY 1/2 MILE OR LESS
                                                   8 = SMOKE OR HAZE
[NO. OF DAYS WITH]      [WEATHER - DAYS WITH]      9 = BLOWING SNOW
                                                   X = TORNADO
MAX 32 OR BELOW:   0    0.01 INCH OR MORE:  11
MAX 90 OR ABOVE:   0    0.10 INCH OR MORE:   6
MIN 32 OR BELOW:   1    0.50 INCH OR MORE:   1
MIN  0 OR BELOW:   0    1.00 INCH OR MORE:   0

[HDD (BASE 65) ]
TOTAL THIS MO.   179    CLEAR  (SCALE 0-3)   0
DPTR FM NORMAL   -46    PTCLDY (SCALE 4-7)   8
TOTAL FM JUL 1   289    CLOUDY (SCALE 8-10) 10
DPTR FM NORMAL  -103

[CDD (BASE 65) ]
TOTAL THIS MO.    22
DPTR FM NORMAL    22    [PRESSURE DATA]
TOTAL FM JAN 1   806    HIGHEST SLP M ON M
DPTR FM NORMAL   241    LOWEST  SLP 29.57 ON 11

[REMARKS]
