000
CXUS55 KABQ 201000
CF6TCC
PRELIMINARY LOCAL CLIMATOLOGICAL DATA (WS FORM: F-6)

                                          STATION:   TUCUMCARI NM
                                          MONTH:     OCTOBER
                                          YEAR:      2019
                                          LATITUDE:   35 10 N
                                          LONGITUDE: 103 36 W

  TEMPERATURE IN F:       :PCPN:    SNOW:  WIND      :SUNSHINE: SKY     :PK WND
================================================================================
1   2   3   4   5  6A  6B    7    8   9   10  11  12  13   14  15   16   17  18
                                     12Z  AVG MX 2MIN
DY MAX MIN AVG DEP HDD CDD  WTR  SNW DPTH SPD SPD DIR MIN PSBL S-S WX    SPD DR
================================================================================

 1  79  64  72   8   0   7 0.70    M    M 10.5 23 200   M    M   7 1      29 200
 2  85  66  76  12   0  11    T    M    M  9.3 21 210   M    M   3        25 210
 3  67  51  59  -5   6   0 0.14    M    M  9.3 28  50   M    M   9 1      34  50
 4  69  54  62  -1   3   0 0.35    M    M  7.0 17 220   M    M   8 1      21 220
 5  77  53  65   2   0   0 0.00    M    M  9.4 18  40   M    M   0 1      22 220
 6  72  46  59  -3   6   0 0.00    M    0  9.7 24  60   M    M   1        32  60
 7  72  41  57  -5   8   0 0.00    M    M  9.3 20 220   M    M   0 18     26 200
 8  84  50  67   5   0   2 0.00    M    M 15.5 26 220   M    M   0        32 240
 9  86  55  71  10   0   6 0.00    M    M 14.4 32 250   M    M   0        41 240
10  62  33  48 -13  17   0 0.00    M    M 16.8 30  40   M    M   0        36  50
11  57  25  41 -19  24   0 0.00    M    M  6.0 18  40   M    M   0        23  40
12  74  33  54  -6  11   0 0.00    M    M 14.5 29 220   M    M   0        34 230
13  82  43  63   3   2   0 0.00    M    M  6.6 17 240   M    M   0        20 240
14  86  45  66   7   0   1 0.00    M    M 11.5 25 240   M    M   0        34 230
15  72  41  57  -2   8   0    T    M    M 11.9 24  70   M    M   0        29  50
16  76  34  55  -4  10   0 0.00    M    M 10.7 24 210   M    M   0 8      31 190
17  85  44  65   7   0   0 0.00    M    M 13.0 28 200   M    M   0        34 210
18  84  55  70  12   0   5 0.00    M    M 16.3 30 260   M    M   0        37 280
19  73  40  57   0   8   0 0.00    M    M  9.3 22 220   M    M   0        26 230
================================================================================
SM 1442  873       103  32  1.19    M    211.0          M       28
================================================================================
AV 75.9 46.0                              11.1 FASTST   M    M   1    MAX(MPH)
                                 MISC ---->  # 32 250               # 41  240
================================================================================
NOTES:
# LAST OF SEVERAL OCCURRENCES

COLUMN 17 PEAK WIND IN M.P.H.

PRELIMINARY LOCAL CLIMATOLOGICAL DATA (WS FORM: F-6) , PAGE 2

                                          STATION:  TUCUMCARI NM
                                          MONTH:    OCTOBER
                                          YEAR:     2019
                                          LATITUDE:   35 10 N
                                          LONGITUDE: 103 36 W

[TEMPERATURE DATA]      [PRECIPITATION DATA]       SYMBOLS USED IN COLUMN 16

AVERAGE MONTHLY: 60.9   TOTAL FOR MONTH:   1.19    1 = FOG OR MIST
DPTR FM NORMAL:   0.1   DPTR FM NORMAL:   -0.03    2 = FOG REDUCING VISIBILITY
HIGHEST:    86 ON 14, 9 GRTST 24HR  0.70 ON  1- 1      TO 1/4 MILE OR LESS
LOWEST:     25 ON 11                               3 = THUNDER
                        SNOW, ICE PELLETS, HAIL    4 = ICE PELLETS
                        TOTAL MONTH:    M          5 = HAIL
                        GRTST 24HR    M  ON   M    6 = FREEZING RAIN OR DRIZZLE
                        GRTST DEPTH:   0           7 = DUSTSTORM OR SANDSTORM:
                                                       VSBY 1/2 MILE OR LESS
                                                   8 = SMOKE OR HAZE
[NO. OF DAYS WITH]      [WEATHER - DAYS WITH]      9 = BLOWING SNOW
                                                   X = TORNADO
MAX 32 OR BELOW:   0    0.01 INCH OR MORE:   3
MAX 90 OR ABOVE:   0    0.10 INCH OR MORE:   3
MIN 32 OR BELOW:   1    0.50 INCH OR MORE:   1
MIN  0 OR BELOW:   0    1.00 INCH OR MORE:   0

[HDD (BASE 65) ]
TOTAL THIS MO.   103    CLEAR  (SCALE 0-3)  16
DPTR FM NORMAL    -3    PTCLDY (SCALE 4-7)   1
TOTAL FM JUL 1   103    CLOUDY (SCALE 8-10)  2
DPTR FM NORMAL   -34

[CDD (BASE 65) ]
TOTAL THIS MO.    32
DPTR FM NORMAL     6    [PRESSURE DATA]
TOTAL FM JAN 1  1859    HIGHEST SLP M ON M
DPTR FM NORMAL   407    LOWEST  SLP 29.59 ON  9

[REMARKS]
