000
CXUS55 KABQ 241000
CF6TCC
PRELIMINARY LOCAL CLIMATOLOGICAL DATA (WS FORM: F-6)

                                          STATION:   TUCUMCARI NM
                                          MONTH:     JANUARY
                                          YEAR:      2020
                                          LATITUDE:   35 10 N
                                          LONGITUDE: 103 36 W

  TEMPERATURE IN F:       :PCPN:    SNOW:  WIND      :SUNSHINE: SKY     :PK WND
================================================================================
1   2   3   4   5  6A  6B    7    8   9   10  11  12  13   14  15   16   17  18
                                     12Z  AVG MX 2MIN
DY MAX MIN AVG DEP HDD CDD  WTR  SNW DPTH SPD SPD DIR MIN PSBL S-S WX    SPD DR
================================================================================

 1  62  32  47  11  18   0 0.00    M    M 15.9 30 260   M    M   1        34 260
 2   M   M   M   M   M   M    T    M    M  9.5 14 290   M    M   8         M  M
 3  51  26  39   3  26   0 0.00    M    M  6.9 16 250   M    M   0        19 240
 4  63  26  45   9  20   0 0.00    M    M 11.2 23 270   M    M   0        29 270
 5  54  25  40   4  25   0 0.00    M    M  6.1 17 220   M    M   0        20 220
 6  53  24  39   3  26   0 0.00    M    M  7.1 23 220   M    M   0        29 220
 7  63  22  43   6  22   0 0.00    M    M  8.2 26 220   M    M   0        32 230
 8  64  30  47  10  18   0 0.00    M    M 13.8 30 230   M    M   0        37 230
 9  61  32  47  10  18   0 0.00    M    M 13.2 30 260   M    M   2        37 250
10  50  24  37   0  28   0    T    M    M 13.5 30  20   M    M   8 1      35  10
11  58  17  38   1  27   0 0.00    M    M  9.2 23 250   M    M   1        28 240
12  57  30  44   7  21   0 0.00    M    M 13.7 24 280   M    M   0        32 260
13  65  26  46   9  19   0 0.00    M    M 12.3 41 260   M    M   0        50 270
14  71  32  52  15  13   0 0.00    M    M 14.3 33 240   M    M   0        46 240
15  51  35  43   6  22   0 0.00    M    M 11.3 23  40   M    M   0        28  60
16  35  28  32  -5  33   0 0.16    M    M  6.3 14  10   M    M   8 16     17  40
17  53  32  43   6  22   0 0.00    M    M 16.3 37 270   M    M   3        46 270
18  46  23  35  -3  30   0 0.00    M    M  6.6 17  70   M    M   0        20  70
19  46  28  37  -1  28   0 0.00    M    M  4.9 15 220   M    M   0        19 220
20  55  23  39   1  26   0 0.00    M    M  6.7 17 220   M    M   0        21 220
21  43  35  39   1  26   0 0.08    M    M 10.0 23 220   M    M   8 1      29 220
22  60  35  48  10  17   0    T    M    M  8.6 25 240   M    M   4        30 230
23  50  27  39   1  26   0 0.00  0.0    M  3.9 15  20   M    M   0        17  20
================================================================================
SM 1211  612       511   0  0.24     0.0 229.5          M       43
================================================================================
AV 55.1 27.8                              10.0 FASTST   M    M   2    MAX(MPH)
                                 MISC ---->  # 41 260               # 50  270
================================================================================
NOTES:
# LAST OF SEVERAL OCCURRENCES

COLUMN 17 PEAK WIND IN M.P.H.

PRELIMINARY LOCAL CLIMATOLOGICAL DATA (WS FORM: F-6) , PAGE 2

                                          STATION:  TUCUMCARI NM
                                          MONTH:    JANUARY
                                          YEAR:     2020
                                          LATITUDE:   35 10 N
                                          LONGITUDE: 103 36 W

[TEMPERATURE DATA]      [PRECIPITATION DATA]       SYMBOLS USED IN COLUMN 16

AVERAGE MONTHLY: 41.4   TOTAL FOR MONTH:   0.24    1 = FOG OR MIST
DPTR FM NORMAL:   4.4   DPTR FM NORMAL:   -0.08    2 = FOG REDUCING VISIBILITY
HIGHEST:    71 ON 14    GRTST 24HR  0.16 ON 16-16      TO 1/4 MILE OR LESS
LOWEST:     17 ON 11                               3 = THUNDER
                        SNOW, ICE PELLETS, HAIL    4 = ICE PELLETS
                        TOTAL MONTH:   0.0 INCH    5 = HAIL
                        GRTST 24HR     0.0         6 = FREEZING RAIN OR DRIZZLE
                        GRTST DEPTH:  M  ON   M    7 = DUSTSTORM OR SANDSTORM:
                                                       VSBY 1/2 MILE OR LESS
                                                   8 = SMOKE OR HAZE
[NO. OF DAYS WITH]      [WEATHER - DAYS WITH]      9 = BLOWING SNOW
                                                   X = TORNADO
MAX 32 OR BELOW:   0    0.01 INCH OR MORE:   2
MAX 90 OR ABOVE:   0    0.10 INCH OR MORE:   1
MIN 32 OR BELOW:  19    0.50 INCH OR MORE:   0
MIN  0 OR BELOW:   0    1.00 INCH OR MORE:   0

[HDD (BASE 65) ]
TOTAL THIS MO.   511    CLEAR  (SCALE 0-3)  18
DPTR FM NORMAL  -134    PTCLDY (SCALE 4-7)   5
TOTAL FM JUL 1  2103    CLOUDY (SCALE 8-10)  0
DPTR FM NORMAL  -216

[CDD (BASE 65) ]
TOTAL THIS MO.     0
DPTR FM NORMAL     0    [PRESSURE DATA]
TOTAL FM JAN 1     0    HIGHEST SLP M ON M
DPTR FM NORMAL     0    LOWEST  SLP 29.65 ON  2

[REMARKS]
