000
CXUS54 KBMX 181110
CF6TCL
PRELIMINARY LOCAL CLIMATOLOGICAL DATA (WS FORM: F-6)

                                          STATION:   TUSCALOOSA
                                          MONTH:     AUGUST
                                          YEAR:      2018
                                          LATITUDE:   33 13 N
                                          LONGITUDE:  87 37 W

  TEMPERATURE IN F:       :PCPN:    SNOW:  WIND      :SUNSHINE: SKY     :PK WND
================================================================================
1   2   3   4   5  6A  6B    7    8   9   10  11  12  13   14  15   16   17  18
                                     12Z  AVG MX 2MIN
DY MAX MIN AVG DEP HDD CDD  WTR  SNW DPTH SPD SPD DIR MIN PSBL S-S WX    SPD DR
================================================================================

 1  87  72  80  -2   0  15 0.11  0.0    0  3.5 10  70   M    M   6 1      14  40
 2  89  71  80  -2   0  15 0.00  0.0    0  3.6 12  40   M    M   1        15  40
 3  91  69  80  -2   0  15 0.00  0.0    0  2.3 20  40   M    M   3 1238   24  40
 4  93  70  82   0   0  17    T  0.0    0  3.1 14 170   M    M   1 13     17 200
 5  96  72  84   2   0  19 0.00  0.0    0  2.1 10 190   M    M   0 1      12 190
 6  97  73  85   3   0  20 0.00  0.0    0  2.7 17 350   M    M   0 3      24 350
 7  94  73  84   2   0  19    T  0.0    0  4.2 16 270   M    M   0 3      23 270
 8  96  71  84   2   0  19    T  0.0    0  3.4 16 190   M    M   1 13     20 180
 9  92  74  83   1   0  18 0.12  0.0    0  3.9 14 180   M    M   2 13     19 190
10  93  73  83   1   0  18 2.46  0.0    0  4.3 24 320   M    M   4 13     32 320
11  93  74  84   2   0  19 0.00  0.0    0  3.4 12 310   M    M   5 1      14 310
12  95  73  84   2   0  19 0.08  0.0    0  2.4 21 290   M    M   2 1238   28 290
13  95  72  84   2   0  19 0.00  0.0    0  1.8 14 260   M    M   0 1      16 260
14  94  73  84   2   0  19 0.00  0.0    0  2.3  8 260   M    M   0 18     11 270
15  96  72  84   2   0  19 0.00  0.0    0  3.7  9 140   M    M   1 18     15 170
16  95  76  86   4   0  21 0.00  0.0    0  6.4 21 180   M    M   0 1      29 160
17  92  75  84   2   0  19 0.42  0.0    0  6.9 18 270   M    M   6 13     23 270
================================================================================
SM 1588 1233         0 310  3.19     0.0  60.0          M       32
================================================================================
AV 93.4 72.5                               3.5 FASTST   M    M   2    MAX(MPH)
                                 MISC ---->  # 24 320               # 32  320
================================================================================
NOTES:
# LAST OF SEVERAL OCCURRENCES

COLUMN 17 PEAK WIND IN M.P.H.

PRELIMINARY LOCAL CLIMATOLOGICAL DATA (WS FORM: F-6) , PAGE 2

                                          STATION:  TUSCALOOSA
                                          MONTH:    AUGUST
                                          YEAR:     2018
                                          LATITUDE:   33 13 N
                                          LONGITUDE:  87 37 W

[TEMPERATURE DATA]      [PRECIPITATION DATA]       SYMBOLS USED IN COLUMN 16

AVERAGE MONTHLY: 83.0   TOTAL FOR MONTH:   3.19    1 = FOG OR MIST
DPTR FM NORMAL:   1.0   DPTR FM NORMAL:    1.30    2 = FOG REDUCING VISIBILITY
HIGHEST:    97 ON  6    GRTST 24HR  2.46 ON 10-10      TO 1/4 MILE OR LESS
LOWEST:     69 ON  3                               3 = THUNDER
                        SNOW, ICE PELLETS, HAIL    4 = ICE PELLETS
                        TOTAL MONTH:   0.0 INCH    5 = HAIL
                        GRTST 24HR     0.0         6 = FREEZING RAIN OR DRIZZLE
                        GRTST DEPTH:   0           7 = DUSTSTORM OR SANDSTORM:
                                                       VSBY 1/2 MILE OR LESS
                                                   8 = SMOKE OR HAZE
[NO. OF DAYS WITH]      [WEATHER - DAYS WITH]      9 = BLOWING SNOW
                                                   X = TORNADO
MAX 32 OR BELOW:   0    0.01 INCH OR MORE:   5
MAX 90 OR ABOVE:  15    0.10 INCH OR MORE:   4
MIN 32 OR BELOW:   0    0.50 INCH OR MORE:   1
MIN  0 OR BELOW:   0    1.00 INCH OR MORE:   1

[HDD (BASE 65) ]
TOTAL THIS MO.     0    CLEAR  (SCALE 0-3)  13
DPTR FM NORMAL     0    PTCLDY (SCALE 4-7)   4
TOTAL FM JUL 1     0    CLOUDY (SCALE 8-10)  0
DPTR FM NORMAL     0

[CDD (BASE 65) ]
TOTAL THIS MO.   310
DPTR FM NORMAL    22    [PRESSURE DATA]
TOTAL FM JAN 1  1836    HIGHEST SLP M ON M
DPTR FM NORMAL   316    LOWEST  SLP 29.92 ON 10

[REMARKS]
