000
CXUS54 KEPZ 211200
CF6TCS
PRELIMINARY LOCAL CLIMATOLOGICAL DATA (WS FORM: F-6)

                                          STATION:   TRUTH OR CONSEQUENCES
                                          MONTH:     OCTOBER
                                          YEAR:      2019
                                          LATITUDE:   33 13 N
                                          LONGITUDE: 107 16 W

  TEMPERATURE IN F:       :PCPN:    SNOW:  WIND      :SUNSHINE: SKY     :PK WND
================================================================================
1   2   3   4   5  6A  6B    7    8   9   10  11  12  13   14  15   16   17  18
                                     12Z  AVG MX 2MIN
DY MAX MIN AVG DEP HDD CDD  WTR  SNW DPTH SPD SPD DIR MIN PSBL S-S WX    SPD DR
================================================================================

 1  80  68  74   8   0   9    T  0.0    0 12.9 22 180   M    M   4        26 180
 2  80  56  68   2   0   3 0.08  0.0    0  6.2 17 180   M    M   3        23 190
 3  82  62  72   6   0   7 0.07  0.0    0  7.3 25 140   M    M   6 3      32 140
 4  76  63  70   5   0   5 0.39  0.0    0  7.3 16 190   M    M   7 1      20 190
 5  83  59  71   6   0   6 0.00  0.0    0  5.6 15 310   M    M   0        18 310
 6  84  55  70   6   0   5 0.00  0.0    0  8.2 22  10   M    M   0 8      29  10
 7  77  55  66   2   0   1 0.00  0.0    0  9.9 22  20   M    M   0        30  10
 8  78  58  68   4   0   3    T  0.0    0  8.5 22 180   M    M   3        28 190
 9  84  56  70   6   0   5 0.00  0.0    0  8.1 21 240   M    M   0        28 230
10  82  53  68   5   0   3 0.00  0.0    0 10.5 25 220   M    M   0        34 210
11  66  44  55  -8  10   0 0.00  0.0    0 10.1 21  20   M    M   0        30  20
12  71  41  56  -6   9   0 0.00  0.0    0  7.4 21 180   M    M   0        25 190
13  80  47  64   2   1   0 0.00  0.0    0  7.1 17 180   M    M   0        21 190
14  79  51  65   3   0   0 0.00  0.0    0  7.6 20 190   M    M   1        24 180
15  80  53  67   6   0   2 0.00  0.0    0  6.2 14  50   M    M   0        17  80
16  79  49  64   3   1   0 0.00  0.0    0  5.7 13 150   M    M   0        15 150
17  80  47  64   3   1   0 0.00  0.0    0  9.3 21 170   M    M   0        31 200
18  77  54  66   6   0   1 0.00  0.0    0 10.5 35 290   M    M   1        44 290
19  74  46  60   0   5   0 0.00  0.0    0  8.6 15 300   M    M   0        16 200
20  79  46  63   3   2   0 0.00  0.0    0  8.5 22 320   M    M   0        38 330
================================================================================
SM 1571 1063        29  50  0.54     0.0 165.5          M       25
================================================================================
AV 78.6 53.2                               8.3 FASTST   M    M   1    MAX(MPH)
                                 MISC ---->  # 35 290               # 44  290
================================================================================
NOTES:
# LAST OF SEVERAL OCCURRENCES

COLUMN 17 PEAK WIND IN M.P.H.

PRELIMINARY LOCAL CLIMATOLOGICAL DATA (WS FORM: F-6) , PAGE 2

                                          STATION:  TRUTH OR CONSEQUENCES
                                          MONTH:    OCTOBER
                                          YEAR:     2019
                                          LATITUDE:   33 13 N
                                          LONGITUDE: 107 16 W

[TEMPERATURE DATA]      [PRECIPITATION DATA]       SYMBOLS USED IN COLUMN 16

AVERAGE MONTHLY: 65.9   TOTAL FOR MONTH:   0.54    1 = FOG OR MIST
DPTR FM NORMAL:   2.9   DPTR FM NORMAL:   -0.23    2 = FOG REDUCING VISIBILITY
HIGHEST:    84 ON  9, 6 GRTST 24HR  0.39 ON  4- 4      TO 1/4 MILE OR LESS
LOWEST:     41 ON 12                               3 = THUNDER
                        SNOW, ICE PELLETS, HAIL    4 = ICE PELLETS
                        TOTAL MONTH:   0.0 INCH    5 = HAIL
                        GRTST 24HR     0.0         6 = FREEZING RAIN OR DRIZZLE
                        GRTST DEPTH:   0           7 = DUSTSTORM OR SANDSTORM:
                                                       VSBY 1/2 MILE OR LESS
                                                   8 = SMOKE OR HAZE
[NO. OF DAYS WITH]      [WEATHER - DAYS WITH]      9 = BLOWING SNOW
                                                   X = TORNADO
MAX 32 OR BELOW:   0    0.01 INCH OR MORE:   3
MAX 90 OR ABOVE:   0    0.10 INCH OR MORE:   1
MIN 32 OR BELOW:   0    0.50 INCH OR MORE:   0
MIN  0 OR BELOW:   0    1.00 INCH OR MORE:   0

[HDD (BASE 65) ]
TOTAL THIS MO.    29    CLEAR  (SCALE 0-3)  15
DPTR FM NORMAL   -38    PTCLDY (SCALE 4-7)   5
TOTAL FM JUL 1    29    CLOUDY (SCALE 8-10)  0
DPTR FM NORMAL   -50

[CDD (BASE 65) ]
TOTAL THIS MO.    50
DPTR FM NORMAL    23    [PRESSURE DATA]
TOTAL FM JAN 1  2184    HIGHEST SLP M ON M
DPTR FM NORMAL   563    LOWEST  SLP 29.58 ON 18

[REMARKS]
