000
CXUS54 KEPZ 161200
CF6TCS
PRELIMINARY LOCAL CLIMATOLOGICAL DATA (WS FORM: F-6)

                                          STATION:   TRUTH OR CONSEQUENCES
                                          MONTH:     FEBRUARY
                                          YEAR:      2019
                                          LATITUDE:   33 13 N
                                          LONGITUDE: 107 16 W

  TEMPERATURE IN F:       :PCPN:    SNOW:  WIND      :SUNSHINE: SKY     :PK WND
================================================================================
1   2   3   4   5  6A  6B    7    8   9   10  11  12  13   14  15   16   17  18
                                     12Z  AVG MX 2MIN
DY MAX MIN AVG DEP HDD CDD  WTR  SNW DPTH SPD SPD DIR MIN PSBL S-S WX    SPD DR
================================================================================

 1  63  39  51   7  14   0    T  0.0    0  5.8 20 200   M    M   4        23 190
 2  65  35  50   6  15   0 0.00  0.0    0  7.3 16 280   M    M   0        21 280
 3  63  36  50   6  15   0 0.00  0.0    0  5.9 24 280   M    M   5        33 280
 4  68  41  55  11  10   0    T    M    0 11.5 28 220   M    M   3        33 190
 5  65  49  57  13   8   0 0.00  0.0    0 14.5 28 250   M    M   1        36 250
 6  56  29  43  -2  22   0 0.00  0.0    0 17.3 39 240   M    M   1        50 220
 7  47  24  36  -9  29   0 0.00  0.0    0  6.0 20 300   M    M   0        26 310
 8  53  18  36  -9  29   0 0.00  0.0    0  6.2 14 190   M    M   0        19 180
 9  55  26  41  -4  24   0 0.00  0.0    0  7.5 31 220   M    M   1        41 220
10  55  37  46   1  19   0 0.00  0.0    0 10.1 29 180   M    M   4        35 180
11  55  34  45  -1  20   0 0.00  0.0    0 12.4 29 280   M    M   1        40 280
12  56  23  40  -6  25   0 0.00  0.0    0  6.1 14 320   M    M   0        19 310
13  60  27  44  -2  21   0 0.00  0.0    0  6.3 16 180   M    M   0        19 190
14  68  38  53   7  12   0 0.00  0.0    0  8.4 22 190   M    M   5        29 180
15  72  52  62  16   3   0 0.00  0.0    0  9.8 21 250   M    M   3        27 250
================================================================================
SM  901  508       266   0    T      0.0 135.1          M       28
================================================================================
AV 60.1 33.9                               9.0 FASTST   M    M   2    MAX(MPH)
                                 MISC ---->  # 39 240               # 50  220
================================================================================
NOTES:
# LAST OF SEVERAL OCCURRENCES

COLUMN 17 PEAK WIND IN M.P.H.

PRELIMINARY LOCAL CLIMATOLOGICAL DATA (WS FORM: F-6) , PAGE 2

                                          STATION:  TRUTH OR CONSEQUENCES
                                          MONTH:    FEBRUARY
                                          YEAR:     2019
                                          LATITUDE:   33 13 N
                                          LONGITUDE: 107 16 W

[TEMPERATURE DATA]      [PRECIPITATION DATA]       SYMBOLS USED IN COLUMN 16

AVERAGE MONTHLY: 47.0   TOTAL FOR MONTH:      T    1 = FOG OR MIST
DPTR FM NORMAL:   2.0   DPTR FM NORMAL:   -0.22    2 = FOG REDUCING VISIBILITY
HIGHEST:    72 ON 15    GRTST 24HR    T  ON  4- 4      TO 1/4 MILE OR LESS
LOWEST:     18 ON  8                               3 = THUNDER
                        SNOW, ICE PELLETS, HAIL    4 = ICE PELLETS
                        TOTAL MONTH:   0.0 INCH    5 = HAIL
                        GRTST 24HR     0.0         6 = FREEZING RAIN OR DRIZZLE
                        GRTST DEPTH:   0           7 = DUSTSTORM OR SANDSTORM:
                                                       VSBY 1/2 MILE OR LESS
                                                   8 = SMOKE OR HAZE
[NO. OF DAYS WITH]      [WEATHER - DAYS WITH]      9 = BLOWING SNOW
                                                   X = TORNADO
MAX 32 OR BELOW:   0    0.01 INCH OR MORE:   0
MAX 90 OR ABOVE:   0    0.10 INCH OR MORE:   0
MIN 32 OR BELOW:   6    0.50 INCH OR MORE:   0
MIN  0 OR BELOW:   0    1.00 INCH OR MORE:   0

[HDD (BASE 65) ]
TOTAL THIS MO.   266    CLEAR  (SCALE 0-3)  10
DPTR FM NORMAL   -33    PTCLDY (SCALE 4-7)   5
TOTAL FM JUL 1  2267    CLOUDY (SCALE 8-10)  0
DPTR FM NORMAL  -160

[CDD (BASE 65) ]
TOTAL THIS MO.     0
DPTR FM NORMAL     0    [PRESSURE DATA]
TOTAL FM JAN 1     0    HIGHEST SLP M ON M
DPTR FM NORMAL     0    LOWEST  SLP 29.61 ON  6

[REMARKS]
