000
CXUS54 KEPZ 271030
CF6TCS
PRELIMINARY LOCAL CLIMATOLOGICAL DATA (WS FORM: F-6)
STATION: TRUTH OR CONSEQUENCES
MONTH: MARCH
YEAR: 2024
LATITUDE: 33 13 N
LONGITUDE: 107 16 W
TEMPERATURE IN F: :PCPN: SNOW: WIND :SUNSHINE: SKY :PK WND
================================================================================
1 2 3 4 5 6A 6B 7 8 9 10 11 12 13 14 15 16 17 18
12Z AVG MX 2MIN
DY MAX MIN AVG DEP HDD CDD WTR SNW DPTH SPD SPD DIR MIN PSBL S-S WX SPD DR
================================================================================
1 69 38 54 4 11 0 0.00 M M 8.0 16 250 M M 0 26 160
2 70 39 55 5 10 0 0.00 M M 9.8 28 250 M M 0 38 260
3 72 42 57 6 8 0 0.00 M M 12.1 30 250 M M 0 38 240
4 69 44 57 6 8 0 0.00 M M 9.3 23 270 M M 0 29 270
5 69 40 55 4 10 0 0.00 M M 9.1 22 260 M M 0 29 250
6 65 43 54 3 11 0 0.00 M M 8.2 20 230 M M 0 26 220
7 65 43 54 2 11 0 0.00 M M 9.9 30 240 M M 1 39 230
8 57 41 49 -3 16 0 T M M 10.4 21 260 M M 8 26 250
9 55 38 47 -5 18 0 0.00 M M 9.1 20 20 M M 6 27 20
10 61 33 47 -5 18 0 0.00 M M 5.1 13 140 M M 0 17 60
11 67 37 52 -1 13 0 0.00 M M 10.5 23 210 M M 0 33 210
12 74 43 59 6 6 0 0.00 M M 10.5 23 250 M M 0 32 240
13 68 43 56 3 9 0 0.00 M M 13.7 33 250 M M 0 46 270
14 64 38 51 -2 14 0 0.00 M M 7.9 23 160 M M 4 33 170
15 66 42 54 0 11 0 T M M 15.4 29 20 M M 7 40 30
16 59 41 50 -4 15 0 T M M 9.4 18 330 M M 9 29 340
17 60 41 51 -3 14 0 T M M 11.9 28 20 M M 6 40 20
18 57 43 50 -4 15 0 0.01 M M 10.3 23 10 M M 9 34 10
19 64 39 52 -3 13 0 T M M 6.0 33 300 M M 3 42 300
20 67 38 53 -2 12 0 0.00 M M 7.1 16 180 M M 2 23 170
21 71 45 58 3 7 0 T M M 10.2 23 10 M M 2 33 360
22 72 47 60 4 5 0 0.00 M M 8.5 23 300 M M 0 31 310
23 74 46 60 4 5 0 0.00 M M 10.0 26 240 M M 0 37 190
24 57 38 48 -8 17 0 T M M 17.6 52 270 M M 1 63 270
25 54 35 45 -11 20 0 0.00 M M 9.5 35 300 M M 5 3 45 290
26 55 38 47 -9 18 0 T M M 10.8 37 290 M M 3 50 320
================================================================================
SM 1681 1055 315 0 0.01 M 260.3 M 66
================================================================================
AV 64.7 40.6 10.0 FASTST M M 3 MAX(MPH)
MISC ----> 52 270 63 270
================================================================================
NOTES:
# LAST OF SEVERAL OCCURRENCES
COLUMN 17 PEAK WIND IN M.P.H.
PRELIMINARY LOCAL CLIMATOLOGICAL DATA (WS FORM: F-6) , PAGE 2
STATION: TRUTH OR CONSEQUENCES
MONTH: MARCH
YEAR: 2024
LATITUDE: 33 13 N
LONGITUDE: 107 16 W
[TEMPERATURE DATA] [PRECIPITATION DATA] SYMBOLS USED IN COLUMN 16
AVERAGE MONTHLY: 52.6 TOTAL FOR MONTH: 0.01 1 = FOG OR MIST
DPTR FM NORMAL: -0.7 DPTR FM NORMAL: -0.19 2 = FOG REDUCING VISIBILITY
HIGHEST: 74 ON 23,12 GRTST 24HR 0.01 ON 17-18 TO 1/4 MILE OR LESS
LOWEST: 33 ON 10 3 = THUNDER
SNOW, ICE PELLETS, HAIL 4 = ICE PELLETS
TOTAL MONTH: M 5 = HAIL
GRTST 24HR M ON M 6 = FREEZING RAIN OR DRIZZLE
GRTST DEPTH: M ON M 7 = DUSTSTORM OR SANDSTORM:
VSBY 1/2 MILE OR LESS
8 = SMOKE OR HAZE
[NO. OF DAYS WITH] [WEATHER - DAYS WITH] 9 = BLOWING SNOW
X = TORNADO
MAX 32 OR BELOW: 0 0.01 INCH OR MORE: 1
MAX 90 OR ABOVE: 0 0.10 INCH OR MORE: 0
MIN 32 OR BELOW: 0 0.50 INCH OR MORE: 0
MIN 0 OR BELOW: 0 1.00 INCH OR MORE: 0
[HDD (BASE 65) ]
TOTAL THIS MO. 315 CLEAR (SCALE 0-3) 16
DPTR FM NORMAL 9 PTCLDY (SCALE 4-7) 8
TOTAL FM JUL 1 2556 CLOUDY (SCALE 8-10) 2
DPTR FM NORMAL -269
[CDD (BASE 65) ]
TOTAL THIS MO. 0
DPTR FM NORMAL 0 [PRESSURE DATA]
TOTAL FM JAN 1 0 HIGHEST SLP M ON M
DPTR FM NORMAL 0 LOWEST SLP 29.33 ON 24
[REMARKS]