000
CXUS54 KFWD 200730
CF6TKI
PRELIMINARY LOCAL CLIMATOLOGICAL DATA (WS FORM: F-6)

                                          STATION:   MCKINNEY
                                          MONTH:     JUNE
                                          YEAR:      2018
                                          LATITUDE:   33 10 N
                                          LONGITUDE:  96 35 W

  TEMPERATURE IN F:       :PCPN:    SNOW:  WIND      :SUNSHINE: SKY     :PK WND
================================================================================
1   2   3   4   5  6A  6B    7    8   9   10  11  12  13   14  15   16   17  18
                                     12Z  AVG MX 2MIN
DY MAX MIN AVG DEP HDD CDD  WTR  SNW DPTH SPD SPD DIR MIN PSBL S-S WX    SPD DR
================================================================================

 1  95  77  86  10   0  21 0.00  0.0    0 12.9 20 170   M    M   1        25 170
 2  98  77  88  11   0  23    T  0.0    0 11.2 23 180   M    M   2        30 170
 3  92  67  80   3   0  15 0.00  0.0    0 10.4 20  10   M    M   4        25  30
 4  83  65  74  -3   0   9 1.04  0.0    0  5.7 18 250   M    M   4 13     23 250
 5  90  67  79   2   0  14 0.42  0.0    0  8.1 26 220   M    M   1 13     37 230
 6  93  74  84   6   0  19 0.01  0.0    0  9.4 21 140   M    M   1 13     30 140
 7  90  72  81   3   0  16 0.05  0.0    0 10.5 35  10   M    M   2 13     44  10
 8  92  71  82   4   0  17 0.00  0.0    0  9.0 18 150   M    M   0        23 170
 9  92  71  82   4   0  17 0.00  0.0    0  7.8 17 160   M    M   0        22 170
10  93  73  83   5   0  18 0.00  0.0    0 11.0 18 180   M    M   1        25 170
11  92  77  85   6   0  20 0.00  0.0    0 13.7 24 180   M    M   1        28 170
12  91  77  84   5   0  19 0.00  0.0    0  8.8 17 170   M    M   2        21 180
13  95  77  86   7   0  21 0.00  0.0    0  9.6 17 200   M    M   1        22 200
14  95  73  84   5   0  19 0.00  0.0    0  8.9 18 170   M    M   0        23 170
15  93  73  83   4   0  18 0.00  0.0    0 10.7 20 160   M    M   1        25 170
16  94  76  85   5   0  20 0.00  0.0    0 13.3 22 160   M    M   2        26 160
17  93  74  84   4   0  19 0.00  0.0    0 10.4 21 170   M    M   3        26 180
18  91  76  84   4   0  19    T  0.0    0 10.8 21 150   M    M   5 1      27 150
19  87  73  80   0   0  15 0.01  0.0    0  9.1 20 160   M    M   9 1      24 150
================================================================================
SM 1749 1390         0 339  1.53     0.0 191.3          M       40
================================================================================
AV 92.1 73.2                              10.1 FASTST   M    M   2    MAX(MPH)
                                 MISC ---->  # 35  10               # 44   10
================================================================================
NOTES:
# LAST OF SEVERAL OCCURRENCES

COLUMN 17 PEAK WIND IN M.P.H.

PRELIMINARY LOCAL CLIMATOLOGICAL DATA (WS FORM: F-6) , PAGE 2

                                          STATION:  MCKINNEY
                                          MONTH:    JUNE
                                          YEAR:     2018
                                          LATITUDE:   33 10 N
                                          LONGITUDE:  96 35 W

[TEMPERATURE DATA]      [PRECIPITATION DATA]       SYMBOLS USED IN COLUMN 16

AVERAGE MONTHLY: 82.6   TOTAL FOR MONTH:   1.53    1 = FOG OR MIST
DPTR FM NORMAL:   4.2   DPTR FM NORMAL:   -1.49    2 = FOG REDUCING VISIBILITY
HIGHEST:    98 ON  2    GRTST 24HR  1.04 ON  4- 4      TO 1/4 MILE OR LESS
LOWEST:     65 ON  4                               3 = THUNDER
                        SNOW, ICE PELLETS, HAIL    4 = ICE PELLETS
                        TOTAL MONTH:   0.0 INCH    5 = HAIL
                        GRTST 24HR     0.0         6 = FREEZING RAIN OR DRIZZLE
                        GRTST DEPTH:   0           7 = DUSTSTORM OR SANDSTORM:
                                                       VSBY 1/2 MILE OR LESS
                                                   8 = SMOKE OR HAZE
[NO. OF DAYS WITH]      [WEATHER - DAYS WITH]      9 = BLOWING SNOW
                                                   X = TORNADO
MAX 32 OR BELOW:   0    0.01 INCH OR MORE:   5
MAX 90 OR ABOVE:  17    0.10 INCH OR MORE:   2
MIN 32 OR BELOW:   0    0.50 INCH OR MORE:   1
MIN  0 OR BELOW:   0    1.00 INCH OR MORE:   1

[HDD (BASE 65) ]
TOTAL THIS MO.     0    CLEAR  (SCALE 0-3)  15
DPTR FM NORMAL     0    PTCLDY (SCALE 4-7)   3
TOTAL FM JUL 1  2535    CLOUDY (SCALE 8-10)  1
DPTR FM NORMAL  -106

[CDD (BASE 65) ]
TOTAL THIS MO.   339
DPTR FM NORMAL    85    [PRESSURE DATA]
TOTAL FM JAN 1   794    HIGHEST SLP M ON M
DPTR FM NORMAL   216    LOWEST  SLP 29.68 ON 11

[REMARKS]
