610
CXUS52 KMFL 231000
CF6TMB
PRELIMINARY LOCAL CLIMATOLOGICAL DATA (WS FORM: F-6)

                                          STATION:   KENDALL-TAMIAMI EXEC ARPT
                                          MONTH:     OCTOBER
                                          YEAR:      2019
                                          LATITUDE:   25 38 N
                                          LONGITUDE:  80 26 W

  TEMPERATURE IN F:       :PCPN:    SNOW:  WIND      :SUNSHINE: SKY     :PK WND
================================================================================
1   2   3   4   5  6A  6B    7    8   9   10  11  12  13   14  15   16   17  18
                                     12Z  AVG MX 2MIN
DY MAX MIN AVG DEP HDD CDD  WTR  SNW DPTH SPD SPD DIR MIN PSBL S-S WX    SPD DR
================================================================================

 1  89  77  83   3   0  1899.90  0.0    0 13.8 25  70   M    M   5 18     31  80
 2  89  76  83   3   0  18 0.30  0.0    0 11.9 28  90   M    M   5 18     33  90
 3  89  73  81   1   0  16 0.00  0.0    0  9.4 23  80   M    M   2        26  80
 4  89  72  81   1   0  16 0.00  0.0    0  7.0 16  90   M    M   1        21 110
 5  89  74  82   2   0  17 0.01  0.0    0 10.0 20  90   M    M   2        25  90
 6  89  77  83   3   0  18 0.03  0.0    0 11.2 22  90   M    M   3 18     26  80
 7  85  75  80   0   0  15 0.75  0.0    0  5.5 16 150   M    M   5 13     21 150
 8  85  75  80   0   0  15 1.22  0.0    0  5.6 24 240   M    M   5 13     29 250
 9  91  75  83   3   0  18 0.57  0.0    0  5.0 15 230   M    M   2 13     18 230
10  91  74  83   4   0  18 1.14  0.0    0  4.9 20  20   M    M   4 13     23  30
11  89  74  82   3   0  17 0.34  0.0    0  8.3 20  10   M    M   4 13     25  30
12  86  74  80   1   0  15 0.04  0.0    0 11.2 18  90   M    M   7 1      23  80
13  88  77  83   4   0  18 0.01  0.0    0 11.2 20  90   M    M   4        24 100
14  88  74  81   2   0  16 0.00  0.0    0  7.8 16 110   M    M   2        20 120
15  88  72  80   2   0  15 0.00  0.0    0  5.5 14 110   M    M   0        17 100
16  91  73  82   4   0  17 0.00  0.0    M  6.1 18 270   M    M   2        23 270
17  92  74  83   5   0  18    T  0.0    0  5.7 18 270   M    M   2 13     21 270
18  89  75  82   4   0  17 0.00  0.0    0  4.8 12 140   M    M   1 1      16 140
19  87  77  82   4   0  17 0.05  0.0    0  8.1 15 180   M    M   3 1      23 140
20  92  77  85   7   0  20 0.37  0.0    0  6.7 18 260   M    M   1 13     23 240
21  91  74  83   6   0  18 0.00  0.0    0  4.7 13 160   M    M   1 1      24 150
22  90  74  82   5   0  17 0.00  0.0    0  4.3 13 130   M    M   2 12     18 100
================================================================================
SM 1957 1643         0 374104.73     0.0 168.7          M       63
================================================================================
AV 89.0 74.7                               7.7 FASTST   M    M   3    MAX(MPH)
                                 MISC ---->  # 28  90               # 33   90
================================================================================
NOTES:
# LAST OF SEVERAL OCCURRENCES

COLUMN 17 PEAK WIND IN M.P.H.

PRELIMINARY LOCAL CLIMATOLOGICAL DATA (WS FORM: F-6) , PAGE 2

                                          STATION:  KENDALL-TAMIAMI EXEC ARPT
                                          MONTH:    OCTOBER
                                          YEAR:     2019
                                          LATITUDE:   25 38 N
                                          LONGITUDE:  80 26 W

[TEMPERATURE DATA]      [PRECIPITATION DATA]       SYMBOLS USED IN COLUMN 16

AVERAGE MONTHLY: 81.8   TOTAL FOR MONTH: 104.73    1 = FOG OR MIST
DPTR FM NORMAL:   2.9   DPTR FM NORMAL:   99.62    2 = FOG REDUCING VISIBILITY
HIGHEST:    92 ON 20,17 GRTST 24HR 99.90 ON  1- 1      TO 1/4 MILE OR LESS
LOWEST:     72 ON 15, 4                            3 = THUNDER
                        SNOW, ICE PELLETS, HAIL    4 = ICE PELLETS
                        TOTAL MONTH:   0.0 INCH    5 = HAIL
                        GRTST 24HR     0.0         6 = FREEZING RAIN OR DRIZZLE
                        GRTST DEPTH:   0           7 = DUSTSTORM OR SANDSTORM:
                                                       VSBY 1/2 MILE OR LESS
                                                   8 = SMOKE OR HAZE
[NO. OF DAYS WITH]      [WEATHER - DAYS WITH]      9 = BLOWING SNOW
                                                   X = TORNADO
MAX 32 OR BELOW:   0    0.01 INCH OR MORE:  13
MAX 90 OR ABOVE:   7    0.10 INCH OR MORE:   8
MIN 32 OR BELOW:   0    0.50 INCH OR MORE:   5
MIN  0 OR BELOW:   0    1.00 INCH OR MORE:   3

[HDD (BASE 65) ]
TOTAL THIS MO.     0    CLEAR  (SCALE 0-3)  14
DPTR FM NORMAL     0    PTCLDY (SCALE 4-7)   8
TOTAL FM JUL 1     0    CLOUDY (SCALE 8-10)  0
DPTR FM NORMAL     0

[CDD (BASE 65) ]
TOTAL THIS MO.   374
DPTR FM NORMAL    67    [PRESSURE DATA]
TOTAL FM JAN 1  4170    HIGHEST SLP M ON M
DPTR FM NORMAL   829    LOWEST  SLP 29.80 ON  7

[REMARKS]
