000
CXUS53 KTOP 200800
CF6TOP
PRELIMINARY LOCAL CLIMATOLOGICAL DATA (WS FORM: F-6)

                                          STATION:   Topeka KS
                                          MONTH:     JANUARY
                                          YEAR:      2019
                                          LATITUDE:   39  4 N
                                          LONGITUDE:  95 38 W

  TEMPERATURE IN F:       :PCPN:    SNOW:  WIND      :SUNSHINE: SKY     :PK WND
================================================================================
1   2   3   4   5  6A  6B    7    8   9   10  11  12  13   14  15   16   17  18
                                     12Z  AVG MX 2MIN
DY MAX MIN AVG DEP HDD CDD  WTR  SNW DPTH SPD SPD DIR MIN PSBL S-S WX    SPD DR
================================================================================

 1  20  16  18 -12  47   0    T    T    0  7.2 18 330   M    M  10        25 320
 2  38  19  29  -1  36   0 0.00  0.0    0  7.0 15 240   M    M   4        21 240
 3  49  19  34   4  31   0 0.00  0.0    0  2.3  8 180   M    M   0        10 160
 4  55  22  39   9  26   0 0.00  0.0    0  3.3 12 280   M    M   0 8      17 250
 5  62  26  44  14  21   0 0.00  0.0    0  1.7  9 180   M    M   0        13 180
 6  59  32  46  16  19   0    T  0.0    0 10.9 24 170   M    M   2        37 150
 7  60  33  47  17  18   0    T  0.0    0  8.9 22 190   M    M   2        32 200
 8  54  31  43  13  22   0 0.00  0.0    0 12.9 23 310   M    M   0        32 310
 9  41  23  32   2  33   0 0.00  0.0    0  5.6 15 300   M    M   0        22 310
10  44  22  33   3  32   0 0.00  0.0    0  7.7 16 120   M    M   3        20 130
11  41  33  37   7  28   0 0.63  1.5    1  6.5 12 130   M    M   8 1      15 170
12  33  31  32   2  33   0 0.19  1.3    3 10.2 16 360   M    M  10 18     23 360
13  32  30  31   1  34   0 0.00  0.0    3  6.7 15 360   M    M  10 18     21 340
14  33  27  30   0  35   0 0.00  0.0    2  7.5 13 210   M    M  10 1      17 220
15  35  31  33   3  32   0 0.00  0.0    1  6.9 14 200   M    M  10 1      19 200
16  34  31  33   3  32   0 0.01  0.0    1  6.4 10  60   M    M  10 18     14  10
17  35  32  34   4  31   0    T  0.0    T  4.7  9 310   M    M  10 18     12 320
18  38  24  31   1  34   0 0.40  2.4    0 13.8 25 340   M    M  10 18     39 340
19  24   9  17 -13  48   0    T    T    2 15.7 29 340   M    M   6 18     42 340
================================================================================
SM  787  491       592   0  1.23     5.2 145.9          M      105
================================================================================
AV 41.4 25.8                               7.7 FASTST   M    M   6    MAX(MPH)
                                 MISC ---->  # 29 340               # 42  340
================================================================================
NOTES:
# LAST OF SEVERAL OCCURRENCES

COLUMN 17 PEAK WIND IN M.P.H.

PRELIMINARY LOCAL CLIMATOLOGICAL DATA (WS FORM: F-6) , PAGE 2

                                          STATION:  Topeka KS
                                          MONTH:    JANUARY
                                          YEAR:     2019
                                          LATITUDE:   39  4 N
                                          LONGITUDE:  95 38 W

[TEMPERATURE DATA]      [PRECIPITATION DATA]       SYMBOLS USED IN COLUMN 16

AVERAGE MONTHLY: 33.6   TOTAL FOR MONTH:   1.23    1 = FOG OR MIST
DPTR FM NORMAL:   3.6   DPTR FM NORMAL:    0.77    2 = FOG REDUCING VISIBILITY
HIGHEST:    62 ON  5    GRTST 24HR  0.63 ON 11-11      TO 1/4 MILE OR LESS
LOWEST:      9 ON 19                               3 = THUNDER
                        SNOW, ICE PELLETS, HAIL    4 = ICE PELLETS
                        TOTAL MONTH:   5.2 INCHES  5 = HAIL
                        GRTST 24HR   2.4 ON 18-18  6 = FREEZING RAIN OR DRIZZLE
                        GRTST DEPTH:   3 ON 13,12  7 = DUSTSTORM OR SANDSTORM:
                                                       VSBY 1/2 MILE OR LESS
                                                   8 = SMOKE OR HAZE
[NO. OF DAYS WITH]      [WEATHER - DAYS WITH]      9 = BLOWING SNOW
                                                   X = TORNADO
MAX 32 OR BELOW:   3    0.01 INCH OR MORE:   4
MAX 90 OR ABOVE:   0    0.10 INCH OR MORE:   3
MIN 32 OR BELOW:  17    0.50 INCH OR MORE:   1
MIN  0 OR BELOW:   0    1.00 INCH OR MORE:   0

[HDD (BASE 65) ]
TOTAL THIS MO.   592    CLEAR  (SCALE 0-3)   8
DPTR FM NORMAL   -80    PTCLDY (SCALE 4-7)   2
TOTAL FM JUL 1  2673    CLOUDY (SCALE 8-10)  9
DPTR FM NORMAL   -16

[CDD (BASE 65) ]
TOTAL THIS MO.     0
DPTR FM NORMAL     0    [PRESSURE DATA]
TOTAL FM JAN 1     0    HIGHEST SLP M ON M
DPTR FM NORMAL     0    LOWEST  SLP 29.55 ON  7

[REMARKS]
