916
CXUS53 KTOP 200800
CF6TOP
PRELIMINARY LOCAL CLIMATOLOGICAL DATA (WS FORM: F-6)

                                          STATION:   Topeka KS
                                          MONTH:     OCTOBER
                                          YEAR:      2019
                                          LATITUDE:   39  4 N
                                          LONGITUDE:  95 38 W

  TEMPERATURE IN F:       :PCPN:    SNOW:  WIND      :SUNSHINE: SKY     :PK WND
================================================================================
1   2   3   4   5  6A  6B    7    8   9   10  11  12  13   14  15   16   17  18
                                     12Z  AVG MX 2MIN
DY MAX MIN AVG DEP HDD CDD  WTR  SNW DPTH SPD SPD DIR MIN PSBL S-S WX    SPD DR
================================================================================

 1  90  72  81  19   0  16 0.06  0.0    0 11.1 22 170   M    M   2 1      33 190
 2  81  57  69   8   0   4 0.84  0.0    0  7.3 15 330   M    M   9 13     22 320
 3  59  50  55  -6  10   0 0.00  0.0    0  7.6 16 340   M    M   3        24 340
 4  57  51  54  -7  11   0 0.15  0.0    0  8.0 15  90   M    M  10 1      21 100
 5  76  48  62   2   3   0 0.38  0.0    0  7.8 20 160   M    M   3 13     27 220
 6  71  44  58  -2   7   0 0.00  0.0    0  2.6 21 340   M    M   2 12     31 340
 7  73  41  57  -3   8   0 0.00  0.0    0  2.1 10 200   M    M   0 1      14 190
 8  74  43  59   0   6   0 0.00  0.0    0  7.5 22 170   M    M   0 1      29 180
 9  66  51  59   0   6   0 0.09  0.0    0 11.4 26 140   M    M   5        37 140
10  75  41  58   0   7   0    T  0.0    0 11.9 23 300   M    M   8 8      34 300
11  50  32  41 -17  24   0    T  0.0    0 11.4 23 300   M    M   4        34 310
12  70  28  49  -9  16   0 0.00  0.0    0  7.6 22 230   M    M   0        36 200
13  66  33  50  -8  15   0 0.00  0.0    0  1.4  9 200   M    M   0 18     14 360
14  76  36  56  -1   9   0 0.00  0.0    0  6.3 21 160   M    M   1 12     28 150
15  68  43  56  -1   9   0 0.00  0.0    0 11.1 23 350   M    M   2        33 310
16  60  38  49  -8  16   0 0.00  0.0    0  4.5 14 350   M    M   2        19 350
17  72  39  56   0   9   0 0.00  0.0    0  7.2 17 150   M    M   0        25 170
18  76  48  62   6   3   0 0.00  0.0    0 11.9 28 160   M    M   0        38 150
19  70  45  58   2   7   0 0.06  0.0    0  3.7 13 360   M    M   5 12     18  10
================================================================================
SM 1330  840       166  20  1.58     0.0 142.4          M       56
================================================================================
AV 70.0 44.2                               7.5 FASTST   M    M   3    MAX(MPH)
                                 MISC ---->  # 28 160               # 38  150
================================================================================
NOTES:
# LAST OF SEVERAL OCCURRENCES

COLUMN 17 PEAK WIND IN M.P.H.

PRELIMINARY LOCAL CLIMATOLOGICAL DATA (WS FORM: F-6) , PAGE 2

                                          STATION:  Topeka KS
                                          MONTH:    OCTOBER
                                          YEAR:     2019
                                          LATITUDE:   39  4 N
                                          LONGITUDE:  95 38 W

[TEMPERATURE DATA]      [PRECIPITATION DATA]       SYMBOLS USED IN COLUMN 16

AVERAGE MONTHLY: 57.1   TOTAL FOR MONTH:   1.58    1 = FOG OR MIST
DPTR FM NORMAL:  -1.5   DPTR FM NORMAL:   -0.39    2 = FOG REDUCING VISIBILITY
HIGHEST:    90 ON  1    GRTST 24HR  0.84 ON  2- 2      TO 1/4 MILE OR LESS
LOWEST:     28 ON 12                               3 = THUNDER
                        SNOW, ICE PELLETS, HAIL    4 = ICE PELLETS
                        TOTAL MONTH:   0.0 INCH    5 = HAIL
                        GRTST 24HR     0.0         6 = FREEZING RAIN OR DRIZZLE
                        GRTST DEPTH:   0           7 = DUSTSTORM OR SANDSTORM:
                                                       VSBY 1/2 MILE OR LESS
                                                   8 = SMOKE OR HAZE
[NO. OF DAYS WITH]      [WEATHER - DAYS WITH]      9 = BLOWING SNOW
                                                   X = TORNADO
MAX 32 OR BELOW:   0    0.01 INCH OR MORE:   6
MAX 90 OR ABOVE:   1    0.10 INCH OR MORE:   3
MIN 32 OR BELOW:   2    0.50 INCH OR MORE:   1
MIN  0 OR BELOW:   0    1.00 INCH OR MORE:   0

[HDD (BASE 65) ]
TOTAL THIS MO.   166    CLEAR  (SCALE 0-3)  13
DPTR FM NORMAL    21    PTCLDY (SCALE 4-7)   4
TOTAL FM JUL 1   166    CLOUDY (SCALE 8-10)  2
DPTR FM NORMAL   -46

[CDD (BASE 65) ]
TOTAL THIS MO.    20
DPTR FM NORMAL    -5    [PRESSURE DATA]
TOTAL FM JAN 1  1609    HIGHEST SLP M ON M
DPTR FM NORMAL   191    LOWEST  SLP 29.61 ON 18

[REMARKS]
