000
CXUS53 KTOP 190800
CF6TOP
PRELIMINARY LOCAL CLIMATOLOGICAL DATA (WS FORM: F-6)

                                          STATION:   Topeka KS
                                          MONTH:     OCTOBER
                                          YEAR:      2018
                                          LATITUDE:   39  4 N
                                          LONGITUDE:  95 38 W

  TEMPERATURE IN F:       :PCPN:    SNOW:  WIND      :SUNSHINE: SKY     :PK WND
================================================================================
1   2   3   4   5  6A  6B    7    8   9   10  11  12  13   14  15   16   17  18
                                     12Z  AVG MX 2MIN
DY MAX MIN AVG DEP HDD CDD  WTR  SNW DPTH SPD SPD DIR MIN PSBL S-S WX    SPD DR
================================================================================

 1  83  58  71   9   0   6 0.00  0.0    0  8.3 20 340   M    M   6        27 350
 2  88  56  72  11   0   7 0.00  0.0    0  8.3 20 180   M    M   4 12     28 150
 3  93  68  81  20   0  16    T  0.0    0 15.7 29 190   M    M   3        47 190
 4  68  49  59  -2   6   0 0.00  0.0    0 11.5 24  10   M    M   6 1      33 360
 5  84  53  69   9   0   4 0.12  0.0    0  5.7 18 320   M    M   8 138    27 320
 6  64  50  57  -3   8   0 2.11  0.0    0 10.0 24  40   M    M  10 13     32  20
 7  62  51  57  -3   8   0 1.00  0.0    0  5.0  9 360   M    M  10 1      13 300
 8  80  61  71  12   0   6 2.44  0.0    0  6.0 21 230   M    M   9 13     32 240
 9  73  54  64   5   1   0 0.70  0.0    0  9.2 21 150   M    M   9 1      29 110
10  54  46  50  -8  15   0    T  0.0    0 11.8 22 310   M    M  10 1      30 270
11  57  38  48 -10  17   0    T  0.0    0  5.9 22 310   M    M   6 8      28 320
12  50  40  45 -13  20   0 0.26  0.0    0  2.3 13 120   M    M  10 12     15 120
13  59  40  50  -8  15   0 0.00  0.0    0  5.4 15 150   M    M   7 12     21 150
14  52  33  43 -14  22   0 0.23  0.5    0  9.9 23 360   M    M  10 1      35 350
15  48  31  40 -17  25   0    T    T    T  5.2 14 320   M    M   1 1      20 310
16  66  27  47 -10  18   0 0.00  0.0    0  3.9 15 260   M    M   0 1      20 260
17  69  35  52  -4  13   0 0.00  0.0    0  3.0 13  10   M    M   0 18     21  30
18  69  37  53  -3  12   0 0.00  0.0    0  4.6 14 150   M    M   1 1      22 190
================================================================================
SM 1219  827       180  39  6.86     0.5 131.7          M      110
================================================================================
AV 67.7 45.9                               7.3 FASTST   M    M   6    MAX(MPH)
                                 MISC ---->  # 29 190               # 47  190
================================================================================
NOTES:
# LAST OF SEVERAL OCCURRENCES

COLUMN 17 PEAK WIND IN M.P.H.

PRELIMINARY LOCAL CLIMATOLOGICAL DATA (WS FORM: F-6) , PAGE 2

                                          STATION:  Topeka KS
                                          MONTH:    OCTOBER
                                          YEAR:     2018
                                          LATITUDE:   39  4 N
                                          LONGITUDE:  95 38 W

[TEMPERATURE DATA]      [PRECIPITATION DATA]       SYMBOLS USED IN COLUMN 16

AVERAGE MONTHLY: 56.8   TOTAL FOR MONTH:   6.86    1 = FOG OR MIST
DPTR FM NORMAL:  -1.9   DPTR FM NORMAL:    4.99    2 = FOG REDUCING VISIBILITY
HIGHEST:    93 ON  3    GRTST 24HR  2.44 ON  8- 8      TO 1/4 MILE OR LESS
LOWEST:     27 ON 16                               3 = THUNDER
                        SNOW, ICE PELLETS, HAIL    4 = ICE PELLETS
                        TOTAL MONTH:   0.5 INCH    5 = HAIL
                        GRTST 24HR   0.5 ON 14-14  6 = FREEZING RAIN OR DRIZZLE
                        GRTST DEPTH:   T           7 = DUSTSTORM OR SANDSTORM:
                                                       VSBY 1/2 MILE OR LESS
                                                   8 = SMOKE OR HAZE
[NO. OF DAYS WITH]      [WEATHER - DAYS WITH]      9 = BLOWING SNOW
                                                   X = TORNADO
MAX 32 OR BELOW:   0    0.01 INCH OR MORE:   7
MAX 90 OR ABOVE:   1    0.10 INCH OR MORE:   7
MIN 32 OR BELOW:   2    0.50 INCH OR MORE:   4
MIN  0 OR BELOW:   0    1.00 INCH OR MORE:   3

[HDD (BASE 65) ]
TOTAL THIS MO.   180    CLEAR  (SCALE 0-3)   5
DPTR FM NORMAL    45    PTCLDY (SCALE 4-7)   5
TOTAL FM JUL 1   216    CLOUDY (SCALE 8-10)  8
DPTR FM NORMAL    14

[CDD (BASE 65) ]
TOTAL THIS MO.    39
DPTR FM NORMAL    15    [PRESSURE DATA]
TOTAL FM JAN 1  1963    HIGHEST SLP M ON M
DPTR FM NORMAL   546    LOWEST  SLP 29.58 ON  9

[REMARKS]
