000
CXUS55 KCYS 231000
CF6TOR
PRELIMINARY LOCAL CLIMATOLOGICAL DATA (WS FORM: F-6)

                                          STATION:   TORRINGTON WY AIRPORT
                                          MONTH:     JUNE
                                          YEAR:      2018
                                          LATITUDE:   42  3 N
                                          LONGITUDE: 104  9 W

  TEMPERATURE IN F:       :PCPN:    SNOW:  WIND      :SUNSHINE: SKY     :PK WND
================================================================================
1   2   3   4   5  6A  6B    7    8   9   10  11  12  13   14  15   16   17  18
                                     12Z  AVG MX 2MIN
DY MAX MIN AVG DEP HDD CDD  WTR  SNW DPTH SPD SPD DIR MIN PSBL S-S WX    SPD DR
================================================================================

 1  86  52  69   8   0   4 0.00    M    M 12.7 29 290   M    M   0        40 300
 2  77  46  62   0   3   0 0.00    M    M  8.9 18 290   M    M   0        27 290
 3  82  42  62   0   3   0 0.00    M    M 10.4 25 150   M    M   0        31 140
 4  91  47  69   7   0   4 0.00    M    M  6.1 15 330   M    M   0        21 340
 5  96  50  73  10   0   8    T    M    M  6.1 26  10   M    M   0 3      32 220
 6  87  53  70   7   0   5 0.00    M    M 12.5 30  70   M    M   0        37 110
 7  91  54  73  10   0   8 0.00    M    M 12.7 24 140   M    M   0 3      32 140
 8   M   M   M   M   M   M 0.00    M    M  7.1 17  20   M    M   0 3      23  20
 9   M   M   M   M   M   M    M    M    M   M   M   M   0    0   0         0   0
10   M   M   M   M   M   M    M    M    M   M   M   M   0    0   0         0   0
11  80  50  65   0   0   0 0.00    M    M  7.9 14 150   0    0   0         M  M
12  81  48  65   0   0   0 0.00    M    M  9.0 21 290   M    M   0        87  60
13  98  54  76  10   0  11 0.00    M    M 10.8 24 150   M    M   2        29 150
14 100  60  80  14   0  15 0.00    M    M  8.8 28 330   M    M   0 3      41 330
15  88  57  73   7   0   8 0.08    M    M 10.4 24  70   M    M   0 3      33  60
16  87  61  74   8   0   9 0.02    M    M  9.3 26  20   M    M   4 3      34  40
17  61  52  57 -10   8   0 0.07    M    M 13.3 23  30   M    M  10 1      29  50
18  73  51  62  -5   3   0 0.36    M    M  9.0 26  60   M    M   9 13     30  50
19  65  49  57 -11   8   0 0.08    M    0  7.8 24  60   M    M   6 13     31 340
20  74  47  61  -7   4   0 0.01    M    0  9.9 22  10   M    M   2        28 360
21  83  49  66  -2   0   1    T    M    0  6.6 17 140   M    M   2 3      28 150
22  85  52  69   0   0   4 0.11  0.0    0  9.0 26  10   M    M   1 3      36 360
================================================================================
SM 1585  974        29  77  0.73     0.0 188.3            0     36
================================================================================
AV 83.4 51.3                               9.4 FASTST    0   0   2    MAX(MPH)
                                 MISC ---->  # 30  70               # 87   60
================================================================================
NOTES:
# LAST OF SEVERAL OCCURRENCES

COLUMN 17 PEAK WIND IN M.P.H.

PRELIMINARY LOCAL CLIMATOLOGICAL DATA (WS FORM: F-6) , PAGE 2

                                          STATION:  TORRINGTON WY AIRPORT
                                          MONTH:    JUNE
                                          YEAR:     2018
                                          LATITUDE:   42  3 N
                                          LONGITUDE: 104  9 W

[TEMPERATURE DATA]      [PRECIPITATION DATA]       SYMBOLS USED IN COLUMN 16

AVERAGE MONTHLY: 67.3   TOTAL FOR MONTH:   0.73    1 = FOG OR MIST
DPTR FM NORMAL:   2.4   DPTR FM NORMAL:   -1.27    2 = FOG REDUCING VISIBILITY
HIGHEST:   100 ON 14    GRTST 24HR  0.36 ON 18-18      TO 1/4 MILE OR LESS
LOWEST:     42 ON  3                               3 = THUNDER
                        SNOW, ICE PELLETS, HAIL    4 = ICE PELLETS
                        TOTAL MONTH:   0.0 INCH    5 = HAIL
                        GRTST 24HR     0.0         6 = FREEZING RAIN OR DRIZZLE
                        GRTST DEPTH:   0           7 = DUSTSTORM OR SANDSTORM:
                                                       VSBY 1/2 MILE OR LESS
                                                   8 = SMOKE OR HAZE
[NO. OF DAYS WITH]      [WEATHER - DAYS WITH]      9 = BLOWING SNOW
                                                   X = TORNADO
MAX 32 OR BELOW:   0    0.01 INCH OR MORE:   7
MAX 90 OR ABOVE:   5    0.10 INCH OR MORE:   2
MIN 32 OR BELOW:   0    0.50 INCH OR MORE:   0
MIN  0 OR BELOW:   0    1.00 INCH OR MORE:   0

[HDD (BASE 65) ]
TOTAL THIS MO.    29    CLEAR  (SCALE 0-3)  18
DPTR FM NORMAL   -40    PTCLDY (SCALE 4-7)   2
TOTAL FM JUL 1  6452    CLOUDY (SCALE 8-10)  2
DPTR FM NORMAL  -128

[CDD (BASE 65) ]
TOTAL THIS MO.    77
DPTR FM NORMAL     9    [PRESSURE DATA]
TOTAL FM JAN 1   103    HIGHEST SLP  0.00 ON 11
DPTR FM NORMAL    17    LOWEST  SLP 29.49 ON 10

[REMARKS]
