169
CXUS52 KTBW 261000
CF6TPA
PRELIMINARY LOCAL CLIMATOLOGICAL DATA (WS FORM: F-6)

                                          STATION:   TAMPA
                                          MONTH:     MAY
                                          YEAR:      2024
                                          LATITUDE:   27 58 N
                                          LONGITUDE:  82 32 W

  TEMPERATURE IN F:       :PCPN:    SNOW:  WIND      :SUNSHINE: SKY     :PK WND
================================================================================
1   2   3   4   5  6A  6B    7    8   9   10  11  12  13   14  15   16   17  18
                                     12Z  AVG MX 2MIN
DY MAX MIN AVG DEP HDD CDD  WTR  SNW DPTH SPD SPD DIR MIN PSBL S-S WX    SPD DR
================================================================================

 1  89  70  80   3   0  15 0.00  0.0    0  6.0 16 290   M    M   2        28 280
 2  92  74  83   6   0  18 0.17  0.0    0  6.8 14 330   M    M   6 3      23 270
 3  88  72  80   3   0  15 0.00  0.0    0  7.2 16 270   M    M   4        30 280
 4  88  73  81   3   0  16 0.00  0.0    0  7.4 15 290   M    M   4        28 270
 5  90  73  82   4   0  17    T  0.0    0  7.1 17 260   M    M   4        22 260
 6  89  74  82   4   0  17 0.00  0.0    0  6.8 15 270   M    M   2        33 280
 7  89  73  81   3   0  16 0.00  0.0    0  6.2 14 290   M    M   2        26 270
 8  91  75  83   5   0  18 0.00  0.0    0  6.5 14 250   M    M   3        22 280
 9  89  76  83   5   0  18 0.00  0.0    0  8.3 15 190   M    M   3 8      20 220
10  90  78  84   6   0  19 0.00  0.0    0  9.9 15 240   M    M   5        25 290
11  91  74  83   4   0  18    T  0.0    0  8.5 18 290   M    M   3        27 290
12  91  71  81   2   0  16 0.00  0.0    0  6.0 15 270   M    M   4        29 260
13  93  76  85   6   0  20 0.00  0.0    0  9.3 18 190   M    M   7        24 190
14  90  72  81   2   0  16 0.29  0.0    0 11.3 38 240   M    M   6 13     71 250
15  84  77  81   2   0  16 0.57  0.0    0  8.5 20 200   M    M   7 13     32 190
16  89  76  83   3   0  18 0.00  0.0    0  6.7 14 250   M    M   6 8      22 290
17  91  73  82   2   0  17    T  0.0    0  6.6 28 340   M    M   7 1      33 340
18  92  79  86   6   0  21 0.00  0.0    0  8.8 17 190   M    M   4        23 180
19  89  79  84   4   0  19 0.00  0.0    0  9.7 18 240   M    M   7        26 280
20  89  76  83   3   0  18 0.00  0.0    0  8.6 16 270   M    M   3        31 280
21  89  71  80   0   0  15 0.04  0.0    0  7.4 18 270   M    M   3        37 270
22  93  74  84   4   0  19 0.00  0.0    0  7.2 16 280   M    M   3        28 270
23  93  75  84   3   0  19 0.00  0.0    0  7.3 15 320   M    M   2        26 290
24  93  75  84   3   0  19 0.00  0.0    0  7.1 15 270   M    M   3        25 260
25  92  77  85   4   0  20 0.00  0.0    0  6.6 16 270   M    M   4        27 270
================================================================================
SM 2254 1863         0 440  1.07  0.0    191.8          M      104
================================================================================
AV 90.2 74.5                               7.7 FASTST   M    M   4    MAX(MPH)
                                 MISC ---->    38 240                 71 250
================================================================================
NOTES:
# LAST OF SEVERAL OCCURRENCES

COLUMN 17 PEAK WIND IN M.P.H.

PRELIMINARY LOCAL CLIMATOLOGICAL DATA (WS FORM: F-6) , PAGE 2

                                          STATION:   TAMPA
                                          MONTH:     MAY
                                          YEAR:      2024
                                          LATITUDE:   27 58 N
                                          LONGITUDE:  82 32 W

[TEMPERATURE DATA]      [PRECIPITATION DATA]       SYMBOLS USED IN COLUMN 16

AVERAGE MONTHLY: 82.3   TOTAL FOR MONTH:   1.07    1 = FOG OR MIST
DPTR FM NORMAL:   3.3   DPTR FM NORMAL:   -0.81    2 = FOG REDUCING VISIBILITY
HIGHEST:    93 ON 24,23  GRTST 24HR  0.85 ON 14-15      TO 1/4 MILE OR LESS
LOWEST:     70 ON  1                               3 = THUNDER
                        SNOW, ICE PELLETS, HAIL    4 = ICE PELLETS
                        TOTAL MONTH:   0.0 INCH    5 = HAIL
                        GRTST 24HR  0.0            6 = FREEZING RAIN OR DRIZZLE
                        GRTST DEPTH:  0            7 = DUSTSTORM OR SANDSTORM:
                                                       VSBY 1/2 MILE OR LESS
                                                   8 = SMOKE OR HAZE
[NO. OF DAYS WITH]      [WEATHER - DAYS WITH]      9 = BLOWING SNOW
                                                   X = TORNADO
MAX 32 OR BELOW:   0    0.01 INCH OR MORE:   4
MAX 90 OR ABOVE:  14    0.10 INCH OR MORE:   3
MIN 32 OR BELOW:   0    0.50 INCH OR MORE:   1
MIN  0 OR BELOW:   0    1.00 INCH OR MORE:   0

[HDD (BASE 65) ]
TOTAL THIS MO.     0    CLEAR  (SCALE 0-3)   8
DPTR FM NORMAL     0    PTCLDY (SCALE 4-7)  17
TOTAL FM JUL 1   333    CLOUDY (SCALE 8-10)  0
DPTR FM NORMAL  -100

[CDD (BASE 65) ]
TOTAL THIS MO.   440
DPTR FM NORMAL    91    [PRESSURE DATA]
TOTAL FM JAN 1  1010    HIGHEST SLP M ON M
DPTR FM NORMAL    91    LOWEST  SLP 29.80 ON 15

[REMARKS]