000
CXUS56 KSGX 181445
CF6TRM
PRELIMINARY LOCAL CLIMATOLOGICAL DATA (WS FORM: F-6)

                                          STATION:   THERMAL AIRPORT CA
                                          MONTH:     JULY
                                          YEAR:      2018
                                          LATITUDE:   33 37 N
                                          LONGITUDE: 116 10 W

  TEMPERATURE IN F:       :PCPN:    SNOW:  WIND      :SUNSHINE: SKY     :PK WND
================================================================================
1   2   3   4   5  6A  6B    7    8   9   10  11  12  13   14  15   16   17  18
                                     12Z  AVG MX 2MIN
DY MAX MIN AVG DEP HDD CDD  WTR  SNW DPTH SPD SPD DIR MIN PSBL S-S WX    SPD DR
================================================================================

 1 108  68  88  -1   0  23 0.00  0.0    0  5.8 15 340   M    M   0        21 330
 2 110  78  94   5   0  29 0.00  0.0    0  8.2 17 330   M    M   0        24 330
 3 107  82  95   6   0  30 0.00  0.0    0 10.5 22 340   M    M   0        27 320
 4 107  76  92   3   0  27 0.00  0.0    0  7.4 15 320   M    M   0        20 310
 5 117  71  94   4   0  29 0.00  0.0    0  5.9 18 330   M    M   0        22 340
 6 120  74  97   7   0  32 0.00  0.0    0  6.8 16 170   M    M   0        22 190
 7 116  88 102  12   0  37 0.00  0.0    0  7.0 16 140   M    M   0        21 140
 8 115  80  98   8   0  33 0.00  0.0    0  6.1 14 140   M    M   0        18 130
 9 105  88  97   7   0  32    T  0.0    0  8.2 32 140   M    M   6 38     46 130
10 103  84  94   4   0  29    T  0.0    0  3.3 16 160   M    M   1 8      22 160
11 107  83  95   5   0  30 0.00  0.0    0  8.6 17 240   M    M   1 3      24 240
12 108  81  95   5   0  30 0.00  0.0    0  5.3 14 340   M    M   0        19 140
13 111  84  98   8   0  33 0.00  0.0    0  6.6 15 150   M    M   0        21  90
14 115  91 103  12   0  38 0.00  0.0    0  8.3 17 330   M    M   0        23 320
15 110  82  96   5   0  31 0.00  0.0    0  5.7 16 320   M    M   0        20 320
16 112  79  96   5   0  31 0.00  0.0    0  7.4 14 350   M    M   0        18 130
17 108  84  96   5   0  31 0.00  0.0    0  6.7 13 140   M    M   0        19 140
================================================================================
SM 1879 1373         0 525    T      0.0 117.8          M        8
================================================================================
AV110.5 80.8                               6.9 FASTST   M    M   0    MAX(MPH)
                                 MISC ---->  # 32 140               # 46  130
================================================================================
NOTES:
# LAST OF SEVERAL OCCURRENCES

COLUMN 17 PEAK WIND IN M.P.H.

PRELIMINARY LOCAL CLIMATOLOGICAL DATA (WS FORM: F-6) , PAGE 2

                                          STATION:  THERMAL AIRPORT CA
                                          MONTH:    JULY
                                          YEAR:     2018
                                          LATITUDE:   33 37 N
                                          LONGITUDE: 116 10 W

[TEMPERATURE DATA]      [PRECIPITATION DATA]       SYMBOLS USED IN COLUMN 16

AVERAGE MONTHLY: 95.7   TOTAL FOR MONTH:      T    1 = FOG OR MIST
DPTR FM NORMAL:   5.6   DPTR FM NORMAL:   -0.06    2 = FOG REDUCING VISIBILITY
HIGHEST:   120 ON  6    GRTST 24HR    T  ON 10-10      TO 1/4 MILE OR LESS
LOWEST:     68 ON  1                               3 = THUNDER
                        SNOW, ICE PELLETS, HAIL    4 = ICE PELLETS
                        TOTAL MONTH:   0.0 INCH    5 = HAIL
                        GRTST 24HR     0.0         6 = FREEZING RAIN OR DRIZZLE
                        GRTST DEPTH:   0           7 = DUSTSTORM OR SANDSTORM:
                                                       VSBY 1/2 MILE OR LESS
                                                   8 = SMOKE OR HAZE
[NO. OF DAYS WITH]      [WEATHER - DAYS WITH]      9 = BLOWING SNOW
                                                   X = TORNADO
MAX 32 OR BELOW:   0    0.01 INCH OR MORE:   0
MAX 90 OR ABOVE:  17    0.10 INCH OR MORE:   0
MIN 32 OR BELOW:   0    0.50 INCH OR MORE:   0
MIN  0 OR BELOW:   0    1.00 INCH OR MORE:   0

[HDD (BASE 65) ]
TOTAL THIS MO.     0    CLEAR  (SCALE 0-3)  16
DPTR FM NORMAL     0    PTCLDY (SCALE 4-7)   1
TOTAL FM JUL 1     0    CLOUDY (SCALE 8-10)  0
DPTR FM NORMAL     0

[CDD (BASE 65) ]
TOTAL THIS MO.   525
DPTR FM NORMAL   100    [PRESSURE DATA]
TOTAL FM JAN 1  2330    HIGHEST SLP M ON M
DPTR FM NORMAL   624    LOWEST  SLP 29.78 ON 11

[REMARKS]
