000
CXUS56 KSGX 181445
CF6TRM
PRELIMINARY LOCAL CLIMATOLOGICAL DATA (WS FORM: F-6)

                                          STATION:   THERMAL AIRPORT CA
                                          MONTH:     OCTOBER
                                          YEAR:      2018
                                          LATITUDE:   33 37 N
                                          LONGITUDE: 116 10 W

  TEMPERATURE IN F:       :PCPN:    SNOW:  WIND      :SUNSHINE: SKY     :PK WND
================================================================================
1   2   3   4   5  6A  6B    7    8   9   10  11  12  13   14  15   16   17  18
                                     12Z  AVG MX 2MIN
DY MAX MIN AVG DEP HDD CDD  WTR  SNW DPTH SPD SPD DIR MIN PSBL S-S WX    SPD DR
================================================================================

 1  89  75  82   4   0  17 0.00  0.0    0  5.8 17 140   M    M   4        21 150
 2  95  74  85   7   0  20 0.00  0.0    0  5.5 18 330   M    M   3        22 340
 3  96  64  80   2   0  15 0.00  0.0    0  6.2 17 350   M    M   1 3      23 350
 4  92  71  82   5   0  17 0.00  0.0    0  9.2 22 330   M    M   0        27 340
 5  95  73  84   7   0  19 0.00  0.0    0  9.3 23 340   M    M   0        32 330
 6  92  62  77   1   0  12 0.00  0.0    0  9.3 30 330   M    M   0 8      37 340
 7  91  72  82   6   0  17 0.00  0.0    0 10.6 17 330   M    M   2        27 300
 8  92  67  80   4   0  15 0.00  0.0    0  7.4 14 300   M    M   0        18 310
 9  91  58  75   0   0  10 0.00  0.0    0  7.1 18 330   M    M   0        24 340
10  89  55  72  -3   0   7 0.00  0.0    0  7.0 17 350   M    M   0        22 360
11  88  63  76   1   0  11 0.00  0.0    0  7.7 20 330   M    M   1        25 330
12  90  62  76   2   0  11 0.58  0.0    0  6.2 20 310   M    M   4 3      27 310
13  83  65  74   0   0   9 0.24  0.0    0 10.4 21 340   M    M   3 3      25 340
14  89  67  78   4   0  13 0.00  0.0    0  7.0 15 320   M    M   2        19 330
15  81  60  71  -2   0   6 0.00  0.0    0 12.2 28 320   M    M   0 8      36 320
16  84  57  71  -2   0   6 0.00  0.0    0  6.9 18 320   M    M   0        30 310
17  86  50  68  -4   0   3 0.00  0.0    0  2.7 12 270   M    M   0        16 330
================================================================================
SM 1523 1095         0 208  0.82     0.0 130.5          M       20
================================================================================
AV 89.6 64.4                               7.7 FASTST   M    M   1    MAX(MPH)
                                 MISC ---->  # 30 330               # 37  340
================================================================================
NOTES:
# LAST OF SEVERAL OCCURRENCES

COLUMN 17 PEAK WIND IN M.P.H.

PRELIMINARY LOCAL CLIMATOLOGICAL DATA (WS FORM: F-6) , PAGE 2

                                          STATION:  THERMAL AIRPORT CA
                                          MONTH:    OCTOBER
                                          YEAR:     2018
                                          LATITUDE:   33 37 N
                                          LONGITUDE: 116 10 W

[TEMPERATURE DATA]      [PRECIPITATION DATA]       SYMBOLS USED IN COLUMN 16

AVERAGE MONTHLY: 77.0   TOTAL FOR MONTH:   0.82    1 = FOG OR MIST
DPTR FM NORMAL:   1.6   DPTR FM NORMAL:    0.69    2 = FOG REDUCING VISIBILITY
HIGHEST:    96 ON  3    GRTST 24HR  0.58 ON 12-12      TO 1/4 MILE OR LESS
LOWEST:     50 ON 17                               3 = THUNDER
                        SNOW, ICE PELLETS, HAIL    4 = ICE PELLETS
                        TOTAL MONTH:   0.0 INCH    5 = HAIL
                        GRTST 24HR     0.0         6 = FREEZING RAIN OR DRIZZLE
                        GRTST DEPTH:   0           7 = DUSTSTORM OR SANDSTORM:
                                                       VSBY 1/2 MILE OR LESS
                                                   8 = SMOKE OR HAZE
[NO. OF DAYS WITH]      [WEATHER - DAYS WITH]      9 = BLOWING SNOW
                                                   X = TORNADO
MAX 32 OR BELOW:   0    0.01 INCH OR MORE:   2
MAX 90 OR ABOVE:   9    0.10 INCH OR MORE:   2
MIN 32 OR BELOW:   0    0.50 INCH OR MORE:   1
MIN  0 OR BELOW:   0    1.00 INCH OR MORE:   0

[HDD (BASE 65) ]
TOTAL THIS MO.     0    CLEAR  (SCALE 0-3)  15
DPTR FM NORMAL     0    PTCLDY (SCALE 4-7)   2
TOTAL FM JUL 1     0    CLOUDY (SCALE 8-10)  0
DPTR FM NORMAL     0

[CDD (BASE 65) ]
TOTAL THIS MO.   208
DPTR FM NORMAL    30    [PRESSURE DATA]
TOTAL FM JAN 1  4660    HIGHEST SLP M ON M
DPTR FM NORMAL  1084    LOWEST  SLP 29.66 ON 12

[REMARKS]
