000
CXUS55 KREV 180839
CF6TVL
PRELIMINARY LOCAL CLIMATOLOGICAL DATA (WS FORM: F-6)

                                          STATION:   SOUTH LAKE TAHOE CA
                                          MONTH:     DECEMBER
                                          YEAR:      2018
                                          LATITUDE:   38 53 N
                                          LONGITUDE: 119 60 W

  TEMPERATURE IN F:       :PCPN:    SNOW:  WIND      :SUNSHINE: SKY     :PK WND
================================================================================
1   2   3   4   5  6A  6B    7    8   9   10  11  12  13   14  15   16   17  18
                                     12Z  AVG MX 2MIN
DY MAX MIN AVG DEP HDD CDD  WTR  SNW DPTH SPD SPD DIR MIN PSBL S-S WX    SPD DR
================================================================================

 1  31  17  24  -8  41   0 0.23    M    M  5.8 18 200   M    M   9 128    30 190
 2  33   5  19 -13  46   0 0.00  0.0    M  2.5  7 210   M    M   1 1      13 190
 3  34  -2  16 -15  49   0 0.00  0.0    M  1.4  6 190   M    M   5 18      6 190
 4  33  26  30  -1  35   0 0.03    M    M  1.2  7 190   M    M   M 1       9 150
 5  35  25  30  -1  35   0 0.22    M    M  1.4  9 190   M    M   8 18     14 200
 6  34  24  29  -2  36   0 0.00  0.0    M  3.5  9 190   M    M  10 1      10 190
 7  42  18  30   0  35   0    T    M    M  2.2  9 170   M    M   4 12     12 160
 8  45   9  27  -3  38   0 0.00  0.0    M  2.0  7  30   M    M   0 1       8  30
 9  46  11  29  -1  36   0 0.00  0.0    M  2.0 10  40   M    M   1        12  30
10  48  19  34   4  31   0 0.00  0.0    M  1.5 10  30   M    M   1        14  30
11  43  11  27  -3  38   0 0.00  0.0    M  3.6 15 200   M    M   0 8      19 200
12  47  23  35   5  30   0 0.00  0.0    M  2.8 21 190   M    M   1 128    27 180
13  47  18  33   3  32   0 0.00  0.0    M  3.2  9  30   M    M   1        10  30
14  50  21  36   6  29   0 0.00  0.0    M 12.3 35 200   M    M   0 8      49 200
15  50  27  39   9  26   0 0.00  0.0    M  5.9 20 200   M    M   0        28 190
16  50  34  42  12  23   0 0.00  0.0    M 12.3 29 190   M    M   3        46 180
17  41  32  37   8  28   0 0.02    M    M  5.6 18 190   M    M   8 1      24 200
================================================================================
SM  709  318       588   0  0.50     0.0  69.2          M       52
================================================================================
AV 41.7 18.7                               4.1 FASTST   M    M   3    MAX(MPH)
                                 MISC ---->  # 35 200               # 49  200
================================================================================
NOTES:
# LAST OF SEVERAL OCCURRENCES

COLUMN 17 PEAK WIND IN M.P.H.

PRELIMINARY LOCAL CLIMATOLOGICAL DATA (WS FORM: F-6) , PAGE 2

                                          STATION:  SOUTH LAKE TAHOE CA
                                          MONTH:    DECEMBER
                                          YEAR:     2018
                                          LATITUDE:   38 53 N
                                          LONGITUDE: 119 60 W

[TEMPERATURE DATA]      [PRECIPITATION DATA]       SYMBOLS USED IN COLUMN 16

AVERAGE MONTHLY: 30.2   TOTAL FOR MONTH:   0.50    1 = FOG OR MIST
DPTR FM NORMAL:  -0.2   DPTR FM NORMAL:   -0.91    2 = FOG REDUCING VISIBILITY
HIGHEST:    50 ON 16,15 GRTST 24HR  0.23 ON  1- 1      TO 1/4 MILE OR LESS
LOWEST:     -2 ON  3                               3 = THUNDER
                        SNOW, ICE PELLETS, HAIL    4 = ICE PELLETS
                        TOTAL MONTH:   0.0 INCH    5 = HAIL
                        GRTST 24HR     0.0         6 = FREEZING RAIN OR DRIZZLE
                        GRTST DEPTH:  M  ON   M    7 = DUSTSTORM OR SANDSTORM:
                                                       VSBY 1/2 MILE OR LESS
                                                   8 = SMOKE OR HAZE
[NO. OF DAYS WITH]      [WEATHER - DAYS WITH]      9 = BLOWING SNOW
                                                   X = TORNADO
MAX 32 OR BELOW:   1    0.01 INCH OR MORE:   4
MAX 90 OR ABOVE:   0    0.10 INCH OR MORE:   2
MIN 32 OR BELOW:  16    0.50 INCH OR MORE:   0
MIN  0 OR BELOW:   1    1.00 INCH OR MORE:   0

[HDD (BASE 65) ]
TOTAL THIS MO.   588    CLEAR  (SCALE 0-3)  10
DPTR FM NORMAL     0    PTCLDY (SCALE 4-7)   3
TOTAL FM JUL 1  2438    CLOUDY (SCALE 8-10)  3
DPTR FM NORMAL  -243

[CDD (BASE 65) ]
TOTAL THIS MO.     0
DPTR FM NORMAL     0    [PRESSURE DATA]
TOTAL FM JAN 1    54    HIGHEST SLP M ON M
DPTR FM NORMAL    23    LOWEST  SLP 29.80 ON  1

[REMARKS]
