000
CXUS55 KREV 220849
CF6TVL
PRELIMINARY LOCAL CLIMATOLOGICAL DATA (WS FORM: F-6)

                                          STATION:   SOUTH LAKE TAHOE CA
                                          MONTH:     SEPTEMBER
                                          YEAR:      2018
                                          LATITUDE:   38 53 N
                                          LONGITUDE: 119 60 W

  TEMPERATURE IN F:       :PCPN:    SNOW:  WIND      :SUNSHINE: SKY     :PK WND
================================================================================
1   2   3   4   5  6A  6B    7    8   9   10  11  12  13   14  15   16   17  18
                                     12Z  AVG MX 2MIN
DY MAX MIN AVG DEP HDD CDD  WTR  SNW DPTH SPD SPD DIR MIN PSBL S-S WX    SPD DR
================================================================================

 1  77  38  58   0   7   0 0.00  0.0    0  3.2 13  30   M    M   0        19  30
 2  81  36  59   2   6   0 0.00  0.0    0  2.9 12  30   M    M   0        17  30
 3  83  37  60   3   5   0 0.00  0.0    0  3.7 13  30   M    M   0        17  20
 4  82  38  60   3   5   0 0.00  0.0    0  4.0 18 190   M    M   0        22 190
 5  80  40  60   3   5   0 0.00  0.0    0  4.1 14 190   M    M   2 3      19 190
 6  79  41  60   4   5   0 0.00  0.0    0  4.0 17 190   M    M   M        23 210
 7  82  37  60   4   5   0 0.00  0.0    0  5.6 20 190   M    M   M        27 180
 8  79  41  60   4   5   0 0.00  0.0    0  3.9 21 190   M    M   0        31 190
 9  81  32  57   1   8   0 0.00  0.0    0  4.7 17 180   M    M   M        21 180
10  80  31  56   0   9   0 0.00  0.0    0  5.6 18 190   M    M   0        24 190
11  75  35  55   0  10   0 0.00  0.0    0  6.9 22 190   M    M   0        34 210
12  65  50  58   3   7   0 0.00  0.0    0 15.0 29 200   M    M   0        44 190
13  65  37  51  -4  14   0 0.00  0.0    0  7.3 24 180   M    M   1        33 190
14  70  37  54  -1  11   0 0.00  0.0    0  5.5 23 180   M    M   3        33 190
15  65  34  50  -4  15   0 0.00  0.0    0  6.7 28 190   M    M   1        40 180
16  71  29  50  -4  15   0 0.00  0.0    0  4.0 18 190   M    M   0        26 200
17  72  29  51  -3  14   0 0.00  0.0    0  5.0 18 190   M    M   0        24 180
18  71  29  50  -4  15   0 0.00  0.0    0  4.0 17 200   M    M   0        23 190
19  70  27  49  -4  16   0 0.00  0.0    0  3.1 17 190   M    M   0        30 170
20  73  29  51  -2  14   0 0.00  0.0    0  2.6  9  30   M    M   0        14  30
21  76  30  53   0  12   0 0.00  0.0    0  3.7 10  30   M    M   0 8      16  20
================================================================================
SM 1577  737       203   0  0.00     0.0 105.5          M        7
================================================================================
AV 75.1 35.1                               5.0 FASTST   M    M   0    MAX(MPH)
                                 MISC ---->  # 29 200               # 44  190
================================================================================
NOTES:
# LAST OF SEVERAL OCCURRENCES

COLUMN 17 PEAK WIND IN M.P.H.

PRELIMINARY LOCAL CLIMATOLOGICAL DATA (WS FORM: F-6) , PAGE 2

                                          STATION:  SOUTH LAKE TAHOE CA
                                          MONTH:    SEPTEMBER
                                          YEAR:     2018
                                          LATITUDE:   38 53 N
                                          LONGITUDE: 119 60 W

[TEMPERATURE DATA]      [PRECIPITATION DATA]       SYMBOLS USED IN COLUMN 16

AVERAGE MONTHLY: 55.1   TOTAL FOR MONTH:   0.00    1 = FOG OR MIST
DPTR FM NORMAL:  -0.2   DPTR FM NORMAL:   -0.26    2 = FOG REDUCING VISIBILITY
HIGHEST:    83 ON  3    GRTST 24HR  0.00 ON 21-21      TO 1/4 MILE OR LESS
LOWEST:     27 ON 19                               3 = THUNDER
                        SNOW, ICE PELLETS, HAIL    4 = ICE PELLETS
                        TOTAL MONTH:   0.0 INCH    5 = HAIL
                        GRTST 24HR     0.0         6 = FREEZING RAIN OR DRIZZLE
                        GRTST DEPTH:   0           7 = DUSTSTORM OR SANDSTORM:
                                                       VSBY 1/2 MILE OR LESS
                                                   8 = SMOKE OR HAZE
[NO. OF DAYS WITH]      [WEATHER - DAYS WITH]      9 = BLOWING SNOW
                                                   X = TORNADO
MAX 32 OR BELOW:   0    0.01 INCH OR MORE:   0
MAX 90 OR ABOVE:   0    0.10 INCH OR MORE:   0
MIN 32 OR BELOW:   8    0.50 INCH OR MORE:   0
MIN  0 OR BELOW:   0    1.00 INCH OR MORE:   0

[HDD (BASE 65) ]
TOTAL THIS MO.   203    CLEAR  (SCALE 0-3)  18
DPTR FM NORMAL    -3    PTCLDY (SCALE 4-7)   0
TOTAL FM JUL 1   346    CLOUDY (SCALE 8-10)  0
DPTR FM NORMAL  -156

[CDD (BASE 65) ]
TOTAL THIS MO.     0
DPTR FM NORMAL     0    [PRESSURE DATA]
TOTAL FM JAN 1    54    HIGHEST SLP M ON M
DPTR FM NORMAL    24    LOWEST  SLP 29.77 ON 12

[REMARKS]
