000
CXUS54 KJAN 231414
CF6TVR
PRELIMINARY LOCAL CLIMATOLOGICAL DATA (WS FORM: F-6)

                                          STATION:   VICKSBURG
                                          MONTH:     OCTOBER
                                          YEAR:      2018
                                          LATITUDE:   32 20 N
                                          LONGITUDE:  91  2 W

  TEMPERATURE IN F:       :PCPN:    SNOW:  WIND      :SUNSHINE: SKY     :PK WND
================================================================================
1   2   3   4   5  6A  6B    7    8   9   10  11  12  13   14  15   16   17  18
                                     12Z  AVG MX 2MIN
DY MAX MIN AVG DEP HDD CDD  WTR  SNW DPTH SPD SPD DIR MIN PSBL S-S WX    SPD DR
================================================================================

 1  90  72  81  10   0  16    T  0.0    0  2.9  9 180   M    M   1        14 180
 2  91  70  81  11   0  16 0.68  0.0    0  1.1 23  80   M    M   2 123    27  90
 3  91  69  80  10   0  15 0.00  0.0    0  2.8 10 140   M    M   1 12     14 130
 4  91  70  81  11   0  16 0.00  0.0    0  2.6 10 130   M    M   1 1      13 140
 5  91  68  80  11   0  15 0.00  0.0    0  2.5 13 150   M    M   1 1      16 140
 6  90  66  78   9   0  13 0.07  0.0    0  5.5 17 150   M    M   2 13     21 150
 7  90  69  80  11   0  15 0.00  0.0    0  6.8 15 140   M    M   2 1      24 110
 8  92  67  80  12   0  15 0.00  0.0    0  8.2 18 110   M    M   0 1      25 150
 9  88  73  81  13   0  16 0.00  0.0    0 10.3 18 140   M    M   4        27 140
10  87  63  75   7   0  10    T  0.0    0  5.0 14 310   M    M   5        23 320
11  76  57  67   0   0   2 0.00  0.0    0  7.6 17  10   M    M   1        23 360
12  79  49  64  -3   1   0 0.00  0.0    0  4.8 12 100   M    M   2 8      16 100
13  82  57  70   3   0   5    T  0.0    0  7.1 23 170   M    M   6 8      28 170
14  89  65  77  11   0  12 0.00  0.0    0  8.4 20 180   M    M   2        28 170
15  86  56  71   5   0   6    T  0.0    0  8.1 24  10   M    M   5 1      29 360
16  56  53  55 -11  10   0 1.64  0.0    0 10.5 17  10   M    M  10 1      23  10
17  60  54  57  -8   8   0 0.49  0.0    0  9.5 16  20   M    M  10 1      19  30
18  73  56  65   0   0   0 0.00  0.0    0  9.0 15  50   M    M   3        20  60
19  82  56  69   4   0   4 0.00  0.0    0  2.7  7  20   M    M   0         9  30
20  67  48  58  -6   7   0 0.23  0.0    0  5.9 14  10   M    M   6 12     19 350
21  64  45  55  -9  10   0 0.00  0.0    0  8.4 17  60   M    M   0 1      21  30
22  67  37  52 -12  13   0 0.00  0.0    0  3.3 10  10   M    M   0        13  10
================================================================================
SM 1782 1320        49 176  3.11     0.0 133.0          M       64
================================================================================
AV 81.0 60.0                               6.0 FASTST   M    M   3    MAX(MPH)
                                 MISC ---->  # 24  10               # 29  360
================================================================================
NOTES:
# LAST OF SEVERAL OCCURRENCES

COLUMN 17 PEAK WIND IN M.P.H.

PRELIMINARY LOCAL CLIMATOLOGICAL DATA (WS FORM: F-6) , PAGE 2

                                          STATION:  VICKSBURG
                                          MONTH:    OCTOBER
                                          YEAR:     2018
                                          LATITUDE:   32 20 N
                                          LONGITUDE:  91  2 W

[TEMPERATURE DATA]      [PRECIPITATION DATA]       SYMBOLS USED IN COLUMN 16

AVERAGE MONTHLY: 70.5   TOTAL FOR MONTH:   3.11    1 = FOG OR MIST
DPTR FM NORMAL:   3.3   DPTR FM NORMAL:   -0.28    2 = FOG REDUCING VISIBILITY
HIGHEST:    92 ON  8    GRTST 24HR  1.64 ON 16-16      TO 1/4 MILE OR LESS
LOWEST:     37 ON 22                               3 = THUNDER
                        SNOW, ICE PELLETS, HAIL    4 = ICE PELLETS
                        TOTAL MONTH:   0.0 INCH    5 = HAIL
                        GRTST 24HR     0.0         6 = FREEZING RAIN OR DRIZZLE
                        GRTST DEPTH:   0           7 = DUSTSTORM OR SANDSTORM:
                                                       VSBY 1/2 MILE OR LESS
                                                   8 = SMOKE OR HAZE
[NO. OF DAYS WITH]      [WEATHER - DAYS WITH]      9 = BLOWING SNOW
                                                   X = TORNADO
MAX 32 OR BELOW:   0    0.01 INCH OR MORE:   5
MAX 90 OR ABOVE:   8    0.10 INCH OR MORE:   4
MIN 32 OR BELOW:   0    0.50 INCH OR MORE:   2
MIN  0 OR BELOW:   0    1.00 INCH OR MORE:   1

[HDD (BASE 65) ]
TOTAL THIS MO.    49    CLEAR  (SCALE 0-3)  15
DPTR FM NORMAL     1    PTCLDY (SCALE 4-7)   5
TOTAL FM JUL 1    49    CLOUDY (SCALE 8-10)  2
DPTR FM NORMAL    -4

[CDD (BASE 65) ]
TOTAL THIS MO.   176
DPTR FM NORMAL    84    [PRESSURE DATA]
TOTAL FM JAN 1  2728    HIGHEST SLP M ON M
DPTR FM NORMAL   539    LOWEST  SLP 29.72 ON 10

[REMARKS]
