000
CXUS55 KBOI 191002
CF6TWF
PRELIMINARY LOCAL CLIMATOLOGICAL DATA (WS FORM: F-6)

                                          STATION:   TWIN FALLS ID
                                          MONTH:     JUNE
                                          YEAR:      2018
                                          LATITUDE:   42 28 N
                                          LONGITUDE: 114 29 W

  TEMPERATURE IN F:       :PCPN:    SNOW:  WIND      :SUNSHINE: SKY     :PK WND
================================================================================
1   2   3   4   5  6A  6B    7    8   9   10  11  12  13   14  15   16   17  18
                                     12Z  AVG MX 2MIN
DY MAX MIN AVG DEP HDD CDD  WTR  SNW DPTH SPD SPD DIR MIN PSBL S-S WX    SPD DR
================================================================================

 1  65  44  55  -6  10   0 0.00    M    M 13.8 23 260   M    M   3        29 270
 2  74  44  59  -2   6   0 0.00    M    M  7.0 15 180   M    M   0        18 180
 3  83  44  64   3   1   0 0.00    M    M  8.3 14 180   M    M   0        18 180
 4  90  62  76  15   0  11 0.00    M    M 10.9 21 230   M    M   0        28 220
 5  79  52  66   4   0   1 0.00    M    M  9.2 18 210   M    M   0        24 210
 6  84  52  68   6   0   3 0.02    M    M  7.3 36 150   M    M   0 3      43 150
 7  81  52  67   5   0   2 0.07    M    M  8.6 31 130   M    M   1 3      38 140
 8  84  51  68   6   0   3 0.00    M    M  8.0 14 190   M    M   0        18 180
 9  82  50  66   3   0   1    T    M    M 15.7 32 260   M    M   1        41 270
10  61  39  50 -13  15   0 0.00    M    M 12.1 32 270   M    M   2        39 270
11  70  43  57  -6   8   0 0.00    M    M 13.3 23 290   M    M   4        33 280
12  78  44  61  -3   4   0 0.00    M    M  8.0 15 190   M    M   0        18 190
13  91  45  68   4   0   3 0.00    M    M  6.3 20 210   M    M   0        26 210
14  75  56  66   2   0   1 0.00    M    M 14.1 26 240   M    M   0        35 230
15  72  55  64  -1   1   0    T    M    M  8.3 22 260   M    M   3        25 260
16  74  49  62  -3   3   0 0.02    M    M  8.3 15 300   M    M   4        19 180
17  68  46  57  -8   8   0 0.19    M    M 10.3 25 260   M    M   4 138    32 230
18  62  44  53 -13  12   0 0.18    M    M  9.5 20 140   M    M   7 138    26 150
================================================================================
SM 1373  872        68  25  0.48    M    179.0          M       29
================================================================================
AV 76.3 48.4                               9.9 FASTST   M    M   2    MAX(MPH)
                                 MISC ---->  # 36 150               # 43  150
================================================================================
NOTES:
# LAST OF SEVERAL OCCURRENCES

COLUMN 17 PEAK WIND IN M.P.H.

PRELIMINARY LOCAL CLIMATOLOGICAL DATA (WS FORM: F-6) , PAGE 2

                                          STATION:  TWIN FALLS ID
                                          MONTH:    JUNE
                                          YEAR:     2018
                                          LATITUDE:   42 28 N
                                          LONGITUDE: 114 29 W

[TEMPERATURE DATA]      [PRECIPITATION DATA]       SYMBOLS USED IN COLUMN 16

AVERAGE MONTHLY: 62.4   TOTAL FOR MONTH:   0.48    1 = FOG OR MIST
DPTR FM NORMAL:  -0.6   DPTR FM NORMAL:   -0.18    2 = FOG REDUCING VISIBILITY
HIGHEST:    91 ON 13    GRTST 24HR  0.45 ON 31- 1      TO 1/4 MILE OR LESS
LOWEST:     39 ON 10                               3 = THUNDER
                        SNOW, ICE PELLETS, HAIL    4 = ICE PELLETS
                        TOTAL MONTH:    M          5 = HAIL
                        GRTST 24HR    M  ON   M    6 = FREEZING RAIN OR DRIZZLE
                        GRTST DEPTH:  M  ON   M    7 = DUSTSTORM OR SANDSTORM:
                                                       VSBY 1/2 MILE OR LESS
                                                   8 = SMOKE OR HAZE
[NO. OF DAYS WITH]      [WEATHER - DAYS WITH]      9 = BLOWING SNOW
                                                   X = TORNADO
MAX 32 OR BELOW:   0    0.01 INCH OR MORE:   5
MAX 90 OR ABOVE:   2    0.10 INCH OR MORE:   2
MIN 32 OR BELOW:   0    0.50 INCH OR MORE:   0
MIN  0 OR BELOW:   0    1.00 INCH OR MORE:   0

[HDD (BASE 65) ]
TOTAL THIS MO.    68    CLEAR  (SCALE 0-3)  13
DPTR FM NORMAL    -3    PTCLDY (SCALE 4-7)   5
TOTAL FM JUL 1  6083    CLOUDY (SCALE 8-10)  0
DPTR FM NORMAL   -72

[CDD (BASE 65) ]
TOTAL THIS MO.    25
DPTR FM NORMAL   -11    [PRESSURE DATA]
TOTAL FM JAN 1    33    HIGHEST SLP M ON M
DPTR FM NORMAL   -25    LOWEST  SLP 29.55 ON 13

[REMARKS]
