000
CXUS55 KBOI 211002
CF6TWF
PRELIMINARY LOCAL CLIMATOLOGICAL DATA (WS FORM: F-6)

                                          STATION:   TWIN FALLS ID
                                          MONTH:     SEPTEMBER
                                          YEAR:      2018
                                          LATITUDE:   42 28 N
                                          LONGITUDE: 114 29 W

  TEMPERATURE IN F:       :PCPN:    SNOW:  WIND      :SUNSHINE: SKY     :PK WND
================================================================================
1   2   3   4   5  6A  6B    7    8   9   10  11  12  13   14  15   16   17  18
                                     12Z  AVG MX 2MIN
DY MAX MIN AVG DEP HDD CDD  WTR  SNW DPTH SPD SPD DIR MIN PSBL S-S WX    SPD DR
================================================================================

 1  79  53  66  -2   0   1 0.00    M    M 12.3 18 280   M    M   0        23 250
 2  82  53  68   1   0   3 0.00    M    M  9.5 16 190   M    M   0        20 180
 3  85  52  69   2   0   4 0.00    M    M 10.0 17 200   M    M   0        21 190
 4  84  53  69   2   0   4 0.00    M    M  8.0 14 190   M    M   0        18 190
 5  89  51  70   4   0   5 0.00    M    M  8.0 14 180   M    M   0        17 170
 6  88  54  71   5   0   6 0.00    M    M  9.4 26 180   M    M   0        34 190
 7  91  56  74   8   0   9 0.00    M    M  7.3 14 250   M    M   0        15 340
 8  83  59  71   6   0   6 0.00    M    M 12.6 24 250   M    M   0        33 250
 9  81  54  68   3   0   3 0.00    M    M  9.1 15 180   M    M   0        19 180
10  82  49  66   1   0   1 0.00    M    M  8.8 14 190   M    M   0        18 200
11  74  48  61  -3   4   0 0.00    M    M 10.3 16 300   M    M   0        21 280
12  70  49  60  -4   5   0 0.00    M    M 10.0 16 300   M    M   1        21 200
13  66  49  58  -6   7   0 0.00    M    M  6.6 15 290   M    M   1        19 290
14  78  45  62  -1   3   0 0.00    M    M  6.8 13 300   M    M   0        16  30
15  76  48  62  -1   3   0    T    M    M  8.9 24 270   M    M   1        29 280
16  75  46  61  -1   4   0 0.00    M    M  8.8 14 190   M    M   0        18 180
17  78  43  61  -1   4   0 0.00    M    M  8.4 14 190   M    M   0        16 190
18  75  43  59  -3   6   0 0.00    M    M  9.5 15 190   M    M   0        20 290
19  74  49  62   1   3   0 0.00    M    M 13.1 20 240   M    M   0        26 260
20  69  43  56  -5   9   0 0.00    M    M 12.8 21 270   M    M   0        26 230
================================================================================
SM 1579  997        48  42    T     M    190.2          M        3
================================================================================
AV 79.0 49.9                               9.5 FASTST   M    M   0    MAX(MPH)
                                 MISC ---->  # 26 180               # 34  190
================================================================================
NOTES:
# LAST OF SEVERAL OCCURRENCES

COLUMN 17 PEAK WIND IN M.P.H.

PRELIMINARY LOCAL CLIMATOLOGICAL DATA (WS FORM: F-6) , PAGE 2

                                          STATION:  TWIN FALLS ID
                                          MONTH:    SEPTEMBER
                                          YEAR:     2018
                                          LATITUDE:   42 28 N
                                          LONGITUDE: 114 29 W

[TEMPERATURE DATA]      [PRECIPITATION DATA]       SYMBOLS USED IN COLUMN 16

AVERAGE MONTHLY: 64.4   TOTAL FOR MONTH:      T    1 = FOG OR MIST
DPTR FM NORMAL:  -0.0   DPTR FM NORMAL:   -0.34    2 = FOG REDUCING VISIBILITY
HIGHEST:    91 ON  7    GRTST 24HR    T  ON 15-15      TO 1/4 MILE OR LESS
LOWEST:     43 ON 20,18                            3 = THUNDER
                        SNOW, ICE PELLETS, HAIL    4 = ICE PELLETS
                        TOTAL MONTH:    M          5 = HAIL
                        GRTST 24HR    M  ON   M    6 = FREEZING RAIN OR DRIZZLE
                        GRTST DEPTH:  M  ON   M    7 = DUSTSTORM OR SANDSTORM:
                                                       VSBY 1/2 MILE OR LESS
                                                   8 = SMOKE OR HAZE
[NO. OF DAYS WITH]      [WEATHER - DAYS WITH]      9 = BLOWING SNOW
                                                   X = TORNADO
MAX 32 OR BELOW:   0    0.01 INCH OR MORE:   0
MAX 90 OR ABOVE:   1    0.10 INCH OR MORE:   0
MIN 32 OR BELOW:   0    0.50 INCH OR MORE:   0
MIN  0 OR BELOW:   0    1.00 INCH OR MORE:   0

[HDD (BASE 65) ]
TOTAL THIS MO.    48    CLEAR  (SCALE 0-3)  20
DPTR FM NORMAL   -19    PTCLDY (SCALE 4-7)   0
TOTAL FM JUL 1    72    CLOUDY (SCALE 8-10)  0
DPTR FM NORMAL   -16

[CDD (BASE 65) ]
TOTAL THIS MO.    42
DPTR FM NORMAL   -12    [PRESSURE DATA]
TOTAL FM JAN 1   680    HIGHEST SLP M ON M
DPTR FM NORMAL     9    LOWEST  SLP 29.72 ON 11

[REMARKS]
