000
CXUS55 KBOI 161002
CF6TWF
PRELIMINARY LOCAL CLIMATOLOGICAL DATA (WS FORM: F-6)

                                          STATION:   TWIN FALLS ID
                                          MONTH:     DECEMBER
                                          YEAR:      2018
                                          LATITUDE:   42 28 N
                                          LONGITUDE: 114 29 W

  TEMPERATURE IN F:       :PCPN:    SNOW:  WIND      :SUNSHINE: SKY     :PK WND
================================================================================
1   2   3   4   5  6A  6B    7    8   9   10  11  12  13   14  15   16   17  18
                                     12Z  AVG MX 2MIN
DY MAX MIN AVG DEP HDD CDD  WTR  SNW DPTH SPD SPD DIR MIN PSBL S-S WX    SPD DR
================================================================================

 1  36  29  33   2  32   0    T    M    M  8.5 20 190   M    M   9 18     23 180
 2  32  26  29  -2  36   0 0.02    M    M 10.9 20 250   M    M   9 1      24 260
 3  33  20  27  -3  38   0    T    M    M  9.1 14 250   M    M   5        18 210
 4  29  10  20 -10  45   0 0.00    M    M  5.3 12  50   M    M   0        15 200
 5  25   9  17 -13  48   0 0.00    M    M  5.8 13  80   M    M   7        15  70
 6  26  12  19 -11  46   0 0.00    M    M  5.7 10  60   M    M   8        13  60
 7  29  11  20  -9  45   0 0.00    M    M  2.9  8 230   M    M   5 1       9 130
 8  34  17  26  -3  39   0 0.00    M    M  2.7  9 300   M    M   6 1      11 300
 9  36  17  27  -2  38   0 0.00    M    M  7.2 17  60   M    M   2 1      21  50
10  33  17  25  -4  40   0 0.03    M    M  5.8 16 260   M    M   4 18     20 260
11  34  24  29   1  36   0 0.00    M    M  6.6 10 230   M    M   5        14 230
12  38  23  31   3  34   0 0.08    M    M 16.2 35 250   M    M   5 1      42 250
13  36  13  25  -3  40   0 0.00    M    M  6.2 16 190   M    M   0        20 200
14  44  12  28   0  37   0    T    M    M  8.4 24 180   M    M   0        32 180
15  46  27  37   9  28   0 0.00    M    M  8.6 28 190   M    M   6        38 190
================================================================================
SM  511  267       582   0  0.13    M    109.9          M       71
================================================================================
AV 34.1 17.8                               7.3 FASTST   M    M   5    MAX(MPH)
                                 MISC ---->  # 35 250               # 42  250
================================================================================
NOTES:
# LAST OF SEVERAL OCCURRENCES

COLUMN 17 PEAK WIND IN M.P.H.

PRELIMINARY LOCAL CLIMATOLOGICAL DATA (WS FORM: F-6) , PAGE 2

                                          STATION:  TWIN FALLS ID
                                          MONTH:    DECEMBER
                                          YEAR:     2018
                                          LATITUDE:   42 28 N
                                          LONGITUDE: 114 29 W

[TEMPERATURE DATA]      [PRECIPITATION DATA]       SYMBOLS USED IN COLUMN 16

AVERAGE MONTHLY: 25.9   TOTAL FOR MONTH:   0.13    1 = FOG OR MIST
DPTR FM NORMAL:  -3.3   DPTR FM NORMAL:   -0.47    2 = FOG REDUCING VISIBILITY
HIGHEST:    46 ON 15    GRTST 24HR  0.08 ON 12-12      TO 1/4 MILE OR LESS
LOWEST:      9 ON  5                               3 = THUNDER
                        SNOW, ICE PELLETS, HAIL    4 = ICE PELLETS
                        TOTAL MONTH:    M          5 = HAIL
                        GRTST 24HR    M  ON   M    6 = FREEZING RAIN OR DRIZZLE
                        GRTST DEPTH:  M  ON   M    7 = DUSTSTORM OR SANDSTORM:
                                                       VSBY 1/2 MILE OR LESS
                                                   8 = SMOKE OR HAZE
[NO. OF DAYS WITH]      [WEATHER - DAYS WITH]      9 = BLOWING SNOW
                                                   X = TORNADO
MAX 32 OR BELOW:   5    0.01 INCH OR MORE:   3
MAX 90 OR ABOVE:   0    0.10 INCH OR MORE:   0
MIN 32 OR BELOW:  15    0.50 INCH OR MORE:   0
MIN  0 OR BELOW:   0    1.00 INCH OR MORE:   0

[HDD (BASE 65) ]
TOTAL THIS MO.   582    CLEAR  (SCALE 0-3)   4
DPTR FM NORMAL    44    PTCLDY (SCALE 4-7)   8
TOTAL FM JUL 1  2054    CLOUDY (SCALE 8-10)  3
DPTR FM NORMAL    78

[CDD (BASE 65) ]
TOTAL THIS MO.     0
DPTR FM NORMAL     0    [PRESSURE DATA]
TOTAL FM JAN 1   681    HIGHEST SLP M ON M
DPTR FM NORMAL     1    LOWEST  SLP 29.75 ON  1

[REMARKS]
