000
CXUS55 KBOI 181002
CF6TWF
PRELIMINARY LOCAL CLIMATOLOGICAL DATA (WS FORM: F-6)

                                          STATION:   TWIN FALLS ID
                                          MONTH:     OCTOBER
                                          YEAR:      2019
                                          LATITUDE:   42 28 N
                                          LONGITUDE: 114 29 W

  TEMPERATURE IN F:       :PCPN:    SNOW:  WIND      :SUNSHINE: SKY     :PK WND
================================================================================
1   2   3   4   5  6A  6B    7    8   9   10  11  12  13   14  15   16   17  18
                                     12Z  AVG MX 2MIN
DY MAX MIN AVG DEP HDD CDD  WTR  SNW DPTH SPD SPD DIR MIN PSBL S-S WX    SPD DR
================================================================================

 1  51  28  40 -16  25   0 0.00    M    M  7.4 13 220   M    M   6        17 240
 2  57  32  45 -11  20   0    T    M    M  8.1 13 230   M    M   3        17 250
 3  69  25  47  -8  18   0 0.00    M    M  8.0 16 260   M    M   1 8      20 250
 4  51  37  44 -11  21   0 0.01    M    M 14.9 31 260   M    M   5 1      39 250
 5  57  33  45  -9  20   0 0.00    M    M 10.6 16 300   M    M   1        23 290
 6  61  32  47  -7  18   0    T    M    M  8.1 15 230   M    M   0        18 230
 7  69  25  47  -7  18   0    T    M    M  5.3 13 210   M    M   0        17 210
 8  69  42  56   3   9   0 0.00    M    M 10.5 30 270   M    M   0 8      37 270
 9  43  31  37 -16  28   0 0.01    M    M 22.4 38 280   M    M   4 1      46 280
10  41  20  31 -21  34   0 0.00    M    M  6.3 15 290   M    M   5        20 280
11  54  13  34 -18  31   0 0.00    M    M  7.0 16  70   M    M   0 8      19  60
12  61  16  39 -13  26   0 0.00    M    M  6.3 12 210   M    M   0        14 210
13  70  21  46  -5  19   0 0.00    M    M  5.7 14 220   M    M   0 8      16 220
14  64  35  50  -1  15   0 0.00    M    M 10.3 15 300   M    M   0        19 300
15  70  34  52   1  13   0 0.00    M    M  8.1 15 190   M    M   0        19 200
16  80  48  64  14   1   0 0.00    M    M 10.5 17 210   M    M   0 8      22 170
17  62  35  49  -1  16   0 0.00    M    M 14.1 29 280   M    M   3 8      35 280
================================================================================
SM 1029  507       332   0  0.02    M    163.6          M       28
================================================================================
AV 60.5 29.8                               9.6 FASTST   M    M   2    MAX(MPH)
                                 MISC ---->    38 280                 46 280
================================================================================
NOTES:
# LAST OF SEVERAL OCCURRENCES

COLUMN 17 PEAK WIND IN M.P.H.

PRELIMINARY LOCAL CLIMATOLOGICAL DATA (WS FORM: F-6) , PAGE 2

                                          STATION:   TWIN FALLS ID
                                          MONTH:     OCTOBER
                                          YEAR:      2019
                                          LATITUDE:   42 28 N
                                          LONGITUDE: 114 29 W

[TEMPERATURE DATA]      [PRECIPITATION DATA]       SYMBOLS USED IN COLUMN 16

AVERAGE MONTHLY: 45.2   TOTAL FOR MONTH:   0.02    1 = FOG OR MIST
DPTR FM NORMAL:  -7.7   DPTR FM NORMAL:   -0.41    2 = FOG REDUCING VISIBILITY
HIGHEST:    80 ON 16    GRTST 24HR  0.01 ON  3- 4      TO 1/4 MILE OR LESS
LOWEST:     13 ON 11                               3 = THUNDER
                        SNOW, ICE PELLETS, HAIL    4 = ICE PELLETS
                        TOTAL MONTH:  M            5 = HAIL
                        GRTST 24HR    M  ON   M    6 = FREEZING RAIN OR DRIZZLE
                        GRTST DEPTH:  M  ON   M    7 = DUSTSTORM OR SANDSTORM:
                                                       VSBY 1/2 MILE OR LESS
                                                   8 = SMOKE OR HAZE
[NO. OF DAYS WITH]      [WEATHER - DAYS WITH]      9 = BLOWING SNOW
                                                   X = TORNADO
MAX 32 OR BELOW:   0    0.01 INCH OR MORE:   2
MAX 90 OR ABOVE:   0    0.10 INCH OR MORE:   0
MIN 32 OR BELOW:  10    0.50 INCH OR MORE:   0
MIN  0 OR BELOW:   0    1.00 INCH OR MORE:   0

[HDD (BASE 65) ]
TOTAL THIS MO.   332    CLEAR  (SCALE 0-3)  12
DPTR FM NORMAL   125    PTCLDY (SCALE 4-7)   5
TOTAL FM JUL 1   524    CLOUDY (SCALE 8-10)  0
DPTR FM NORMAL   156

[CDD (BASE 65) ]
TOTAL THIS MO.     0
DPTR FM NORMAL     0    [PRESSURE DATA]
TOTAL FM JAN 1   612    HIGHEST SLP M ON M
DPTR FM NORMAL   -66    LOWEST  SLP 29.50 ON 17

[REMARKS]
