000
CXUS54 KSHV 201500
CF6TYR
PRELIMINARY LOCAL CLIMATOLOGICAL DATA (WS FORM: F-6)

                                          STATION:   TYLER
                                          MONTH:     OCTOBER
                                          YEAR:      2019
                                          LATITUDE:   32 22 N
                                          LONGITUDE:  95 24 W

  TEMPERATURE IN F:       :PCPN:    SNOW:  WIND      :SUNSHINE: SKY     :PK WND
================================================================================
1   2   3   4   5  6A  6B    7    8   9   10  11  12  13   14  15   16   17  18
                                     12Z  AVG MX 2MIN
DY MAX MIN AVG DEP HDD CDD  WTR  SNW DPTH SPD SPD DIR MIN PSBL S-S WX    SPD DR
================================================================================

 1  96  73  85  13   0  20 0.00  0.0    0  9.3 18 140   M    M   2        25 150
 2  96  69  83  12   0  18 0.00  0.0    0  8.1 17 210   M    M   1 18     23 210
 3  96  71  84  13   0  19    T  0.0    0  5.7 20 100   M    M   3 3      26  90
 4  93  73  83  12   0  18    T  0.0    0  5.6 15  80   M    M   2        19  70
 5  94  67  81  11   0  16 0.00  0.0    0  5.3 12 120   M    M   0        14 140
 6  95  70  83  13   0  18    T  0.0    0  6.9 14 240   M    M   1 3      20 210
 7  75  61  68  -2   0   3    T  0.0    0  9.3 18  30   M    M   7 1      24  10
 8  81  52  67  -2   0   2 0.00  0.0    0  5.7 14  80   M    M   0        18  10
 9  87  57  72   3   0   7 0.00  0.0    0  9.7 18 130   M    M   0        23 120
10  94  73  84  15   0  19    T  0.0    0 12.9 21 210   M    M   5 3      29 210
11  78  45  62  -7   3   0 1.20    M    0 11.3 22 350   M    M   6 13     31 360
12  68  43  56 -12   9   0 0.00  0.0    0  5.2 13  60   M    M   1        17  40
13  71  53  62  -6   3   0    T  0.0    0  4.4 14 160   M    M   7        16 170
14  73  58  66  -2   0   1 0.44  0.0    0  6.8 17 140   M    M   7 1      23 130
15  83  70  77  10   0  12 0.83  0.0    0  7.5 32  60   M    M   8 138    51  80
16  71  50  61  -6   4   0 0.00  0.0    0  8.9 20 360   M    M   2        26  10
17  70  49  60  -7   5   0 0.00  0.0    0  3.9 10 110   M    M   0 1      14 110
18  77  47  62  -4   3   0 0.00  0.0    0  6.6 15 120   M    M   0        20 120
19  85  56  71   5   0   6 0.00  0.0    0  5.1 13 230   M    M   3 1      17 240
================================================================================
SM 1583 1137        27 159  2.47     0.0 138.2          M       55
================================================================================
AV 83.3 59.8                               7.3 FASTST   M    M   3    MAX(MPH)
                                 MISC ---->  # 32  60               # 51   80
================================================================================
NOTES:
# LAST OF SEVERAL OCCURRENCES

COLUMN 17 PEAK WIND IN M.P.H.

PRELIMINARY LOCAL CLIMATOLOGICAL DATA (WS FORM: F-6) , PAGE 2

                                          STATION:  TYLER
                                          MONTH:    OCTOBER
                                          YEAR:     2019
                                          LATITUDE:   32 22 N
                                          LONGITUDE:  95 24 W

[TEMPERATURE DATA]      [PRECIPITATION DATA]       SYMBOLS USED IN COLUMN 16

AVERAGE MONTHLY: 71.6   TOTAL FOR MONTH:   2.47    1 = FOG OR MIST
DPTR FM NORMAL:   2.7   DPTR FM NORMAL:   -0.35    2 = FOG REDUCING VISIBILITY
HIGHEST:    96 ON  3, 2 GRTST 24HR  1.20 ON 11-11      TO 1/4 MILE OR LESS
LOWEST:     43 ON 12                               3 = THUNDER
                        SNOW, ICE PELLETS, HAIL    4 = ICE PELLETS
                        TOTAL MONTH:   0.0 INCH    5 = HAIL
                        GRTST 24HR     0.0         6 = FREEZING RAIN OR DRIZZLE
                        GRTST DEPTH:   0           7 = DUSTSTORM OR SANDSTORM:
                                                       VSBY 1/2 MILE OR LESS
                                                   8 = SMOKE OR HAZE
[NO. OF DAYS WITH]      [WEATHER - DAYS WITH]      9 = BLOWING SNOW
                                                   X = TORNADO
MAX 32 OR BELOW:   0    0.01 INCH OR MORE:   3
MAX 90 OR ABOVE:   7    0.10 INCH OR MORE:   3
MIN 32 OR BELOW:   0    0.50 INCH OR MORE:   2
MIN  0 OR BELOW:   0    1.00 INCH OR MORE:   1

[HDD (BASE 65) ]
TOTAL THIS MO.    27    CLEAR  (SCALE 0-3)  12
DPTR FM NORMAL     2    PTCLDY (SCALE 4-7)   7
TOTAL FM JUL 1    27    CLOUDY (SCALE 8-10)  0
DPTR FM NORMAL    -3

[CDD (BASE 65) ]
TOTAL THIS MO.   159
DPTR FM NORMAL    62    [PRESSURE DATA]
TOTAL FM JAN 1  2908    HIGHEST SLP M ON M
DPTR FM NORMAL   547    LOWEST  SLP 29.70 ON 19

[REMARKS]
