000
CXUS54 KMRX 201000
CF6TYS
PRELIMINARY LOCAL CLIMATOLOGICAL DATA (WS FORM: F-6)

                                          STATION:   KNOXVILLE    ASOS
                                          MONTH:     OCTOBER
                                          YEAR:      2019
                                          LATITUDE:   35 49 N
                                          LONGITUDE:  83 59 W

  TEMPERATURE IN F:       :PCPN:    SNOW:  WIND      :SUNSHINE: SKY     :PK WND
================================================================================
1   2   3   4   5  6A  6B    7    8   9   10  11  12  13   14  15   16   17  18
                                     12Z  AVG MX 2MIN
DY MAX MIN AVG DEP HDD CDD  WTR  SNW DPTH SPD SPD DIR MIN PSBL S-S WX    SPD DR
================================================================================

 1  95  70  83  18   0  18 0.00  0.0    0  2.1  9 280   M    M   3 1      13 360
 2  96  69  83  18   0  18 0.00  0.0    0  2.4 13 260   M    M   2        16 260
 3  96  66  81  17   0  16 0.00  0.0    0  1.6 13 280   M    M   1        16 270
 4  89  67  78  14   0  13 0.00  0.0    0  7.0 17  10   M    M   4        22 360
 5  89  62  76  12   0  11 0.00  0.0    0  8.1 20 200   M    M   3        24 190
 6  76  66  71   8   0   6 0.03  0.0    0  2.9 14 270   M    M   9        17 270
 7  77  61  69   6   0   4    T  0.0    0  7.5 20 260   M    M   9        27 260
 8  78  60  69   7   0   4 0.00  0.0    0  7.8 13  40   M    M   7        18  30
 9  79  57  68   6   0   3 0.00  0.0    0  3.0  9 260   M    M   6 18     10 320
10  83  57  70   8   0   5 0.00  0.0    0  3.0 10  50   M    M   4 1      13  30
11  83  56  70   9   0   5 0.00  0.0    0  5.6 14 240   M    M   5        18 240
12  71  48  60  -1   5   0 0.00  0.0    0  6.7 17 290   M    M   7        22 260
13  74  45  60  -1   5   0 0.00  0.0    0  4.6 13 250   M    M   4        16 240
14  75  44  60   0   5   0 0.00  0.0    0  2.7  9  20   M    M   4        10  30
15  76  43  60   0   5   0    T    M    0  3.1  9 210   M    M   8        12 200
16  66  49  58  -2   7   0 0.55    M    0  8.5 21 280   M    M   7 1      25 280
17  61  39  50  -9  15   0 0.00  0.0    0  4.6 13  10   M    M   1        18 320
18  68  39  54  -5  11   0 0.00  0.0    0  4.4 13  40   M    M   4        19  30
19  61  44  53  -6  12   0 0.36  0.0    0  4.4 13  40   M    M   8 1      15  30
================================================================================
SM 1493 1042        65 103  0.94     0.0  90.0          M       96
================================================================================
AV 78.6 54.8                               4.7 FASTST   M    M   5    MAX(MPH)
                                 MISC ---->  # 21 280               # 27  260
================================================================================
NOTES:
# LAST OF SEVERAL OCCURRENCES

COLUMN 17 PEAK WIND IN M.P.H.

PRELIMINARY LOCAL CLIMATOLOGICAL DATA (WS FORM: F-6) , PAGE 2

                                          STATION:  KNOXVILLE    ASOS
                                          MONTH:    OCTOBER
                                          YEAR:     2019
                                          LATITUDE:   35 49 N
                                          LONGITUDE:  83 59 W

[TEMPERATURE DATA]      [PRECIPITATION DATA]       SYMBOLS USED IN COLUMN 16

AVERAGE MONTHLY: 66.7   TOTAL FOR MONTH:   0.94    1 = FOG OR MIST
DPTR FM NORMAL:   4.9   DPTR FM NORMAL:   -0.54    2 = FOG REDUCING VISIBILITY
HIGHEST:    96 ON  3, 2 GRTST 24HR  0.55 ON 16-16      TO 1/4 MILE OR LESS
LOWEST:     39 ON 18,17                            3 = THUNDER
                        SNOW, ICE PELLETS, HAIL    4 = ICE PELLETS
                        TOTAL MONTH:   0.0 INCH    5 = HAIL
                        GRTST 24HR     0.0         6 = FREEZING RAIN OR DRIZZLE
                        GRTST DEPTH:   0           7 = DUSTSTORM OR SANDSTORM:
                                                       VSBY 1/2 MILE OR LESS
                                                   8 = SMOKE OR HAZE
[NO. OF DAYS WITH]      [WEATHER - DAYS WITH]      9 = BLOWING SNOW
                                                   X = TORNADO
MAX 32 OR BELOW:   0    0.01 INCH OR MORE:   3
MAX 90 OR ABOVE:   3    0.10 INCH OR MORE:   2
MIN 32 OR BELOW:   0    0.50 INCH OR MORE:   1
MIN  0 OR BELOW:   0    1.00 INCH OR MORE:   0

[HDD (BASE 65) ]
TOTAL THIS MO.    65    CLEAR  (SCALE 0-3)   5
DPTR FM NORMAL   -24    PTCLDY (SCALE 4-7)  12
TOTAL FM JUL 1    65    CLOUDY (SCALE 8-10)  2
DPTR FM NORMAL   -47

[CDD (BASE 65) ]
TOTAL THIS MO.   103
DPTR FM NORMAL    73    [PRESSURE DATA]
TOTAL FM JAN 1  1965    HIGHEST SLP M ON M
DPTR FM NORMAL   448    LOWEST  SLP 29.77 ON 16

[REMARKS]
