081
CXUS53 KUNR 200945
CF6UNR
PRELIMINARY LOCAL CLIMATOLOGICAL DATA (WS FORM: F-6)

                                          STATION:   EAST RAPID CITY SD
                                          MONTH:     JUNE
                                          YEAR:      2018
                                          LATITUDE:   44  4 N
                                          LONGITUDE: 103 13 W

  TEMPERATURE IN F:       :PCPN:    SNOW:  WIND      :SUNSHINE: SKY     :PK WND
================================================================================
1   2   3   4   5  6A  6B    7    8   9   10  11  12  13   14  15   16   17  18
                                     12Z  AVG MX 2MIN
DY MAX MIN AVG DEP HDD CDD  WTR  SNW DPTH SPD SPD DIR MIN PSBL S-S WX    SPD DR
================================================================================

 1  85  56  71  11   0   6 0.00  0.0    0 10.4 25 350   M    M   M        39 240
 2  72  55  64   3   1   0 0.00  0.0    0 11.6 24 310   M    M   M        35 310
 3  77  54  66   5   0   1 0.00  0.0    0  9.1 22 140   M    M   M        30 140
 4  85  55  70   9   0   5    T  0.0    0  7.8 24 140   M    M   M        33 150
 5  89  65  77  15   0  12 0.04  0.0    0  8.5 22 340   M    M   M 3      33 250
 6  79  60  70   8   0   5 0.00  0.0    0  9.2 24 330   M    M   M        31 320
 7  83  60  72  10   0   7    T  0.0    0 10.1 22 330   M    M   M 3      31 330
 8  82  58  70   8   0   5 0.09  0.0    0  8.1 36  10   M    M   M 3      45  10
 9  87  59  73  10   0   8 0.00  0.0    0  8.9 22 120   M    M   M        31 120
10  92  58  75  12   0  10 0.34  0.0    0 13.2 31 320   M    M   M 35     46 330
11  74  55  65   1   0   0    T  0.0    0 11.3 29 330   M    M   M 3      40 330
12  71  52  62  -2   3   0 0.00  0.0    0  8.5 21 350   M    M   M        31 340
13  86  50  68   4   0   3 0.00  0.0    0  9.2 21 150   M    M   M        35 150
14 102  59  81  17   0  16 0.00  0.0    0  9.5 32 330   M    M   M        46 320
15  80  63  72   7   0   7 0.00  0.0    0 11.0 22 320   M    M   M        31 320
16  67  59  63  -2   2   0 0.27  0.0    0   M   M   M   M    M   M 3      23 360
17  57  53  55 -11  10   0 1.01  0.0    0 13.2 25 360   M    M   M        35 360
18  54  51  53 -13  12   0 1.18  0.0    0  7.2 15  20   M    M   M 1      21  20
19  67  52  60  -6   5   0 0.96  0.0    0  4.9 15  30   M    M   M 3      21  80
================================================================================
SM 1489 1074        33  85  3.89     0.0 171.7          M        M
================================================================================
AV 78.4 56.5                               9.5 FASTST   M    M   3    MAX(MPH)
                                 MISC ---->  # 36  10               # 46  330
================================================================================
NOTES:
# LAST OF SEVERAL OCCURRENCES

COLUMN 17 PEAK WIND IN M.P.H.

PRELIMINARY LOCAL CLIMATOLOGICAL DATA (WS FORM: F-6) , PAGE 2

                                          STATION:  EAST RAPID CITY SD
                                          MONTH:    JUNE
                                          YEAR:     2018
                                          LATITUDE:   44  4 N
                                          LONGITUDE: 103 13 W

[TEMPERATURE DATA]      [PRECIPITATION DATA]       SYMBOLS USED IN COLUMN 16

AVERAGE MONTHLY: 67.5   TOTAL FOR MONTH:   3.89    1 = FOG OR MIST
DPTR FM NORMAL:   4.2   DPTR FM NORMAL:    1.57    2 = FOG REDUCING VISIBILITY
HIGHEST:   102 ON 14    GRTST 24HR  1.18 ON 18-18      TO 1/4 MILE OR LESS
LOWEST:     50 ON 13                               3 = THUNDER
                        SNOW, ICE PELLETS, HAIL    4 = ICE PELLETS
                        TOTAL MONTH:   0.0 INCH    5 = HAIL
                        GRTST 24HR     0.0         6 = FREEZING RAIN OR DRIZZLE
                        GRTST DEPTH:   0           7 = DUSTSTORM OR SANDSTORM:
                                                       VSBY 1/2 MILE OR LESS
                                                   8 = SMOKE OR HAZE
[NO. OF DAYS WITH]      [WEATHER - DAYS WITH]      9 = BLOWING SNOW
                                                   X = TORNADO
MAX 32 OR BELOW:   0    0.01 INCH OR MORE:   7
MAX 90 OR ABOVE:   2    0.10 INCH OR MORE:   5
MIN 32 OR BELOW:   0    0.50 INCH OR MORE:   3
MIN  0 OR BELOW:   0    1.00 INCH OR MORE:   2

[HDD (BASE 65) ]
TOTAL THIS MO.    33    CLEAR  (SCALE 0-3)   0
DPTR FM NORMAL   -39    PTCLDY (SCALE 4-7)   0
TOTAL FM JUL 1  7027    CLOUDY (SCALE 8-10)  0
DPTR FM NORMAL   183

[CDD (BASE 65) ]
TOTAL THIS MO.    85
DPTR FM NORMAL    46    [PRESSURE DATA]
TOTAL FM JAN 1   138    HIGHEST SLP M ON M
DPTR FM NORMAL    81    LOWEST  SLP 29.18 ON 14

[REMARKS]
