000
CXUS54 KHGX 171515
CF6UTS
PRELIMINARY LOCAL CLIMATOLOGICAL DATA (WS FORM: F-6)

                                          STATION:   HUNTSVILLE_(ASOS)
                                          MONTH:     OCTOBER
                                          YEAR:      2019
                                          LATITUDE:   30 45 N
                                          LONGITUDE:  95 35 W

  TEMPERATURE IN F:       :PCPN:    SNOW:  WIND      :SUNSHINE: SKY     :PK WND
================================================================================
1   2   3   4   5  6A  6B    7    8   9   10  11  12  13   14  15   16   17  18
                                     12Z  AVG MX 2MIN
DY MAX MIN AVG DEP HDD CDD  WTR  SNW DPTH SPD SPD DIR MIN PSBL S-S WX    SPD DR
================================================================================

 1  94  75  85  11   0  20 0.00  0.0    0  4.8 13 180   M    M   1        19 160
 2  94  71  83  10   0  18 0.00  0.0    0  3.0 12 180   M    M   0 18     19 160
 3  96  71  84  11   0  19 0.04  0.0    0  2.0 14  80   M    M   0 138    23  80
 4  96  68  82   9   0  17 0.00  0.0    0  1.9 10  50   M    M   2 12     15  50
 5  95  70  83  11   0  18 0.00  0.0    0  1.3  7  60   M    M   1 128    11  60
 6  95  71  83  11   0  18 0.00  0.0    0  3.5 12 190   M    M   1 18     14 180
 7  78  65  72   0   0   7 0.00  0.0    0  5.7 13 340   M    M   7        20 340
 8  85  58  72   0   0   7 0.00  0.0    0  2.8  8  90   M    M   2 12     13  60
 9  89  60  75   4   0  10 0.00  0.0    0  4.0 12 190   M    M   1        18 160
10  94  73  84  13   0  19 0.00  0.0    0  8.5 18 190   M    M   0        27 180
11  78  46  62  -9   3   0 1.19  0.0    0  6.9 21 330   M    M   7 13     31 340
12  65  49  57 -14   8   0 0.00  0.0    0  3.9 10 360   M    M   3        17  10
13  78  53  66  -4   0   1 0.00  0.0    0  1.6  6 130   M    M   5        10 120
14  84  65  75   5   0  10 0.38  0.0    0  3.2  8 110   M    M   8 1      14  90
15  87  74  81  11   0  16 0.07  0.0    0  3.8 14 330   M    M   5 13     19 310
16  75  53  64  -6   1   0 0.01  0.0    0  5.0 16 340   M    M   6 1      22 320
================================================================================
SM 1383 1022        12 180  1.69     0.0  61.9          M       49
================================================================================
AV 86.4 63.9                               3.9 FASTST   M    M   3    MAX(MPH)
                                 MISC ---->  # 21 330               # 31  340
================================================================================
NOTES:
# LAST OF SEVERAL OCCURRENCES

COLUMN 17 PEAK WIND IN M.P.H.

PRELIMINARY LOCAL CLIMATOLOGICAL DATA (WS FORM: F-6) , PAGE 2

                                          STATION:  HUNTSVILLE_(ASOS)
                                          MONTH:    OCTOBER
                                          YEAR:     2019
                                          LATITUDE:   30 45 N
                                          LONGITUDE:  95 35 W

[TEMPERATURE DATA]      [PRECIPITATION DATA]       SYMBOLS USED IN COLUMN 16

AVERAGE MONTHLY: 75.2   TOTAL FOR MONTH:   1.69    1 = FOG OR MIST
DPTR FM NORMAL:   3.6   DPTR FM NORMAL:   -0.21    2 = FOG REDUCING VISIBILITY
HIGHEST:    96 ON  4, 3 GRTST 24HR  1.19 ON 11-11      TO 1/4 MILE OR LESS
LOWEST:     46 ON 11                               3 = THUNDER
                        SNOW, ICE PELLETS, HAIL    4 = ICE PELLETS
                        TOTAL MONTH:   0.0 INCH    5 = HAIL
                        GRTST 24HR     0.0         6 = FREEZING RAIN OR DRIZZLE
                        GRTST DEPTH:   0           7 = DUSTSTORM OR SANDSTORM:
                                                       VSBY 1/2 MILE OR LESS
                                                   8 = SMOKE OR HAZE
[NO. OF DAYS WITH]      [WEATHER - DAYS WITH]      9 = BLOWING SNOW
                                                   X = TORNADO
MAX 32 OR BELOW:   0    0.01 INCH OR MORE:   5
MAX 90 OR ABOVE:   7    0.10 INCH OR MORE:   2
MIN 32 OR BELOW:   0    0.50 INCH OR MORE:   1
MIN  0 OR BELOW:   0    1.00 INCH OR MORE:   1

[HDD (BASE 65) ]
TOTAL THIS MO.    12    CLEAR  (SCALE 0-3)   9
DPTR FM NORMAL    -1    PTCLDY (SCALE 4-7)   7
TOTAL FM JUL 1    12    CLOUDY (SCALE 8-10)  0
DPTR FM NORMAL    -3

[CDD (BASE 65) ]
TOTAL THIS MO.   180
DPTR FM NORMAL    62    [PRESSURE DATA]
TOTAL FM JAN 1  3188    HIGHEST SLP M ON M
DPTR FM NORMAL   408    LOWEST  SLP 29.79 ON 10

[REMARKS]
