000
CXUS54 KHGX 241415
CF6UTS
PRELIMINARY LOCAL CLIMATOLOGICAL DATA (WS FORM: F-6)

                                          STATION:   HUNTSVILLE_(ASOS)
                                          MONTH:     SEPTEMBER
                                          YEAR:      2018
                                          LATITUDE:   30 45 N
                                          LONGITUDE:  95 35 W

  TEMPERATURE IN F:       :PCPN:    SNOW:  WIND      :SUNSHINE: SKY     :PK WND
================================================================================
1   2   3   4   5  6A  6B    7    8   9   10  11  12  13   14  15   16   17  18
                                     12Z  AVG MX 2MIN
DY MAX MIN AVG DEP HDD CDD  WTR  SNW DPTH SPD SPD DIR MIN PSBL S-S WX    SPD DR
================================================================================

 1  95  75  85   3   0  20 0.00  0.0    0  3.2  9 120   M    M   3        17 120
 2  90  75  83   1   0  18 0.07  0.0    0  3.9 12  80   M    M   6 1      19  70
 3  82  75  79  -3   0  14 0.79  0.0    0  3.7 12 170   M    M   8 18     17 160
 4  91  75  83   1   0  18    T  0.0    0  2.8  9 150   M    M   6        16 160
 5  95  75  85   4   0  20 0.00  0.0    0  2.5  8 180   M    M   3 1      13  40
 6  94  75  85   4   0  20 0.02  0.0    0  2.2 16 230   M    M   1 3      24 230
 7  92  74  83   2   0  18    T  0.0    0  4.2 12 180   M    M   1 3      16 220
 8  95  74  85   5   0  20 0.11  0.0    0  4.3 15 320   M    M   4 3      20 320
 9  83  74  79  -1   0  14 0.01  0.0    0  2.4  8 320   M    M   6        11 310
10  80  72  76  -4   0  11 0.02  0.0    0  2.4  8  70   M    M   6        17  60
11  80  73  77  -3   0  12 1.54  0.0    0  3.5  7 100   M    M  10 1      14  90
12  88  73  81   2   0  16 0.59  0.0    0  3.5 10 180   M    M   8 13     14 180
13  90  72  81   2   0  16 0.77  0.0    0  2.9 12 100   M    M   7 138    19 110
14  83  73  78  -1   0  13 0.10  0.0    0  2.9 12 110   M    M   6 1      22 140
15  93  72  83   5   0  18 0.19  0.0    0  2.7 10 360   M    M   2 18     15  50
16  94  73  84   6   0  19 0.00  0.0    0  1.6  7 230   M    M   1         9 230
17  95  75  85   7   0  20 0.00  0.0    0  2.3  9 300   M    M   1        12 300
18  96  76  86   8   0  21 0.10  0.0    0  2.4  8 250   M    M   2        12 300
19  96  77  87  10   0  22 0.00  0.0    0  3.8 12 200   M    M   1        17 200
20  91  74  83   6   0  18    T  0.0    0  3.5 10 180   M    M   1 3      18 170
21  91  77  84   7   0  19 0.21  0.0    0  3.9 10 110   M    M   3 13     20 100
22  86  72  79   3   0  14 0.57  0.0    0  4.5 14 180   M    M   8 13     18 180
23  79  70  75  -1   0  10 0.09  0.0    0  2.9  9 290   M    M   9 1      13 220
================================================================================
SM 2059 1701         0 391  5.18     0.0  72.0          M      103
================================================================================
AV 89.5 74.0                               3.1 FASTST   M    M   4    MAX(MPH)
                                 MISC ---->  # 16 230               # 24  230
================================================================================
NOTES:
# LAST OF SEVERAL OCCURRENCES

COLUMN 17 PEAK WIND IN M.P.H.

PRELIMINARY LOCAL CLIMATOLOGICAL DATA (WS FORM: F-6) , PAGE 2

                                          STATION:  HUNTSVILLE_(ASOS)
                                          MONTH:    SEPTEMBER
                                          YEAR:     2018
                                          LATITUDE:   30 45 N
                                          LONGITUDE:  95 35 W

[TEMPERATURE DATA]      [PRECIPITATION DATA]       SYMBOLS USED IN COLUMN 16

AVERAGE MONTHLY: 81.7   TOTAL FOR MONTH:   5.18    1 = FOG OR MIST
DPTR FM NORMAL:   2.5   DPTR FM NORMAL:    2.08    2 = FOG REDUCING VISIBILITY
HIGHEST:    96 ON 19,18 GRTST 24HR  1.54 ON 11-11      TO 1/4 MILE OR LESS
LOWEST:     70 ON 23                               3 = THUNDER
                        SNOW, ICE PELLETS, HAIL    4 = ICE PELLETS
                        TOTAL MONTH:   0.0 INCH    5 = HAIL
                        GRTST 24HR     0.0         6 = FREEZING RAIN OR DRIZZLE
                        GRTST DEPTH:   0           7 = DUSTSTORM OR SANDSTORM:
                                                       VSBY 1/2 MILE OR LESS
                                                   8 = SMOKE OR HAZE
[NO. OF DAYS WITH]      [WEATHER - DAYS WITH]      9 = BLOWING SNOW
                                                   X = TORNADO
MAX 32 OR BELOW:   0    0.01 INCH OR MORE:  15
MAX 90 OR ABOVE:  15    0.10 INCH OR MORE:  10
MIN 32 OR BELOW:   0    0.50 INCH OR MORE:   5
MIN  0 OR BELOW:   0    1.00 INCH OR MORE:   1

[HDD (BASE 65) ]
TOTAL THIS MO.     0    CLEAR  (SCALE 0-3)  10
DPTR FM NORMAL     0    PTCLDY (SCALE 4-7)   9
TOTAL FM JUL 1     0    CLOUDY (SCALE 8-10)  4
DPTR FM NORMAL     0

[CDD (BASE 65) ]
TOTAL THIS MO.   391
DPTR FM NORMAL    63    [PRESSURE DATA]
TOTAL FM JAN 1  2918    HIGHEST SLP M ON M
DPTR FM NORMAL   326    LOWEST  SLP 29.80 ON  8

[REMARKS]
