000
CXUS54 KEWX 170910
CF6UVA
PRELIMINARY LOCAL CLIMATOLOGICAL DATA (WS FORM: F-6)

                                          STATION:   UVALDE
                                          MONTH:     DECEMBER
                                          YEAR:      2018
                                          LATITUDE:   29 12 N
                                          LONGITUDE:  99 44 W

  TEMPERATURE IN F:       :PCPN:    SNOW:  WIND      :SUNSHINE: SKY     :PK WND
================================================================================
1   2   3   4   5  6A  6B    7    8   9   10  11  12  13   14  15   16   17  18
                                     12Z  AVG MX 2MIN
DY MAX MIN AVG DEP HDD CDD  WTR  SNW DPTH SPD SPD DIR MIN PSBL S-S WX    SPD DR
================================================================================

 1  78  47  63   M   2   0 0.00    M    M  9.0 23 310   M    M   0        32 310
 2  77  40  59   M   6   0 0.00    M    M  5.2 10  90   M    M   0         M  M
 3  68  45  57   M   8   0 0.00    M    M  3.8  8  60   M    M   6         M  M
 4  62  42  52   M  13   0 0.00    M    M  7.9 12  50   M    M   3        17  70
 5  54  47  51   M  14   0 0.00    M    M  7.6 10 100   M    M  10         M  M
 6  60  49  55   M  10   0 0.00    M    M  4.5  8  60   M    M  10 8       M  M
 7  61  49  55   M  10   0 1.34    M    M  7.4 15  10   M    M  10 1      20  10
 8  54  38  46   M  19   0 0.03    M    M  8.4 15 340   M    M   8        17 350
 9  58  34  46   M  19   0 0.00    M    M  4.2  8 360   M    M   0         M  M
10  60  32  46   M  19   0 0.00    M    M  3.4  9 270   M    M   0         M  M
11  58  33  46   M  19   0 0.00    M    M  5.4 12 160   M    M   0         M  M
12  61  46  54   M  11   0 0.00    M    M  4.6  7  90   M    M   2 1       M  M
13  65  43  54   M  11   0 0.00    M    M 15.3 38 300   M    M   5 12     53 300
14  60  43  52   M  13   0 0.00    M    M 17.6 25 320   M    M   0        35 310
15  69  30  50   M  15   0 0.00    M    M  4.2 10 290   M    M   0         M  M
16  67  32  50   M  15   0 0.00    M    M  1.2  5 210   M    M   0 8       M  M
================================================================================
SM 1012  650       204   0  1.37    M    109.7          M       54
================================================================================
AV 63.3 40.6                               6.9 FASTST   M    M   3    MAX(MPH)
                                 MISC ---->  # 38 300               # 53  300
================================================================================
NOTES:
# LAST OF SEVERAL OCCURRENCES

COLUMN 17 PEAK WIND IN M.P.H.

PRELIMINARY LOCAL CLIMATOLOGICAL DATA (WS FORM: F-6) , PAGE 2

                                          STATION:  UVALDE
                                          MONTH:    DECEMBER
                                          YEAR:     2018
                                          LATITUDE:   29 12 N
                                          LONGITUDE:  99 44 W

[TEMPERATURE DATA]      [PRECIPITATION DATA]       SYMBOLS USED IN COLUMN 16

AVERAGE MONTHLY: 51.9   TOTAL FOR MONTH:   1.37    1 = FOG OR MIST
DPTR FM NORMAL:     M   DPTR FM NORMAL:       M    2 = FOG REDUCING VISIBILITY
HIGHEST:    78 ON  1    GRTST 24HR  1.34 ON  7- 7      TO 1/4 MILE OR LESS
LOWEST:     30 ON 15                               3 = THUNDER
                        SNOW, ICE PELLETS, HAIL    4 = ICE PELLETS
                        TOTAL MONTH:    M          5 = HAIL
                        GRTST 24HR    M  ON   M    6 = FREEZING RAIN OR DRIZZLE
                        GRTST DEPTH:  M  ON   M    7 = DUSTSTORM OR SANDSTORM:
                                                       VSBY 1/2 MILE OR LESS
                                                   8 = SMOKE OR HAZE
[NO. OF DAYS WITH]      [WEATHER - DAYS WITH]      9 = BLOWING SNOW
                                                   X = TORNADO
MAX 32 OR BELOW:   0    0.01 INCH OR MORE:   2
MAX 90 OR ABOVE:   0    0.10 INCH OR MORE:   1
MIN 32 OR BELOW:   3    0.50 INCH OR MORE:   1
MIN  0 OR BELOW:   0    1.00 INCH OR MORE:   1

[HDD (BASE 65) ]
TOTAL THIS MO.   204    CLEAR  (SCALE 0-3)  10
DPTR FM NORMAL     M    PTCLDY (SCALE 4-7)   3
TOTAL FM JUL 1   544    CLOUDY (SCALE 8-10)  3
DPTR FM NORMAL     M

[CDD (BASE 65) ]
TOTAL THIS MO.     0
DPTR FM NORMAL     M    [PRESSURE DATA]
TOTAL FM JAN 1  3230    HIGHEST SLP M ON M
DPTR FM NORMAL     M    LOWEST  SLP M ON M

[REMARKS]
