000
CXUS54 KEWX 220910
CF6UVA
PRELIMINARY LOCAL CLIMATOLOGICAL DATA (WS FORM: F-6)

                                          STATION:   UVALDE
                                          MONTH:     SEPTEMBER
                                          YEAR:      2018
                                          LATITUDE:   29 12 N
                                          LONGITUDE:  99 44 W

  TEMPERATURE IN F:       :PCPN:    SNOW:  WIND      :SUNSHINE: SKY     :PK WND
================================================================================
1   2   3   4   5  6A  6B    7    8   9   10  11  12  13   14  15   16   17  18
                                     12Z  AVG MX 2MIN
DY MAX MIN AVG DEP HDD CDD  WTR  SNW DPTH SPD SPD DIR MIN PSBL S-S WX    SPD DR
================================================================================

 1  98  72  85   M   0  20 0.00    M    M  8.0 15 140   M    M   2        20 120
 2  98  72  85   M   0  20 0.07    M    M  5.4 12 110   M    M   4 3      16 120
 3  89  71  80   M   0  15 1.16    M    M  5.8 10  60   M    M   7 3       M  M
 4  85  71  78   M   0  13 3.36    M    M  6.0 17  60   M    M   6 3      30  60
 5  91  74  83   M   0  18 0.08    M    M  4.6 14  40   M    M   6 3       M  M
 6  87  73  80   M   0  15 0.53    M    M  4.7 15 100   M    M   6 3      27 100
 7  85  73  79   M   0  14 0.50    M    M  3.2 14 150   M    M   6 13     22 150
 8  75  71  73   M   0   8 1.72    M    M  3.6  9 260   M    M   8 3       M  M
 9  75  71  73   M   0   8 0.15    M    M  3.5  8  50   M    M  10 3       M  M
10  75  69  72   M   0   7 1.62    M    M  8.1 13  50   M    M  10         M  M
11  84  69  77   M   0  12 0.00    M    M  5.0  9  50   M    M   7         M  M
12  85  70  78   M   0  13 0.00    M    M  5.4  9 130   M    M   7 1       M  M
13  87  71  79   M   0  14 0.00    M    M  5.0 10  80   M    M   5        18  80
14  84  72  78   M   0  13 0.43    M    M  7.0 14  60   M    M   8        20  60
15  78  72  75   M   0  10 2.00    M    M 10.3 17  50   M    M   9        23  50
16  83  71  77   M   0  12 1.33    M    M  9.6 16 130   M    M   8 1      21  80
17  88  71  80   M   0  15 0.11    M    M  6.5 12 160   M    M   7 13     16 120
18  88  73  81   M   0  16 0.00    M    M  6.4  9 180   M    M   5 1       M  M
19  88  73  81   M   0  16 0.00    M    M  6.3 12 130   M    M   4 1       M  M
20  85  75  80   M   0  15 0.00    M    M  7.7 14 160   M    M   5        17 150
21  88  74  81   M   0  16 0.14    M    M  7.3 13 140   M    M   7 3      17 140
================================================================================
SM 1796 1508         0 290 13.20    M    129.4          M      137
================================================================================
AV 85.5 71.8                               6.2 FASTST   M    M   7    MAX(MPH)
                                 MISC ---->  # 17  60               # 30   60
================================================================================
NOTES:
# LAST OF SEVERAL OCCURRENCES

COLUMN 17 PEAK WIND IN M.P.H.

PRELIMINARY LOCAL CLIMATOLOGICAL DATA (WS FORM: F-6) , PAGE 2

                                          STATION:  UVALDE
                                          MONTH:    SEPTEMBER
                                          YEAR:     2018
                                          LATITUDE:   29 12 N
                                          LONGITUDE:  99 44 W

[TEMPERATURE DATA]      [PRECIPITATION DATA]       SYMBOLS USED IN COLUMN 16

AVERAGE MONTHLY: 78.7   TOTAL FOR MONTH:  13.20    1 = FOG OR MIST
DPTR FM NORMAL:     M   DPTR FM NORMAL:       M    2 = FOG REDUCING VISIBILITY
HIGHEST:    98 ON  2, 1 GRTST 24HR  3.36 ON  4- 4      TO 1/4 MILE OR LESS
LOWEST:     69 ON 11,10                            3 = THUNDER
                        SNOW, ICE PELLETS, HAIL    4 = ICE PELLETS
                        TOTAL MONTH:    M          5 = HAIL
                        GRTST 24HR    M  ON   M    6 = FREEZING RAIN OR DRIZZLE
                        GRTST DEPTH:  M  ON   M    7 = DUSTSTORM OR SANDSTORM:
                                                       VSBY 1/2 MILE OR LESS
                                                   8 = SMOKE OR HAZE
[NO. OF DAYS WITH]      [WEATHER - DAYS WITH]      9 = BLOWING SNOW
                                                   X = TORNADO
MAX 32 OR BELOW:   0    0.01 INCH OR MORE:  14
MAX 90 OR ABOVE:   3    0.10 INCH OR MORE:  12
MIN 32 OR BELOW:   0    0.50 INCH OR MORE:   8
MIN  0 OR BELOW:   0    1.00 INCH OR MORE:   6

[HDD (BASE 65) ]
TOTAL THIS MO.     0    CLEAR  (SCALE 0-3)   1
DPTR FM NORMAL     M    PTCLDY (SCALE 4-7)  17
TOTAL FM JUL 1     0    CLOUDY (SCALE 8-10)  3
DPTR FM NORMAL     M

[CDD (BASE 65) ]
TOTAL THIS MO.   290
DPTR FM NORMAL     M    [PRESSURE DATA]
TOTAL FM JAN 1  2905    HIGHEST SLP M ON M
DPTR FM NORMAL     M    LOWEST  SLP M ON M

[REMARKS]
