000
CXUS54 KEWX 251010
CF6UVA
PRELIMINARY LOCAL CLIMATOLOGICAL DATA (WS FORM: F-6)

                                          STATION:   UVALDE
                                          MONTH:     FEBRUARY
                                          YEAR:      2020
                                          LATITUDE:   29 12 N
                                          LONGITUDE:  99 44 W

  TEMPERATURE IN F:       :PCPN:    SNOW:  WIND      :SUNSHINE: SKY     :PK WND
================================================================================
1   2   3   4   5  6A  6B    7    8   9   10  11  12  13   14  15   16   17  18
                                     12Z  AVG MX 2MIN
DY MAX MIN AVG DEP HDD CDD  WTR  SNW DPTH SPD SPD DIR MIN PSBL S-S WX    SPD DR
================================================================================

 1  71  35  53   M  12   0 0.00    M    M  6.3 13 270   M    M   0 1      16 260
 2  76  33  55   M  10   0 0.00    M    M  3.5 13 160   M    M   0         M  M
 3  67  50  59   M   6   0 0.04    M    M  6.9 10  80   M    M   1         M  M
 4  80  52  66   M   0   1 0.00    M    M  6.2 15  70   M    M   4 1      27  60
 5  56  35  46   M  19   0 0.00    M    M 12.7 18 340   M    M   7        27 350
 6  60  25  43   M  22   0 0.00    M    M  8.3 23 290   M    M   1        35 290
 7  75  29  52   M  13   0 0.00    M    M  2.7 10  70   M    M   0         M  M
 8  70  46  58   M   7   0 0.00    M    M 11.1 18 140   M    M   3        25 140
 9  83  63  73   M   0   8 0.00    M    M  8.6 14 140   M    M   6 1      17 140
10  74  55  65   M   0   0 0.00    M    M  6.7 14  10   M    M   9 1      20 360
11  56  44  50   M  15   0 0.08    M    M  7.4 15 350   M    M  10 1      18  70
12  67  44  56   M   9   0 0.07    M    M  6.9 14 300   M    M   4        18 300
13  64  35  50   M  15   0 0.00    M    M  5.9 10  90   M    M   0         M  M
14  59  32  46   M  19   0 0.00    M    M  7.9 12 130   M    M   0         M  M
15  62  39  51   M  14   0 0.00    M    M  4.0  8 160   M    M   6         M  M
16  74  46  60   M   5   0 0.00    M    M  3.7  6  70   M    M   3 12      M  M
17  84  53  69   M   0   4 0.00    M    M  5.2 10 160   M    M   3 1       M  M
18  71  54  63   M   2   0 0.00    M    M  9.0 22  10   M    M   7 1      25  10
19  55  50  53   M  12   0 0.00    M    M  5.4  9  90   M    M  10 1       M  M
20  51  48  50   M  15   0 0.00    M    M  7.9 15  20   M    M  10 1      22  20
21  55  37  46   M  19   0 0.00    M    M  4.5  9  50   M    M   9         M  M
22  65  39  52   M  13   0 0.00    M    M  7.9 15 150   M    M   2        21 150
23  72  55  64   M   1   0 0.00    M    M  6.5 12 140   M    M   6        16 150
24  74  47  61   M   4   0 0.00    M    M  5.9 14 330   M    M   2 1      20 330
================================================================================
SM 1621 1046       232  13  0.19    M    161.1          M      103
================================================================================
AV 67.5 43.6                               6.7 FASTST   M    M   4    MAX(MPH)
                                 MISC ---->  # 23 290               # 35  290
================================================================================
NOTES:
# LAST OF SEVERAL OCCURRENCES

COLUMN 17 PEAK WIND IN M.P.H.

PRELIMINARY LOCAL CLIMATOLOGICAL DATA (WS FORM: F-6) , PAGE 2

                                          STATION:  UVALDE
                                          MONTH:    FEBRUARY
                                          YEAR:     2020
                                          LATITUDE:   29 12 N
                                          LONGITUDE:  99 44 W

[TEMPERATURE DATA]      [PRECIPITATION DATA]       SYMBOLS USED IN COLUMN 16

AVERAGE MONTHLY: 55.6   TOTAL FOR MONTH:   0.19    1 = FOG OR MIST
DPTR FM NORMAL:     M   DPTR FM NORMAL:       M    2 = FOG REDUCING VISIBILITY
HIGHEST:    84 ON 17    GRTST 24HR  0.08 ON 11-11      TO 1/4 MILE OR LESS
LOWEST:     25 ON  6                               3 = THUNDER
                        SNOW, ICE PELLETS, HAIL    4 = ICE PELLETS
                        TOTAL MONTH:    M          5 = HAIL
                        GRTST 24HR    M  ON   M    6 = FREEZING RAIN OR DRIZZLE
                        GRTST DEPTH:  M  ON   M    7 = DUSTSTORM OR SANDSTORM:
                                                       VSBY 1/2 MILE OR LESS
                                                   8 = SMOKE OR HAZE
[NO. OF DAYS WITH]      [WEATHER - DAYS WITH]      9 = BLOWING SNOW
                                                   X = TORNADO
MAX 32 OR BELOW:   0    0.01 INCH OR MORE:   3
MAX 90 OR ABOVE:   0    0.10 INCH OR MORE:   0
MIN 32 OR BELOW:   3    0.50 INCH OR MORE:   0
MIN  0 OR BELOW:   0    1.00 INCH OR MORE:   0

[HDD (BASE 65) ]
TOTAL THIS MO.   232    CLEAR  (SCALE 0-3)  10
DPTR FM NORMAL     M    PTCLDY (SCALE 4-7)   9
TOTAL FM JUL 1  1133    CLOUDY (SCALE 8-10)  5
DPTR FM NORMAL     M

[CDD (BASE 65) ]
TOTAL THIS MO.    13
DPTR FM NORMAL     M    [PRESSURE DATA]
TOTAL FM JAN 1    27    HIGHEST SLP M ON M
DPTR FM NORMAL     M    LOWEST  SLP M ON M

[REMARKS]
