000
CXUS54 KCRP 161300
CF6VCT
PRELIMINARY LOCAL CLIMATOLOGICAL DATA (WS FORM: F-6)

                                          STATION:   VICTORIA
                                          MONTH:     OCTOBER
                                          YEAR:      2019
                                          LATITUDE:   28 51 N
                                          LONGITUDE:  96 55 W

  TEMPERATURE IN F:       :PCPN:    SNOW:  WIND      :SUNSHINE: SKY     :PK WND
================================================================================
1   2   3   4   5  6A  6B    7    8   9   10  11  12  13   14  15   16   17  18
                                     12Z  AVG MX 2MIN
DY MAX MIN AVG DEP HDD CDD  WTR  SNW DPTH SPD SPD DIR MIN PSBL S-S WX    SPD DR
================================================================================

 1  91  74  83   7   0  18 0.00  0.0    0  8.8 21 130   M    M   2 1      25 130
 2  92  74  83   7   0  18 0.00  0.0    0  7.9 18 140   M    M   1 1      24 140
 3  94  71  83   7   0  18 0.00  0.0    0  7.2 20 140   M    M   2 1      24 140
 4  91  71  81   6   0  16 0.04  0.0    0  5.9 17 140   M    M   2 18     20 130
 5  95  68  82   7   0  17 0.00  0.0    0  4.6 12 180   M    M   2 1      16 170
 6  94  69  82   7   0  17 0.00  0.0    0  5.0 16 140   M    M   2 128    21  70
 7  91  68  80   6   0  15 0.00  0.0    0  9.2 18 340   M    M   1 1      28 360
 8  90  67  79   5   0  14 0.00  0.0    0  5.4 12  30   M    M   5 1      13  30
 9  93  68  81   7   0  16 0.00  0.0    0 10.0 21 160   M    M   2 18     25 150
10  94  75  85  11   0  20 0.00  0.0    0 12.6 24 160   M    M   2        31 170
11  79  54  67  -7   0   2 0.36  0.0    0 14.7 30  10   M    M   7 1      38 340
12  77  57  67  -6   0   2 0.00  0.0    0  9.9 22  20   M    M   6        29  10
13  87  57  72  -1   0   7 0.00  0.0    0  5.2 12 140   M    M   7        15 130
14  95  73  84  11   0  19 0.01  0.0    0  7.9 20 160   M    M   4 1      24 150
15  95  76  86  14   0  21 0.00  0.0    0  9.2 18 170   M    M   2 1      23 170
================================================================================
SM 1358 1022         0 220  0.41     0.0 123.5          M       47
================================================================================
AV 90.5 68.1                               8.2 FASTST   M    M   3    MAX(MPH)
                                 MISC ---->  # 30  10               # 38  340
================================================================================
NOTES:
# LAST OF SEVERAL OCCURRENCES

COLUMN 17 PEAK WIND IN M.P.H.

PRELIMINARY LOCAL CLIMATOLOGICAL DATA (WS FORM: F-6) , PAGE 2

                                          STATION:  VICTORIA
                                          MONTH:    OCTOBER
                                          YEAR:     2019
                                          LATITUDE:   28 51 N
                                          LONGITUDE:  96 55 W

[TEMPERATURE DATA]      [PRECIPITATION DATA]       SYMBOLS USED IN COLUMN 16

AVERAGE MONTHLY: 79.3   TOTAL FOR MONTH:   0.41    1 = FOG OR MIST
DPTR FM NORMAL:   5.1   DPTR FM NORMAL:   -1.80    2 = FOG REDUCING VISIBILITY
HIGHEST:    95 ON 15,14 GRTST 24HR  0.36 ON 11-11      TO 1/4 MILE OR LESS
LOWEST:     54 ON 11                               3 = THUNDER
                        SNOW, ICE PELLETS, HAIL    4 = ICE PELLETS
                        TOTAL MONTH:   0.0 INCH    5 = HAIL
                        GRTST 24HR     0.0         6 = FREEZING RAIN OR DRIZZLE
                        GRTST DEPTH:   0           7 = DUSTSTORM OR SANDSTORM:
                                                       VSBY 1/2 MILE OR LESS
                                                   8 = SMOKE OR HAZE
[NO. OF DAYS WITH]      [WEATHER - DAYS WITH]      9 = BLOWING SNOW
                                                   X = TORNADO
MAX 32 OR BELOW:   0    0.01 INCH OR MORE:   3
MAX 90 OR ABOVE:  12    0.10 INCH OR MORE:   1
MIN 32 OR BELOW:   0    0.50 INCH OR MORE:   0
MIN  0 OR BELOW:   0    1.00 INCH OR MORE:   0

[HDD (BASE 65) ]
TOTAL THIS MO.     0    CLEAR  (SCALE 0-3)  10
DPTR FM NORMAL     0    PTCLDY (SCALE 4-7)   5
TOTAL FM JUL 1     0    CLOUDY (SCALE 8-10)  0
DPTR FM NORMAL    -1

[CDD (BASE 65) ]
TOTAL THIS MO.   220
DPTR FM NORMAL    78    [PRESSURE DATA]
TOTAL FM JAN 1  3485    HIGHEST SLP M ON M
DPTR FM NORMAL   545    LOWEST  SLP 29.75 ON 10

[REMARKS]
