000
CXUS53 KSGF 221339
CF6VIH
PRELIMINARY LOCAL CLIMATOLOGICAL DATA (WS FORM: F-6)

                                          STATION:   VICHY-ROLLA MO
                                          MONTH:     OCTOBER
                                          YEAR:      2019
                                          LATITUDE:   38  7 N
                                          LONGITUDE:  91 46 W

  TEMPERATURE IN F:       :PCPN:    SNOW:  WIND      :SUNSHINE: SKY     :PK WND
================================================================================
1   2   3   4   5  6A  6B    7    8   9   10  11  12  13   14  15   16   17  18
                                     12Z  AVG MX 2MIN
DY MAX MIN AVG DEP HDD CDD  WTR  SNW DPTH SPD SPD DIR MIN PSBL S-S WX    SPD DR
================================================================================

 1  90  72  81  20   0  16 0.00    M    M  9.4 17 200   M    M   0        24 230
 2  90  68  79  18   0  14 0.00    M    M  9.0 16 220   M    M   0        22 250
 3  73  52  63   2   2   0 0.00    M    M  8.7 16 290   M    M   5        23 310
 4  68  50  59  -1   6   0    T    M    M  8.1 14  50   M    M   2        20  50
 5  82  53  68   8   0   3 0.07    M    M  8.2 18 300   M    M   3 138    26 300
 6  66  52  59  -1   6   0 0.02    M    M  7.9 14  20   M    M  10 1      19  10
 7  71  44  58  -1   7   0 0.00    M    M  3.8 10 360   M    M   0 18     15 350
 8  73  42  58  -1   7   0 0.00    M    M  4.2 10 130   M    M   0 18     16 140
 9  75  47  61   2   4   0 0.00    M    M  8.2 14 130   M    M   1        21 130
10  71  62  67   9   0   2 1.10    M    M  8.6 18 130   M    M   8 13     25 110
11  67  32  50  -8  15   0 0.42    M    M 11.5 21 290   M    M   6 1      34 270
12  61  30  46 -12  19   0 0.00    M    M 10.5 18 200   M    M   0        24 200
13  70  41  56  -2   9   0 0.00    M    M  8.7 15 270   M    M   0 8      23 270
14  74  38  56  -1   9   0 0.00    M    M  6.4 16 170   M    M   0        22 190
15  72  46  59   2   6   0 0.02    M    M 11.4 18 320   M    M   6 18     26 330
16  52  34  43 -14  22   0 0.00    M    M  7.5 17 310   M    M   3        25 320
17  63  33  48  -8  17   0 0.00    M    M  5.8 12 210   M    M   0        14 210
18  68  42  55  -1  10   0 0.00    M    M 10.8 18 160   M    M   0        24 150
19  66  47  57   1   8   0 0.14    M    M  7.3 15 290   M    M   5 12     20 170
20  68  41  55   0  10   0 0.00    M    M  6.3 16 110   M    M   6 12     22 110
21  64  49  57   2   8   0 0.88    M    M 14.8 33 260   M    M   5 13     45 260
================================================================================
SM 1484  975       165  35  2.65    M    177.1          M       60
================================================================================
AV 70.7 46.4                               8.4 FASTST   M    M   3    MAX(MPH)
                                 MISC ---->  # 33 260               # 45  260
================================================================================
NOTES:
# LAST OF SEVERAL OCCURRENCES

COLUMN 17 PEAK WIND IN M.P.H.

PRELIMINARY LOCAL CLIMATOLOGICAL DATA (WS FORM: F-6) , PAGE 2

                                          STATION:  VICHY-ROLLA MO
                                          MONTH:    OCTOBER
                                          YEAR:     2019
                                          LATITUDE:   38  7 N
                                          LONGITUDE:  91 46 W

[TEMPERATURE DATA]      [PRECIPITATION DATA]       SYMBOLS USED IN COLUMN 16

AVERAGE MONTHLY: 58.6   TOTAL FOR MONTH:   2.65    1 = FOG OR MIST
DPTR FM NORMAL:   0.4   DPTR FM NORMAL:    0.30    2 = FOG REDUCING VISIBILITY
HIGHEST:    90 ON  2, 1 GRTST 24HR  1.10 ON 10-10      TO 1/4 MILE OR LESS
LOWEST:     30 ON 12                               3 = THUNDER
                        SNOW, ICE PELLETS, HAIL    4 = ICE PELLETS
                        TOTAL MONTH:    M          5 = HAIL
                        GRTST 24HR    M  ON   M    6 = FREEZING RAIN OR DRIZZLE
                        GRTST DEPTH:  M  ON   M    7 = DUSTSTORM OR SANDSTORM:
                                                       VSBY 1/2 MILE OR LESS
                                                   8 = SMOKE OR HAZE
[NO. OF DAYS WITH]      [WEATHER - DAYS WITH]      9 = BLOWING SNOW
                                                   X = TORNADO
MAX 32 OR BELOW:   0    0.01 INCH OR MORE:   7
MAX 90 OR ABOVE:   2    0.10 INCH OR MORE:   4
MIN 32 OR BELOW:   2    0.50 INCH OR MORE:   2
MIN  0 OR BELOW:   0    1.00 INCH OR MORE:   1

[HDD (BASE 65) ]
TOTAL THIS MO.   165    CLEAR  (SCALE 0-3)  12
DPTR FM NORMAL     1    PTCLDY (SCALE 4-7)   8
TOTAL FM JUL 1   166    CLOUDY (SCALE 8-10)  1
DPTR FM NORMAL   -62

[CDD (BASE 65) ]
TOTAL THIS MO.    35
DPTR FM NORMAL    11    [PRESSURE DATA]
TOTAL FM JAN 1  1362    HIGHEST SLP M ON M
DPTR FM NORMAL   120    LOWEST  SLP 29.46 ON 20

[REMARKS]
