000
CXUS52 KTAE 270800
CF6VLD
PRELIMINARY LOCAL CLIMATOLOGICAL DATA (WS FORM: F-6)

                                          STATION:   VALDOSTA
                                          MONTH:     MAY
                                          YEAR:      2020
                                          LATITUDE:   30 46 N
                                          LONGITUDE:  83 17 W

  TEMPERATURE IN F:       :PCPN:    SNOW:  WIND      :SUNSHINE: SKY     :PK WND
================================================================================
1   2   3   4   5  6A  6B    7    8   9   10  11  12  13   14  15   16   17  18
                                     12Z  AVG MX 2MIN
DY MAX MIN AVG DEP HDD CDD  WTR  SNW DPTH SPD SPD DIR MIN PSBL S-S WX    SPD DR
================================================================================

 1  80  49  65  -5   0   0 0.00  0.0    0  1.8 14 350   M    M   0 1      23 360
 2  85  49  67  -3   0   2 0.00  0.0    0  0.8  8 180   M    M   0 1      10 190
 3  86  53  70   0   0   5 0.00  0.0    0  2.7 10 200   M    M   0        15 180
 4  88  56  72   1   0   7 0.00  0.0    0  2.2  9 210   M    M   1 1      13 300
 5  90  62  76   5   0  11 0.00  0.0    0  4.0 13 200   M    M   2 1      21   0
 6  84  61  73   2   0   8 0.00  0.0    0  5.1 22  10   M    M   3 1      26  10
 7  73  48  61 -11   4   0 0.00  0.0    0  5.9 22 360   M    M   0        31  10
 8  79  45  62 -10   3   0    T    M    0  6.2 17 180   M    M   1        24 200
 9  78  62  70  -2   0   5 0.00  0.0    0  8.0 18 360   M    M   2        23  20
10  81  55  68  -4   0   3 0.00  0.0    0  3.3 10  40   M    M   3        14 150
11  84  53  69  -4   0   4 0.00  0.0    0  4.1 16  10   M    M   0 1      24 360
12  81  46  64  -9   1   0 0.00  0.0    0  4.4 14  10   M    M   0        22 350
13  87  53  70  -3   0   5 0.00  0.0    0  6.1 15 140   M    M   1 1      20 140
14  86  59  73   0   0   8 0.00  0.0    0  7.3 17 140   M    M   2        23 120
15  89  62  76   2   0  11 0.00  0.0    0  6.2 13 100   M    M   1        19 100
16  90  62  76   2   0  11 0.00  0.0    0  5.3 13 120   M    M   2        17 100
17  91  64  78   4   0  13 0.53  0.0    0  2.7 14 360   M    M   2 12     19 360
18  86  70  78   4   0  13 0.01  0.0    0  7.1 16 180   M    M   4 1      23 180
19  89  68  79   4   0  14    T  0.0    0  3.5 10 180   M    M   4        17   0
20  79  65  72  -3   0   7 0.36  0.0    0  2.5  9 190   M    M   5 13     13 190
21  88  67  78   3   0  13 0.16  0.0    0  2.1  8 360   M    M   6 138    14 360
22  93  65  79   4   0  14 0.00  0.0    0  4.6 22 360   M    M   2 1      29 360
23  94  67  81   5   0  16 0.82  0.0    0  4.8 21  80   M    M   2 13     26  60
24  88  65  77   1   0  12 0.00  0.0    0  4.3 12  60   M    M   1 1      16  50
25  84  72  78   2   0  13 0.01  0.0    0  7.4 16 120   M    M   4 1      23  80
26  86  71  79   3   0  14 0.01  0.0    0  8.6 21  70   M    M  10 1      30  40
================================================================================
SM 2219 1549         8 209  1.90     0.0 121.0          M       58
================================================================================
AV 85.4 59.6                               4.7 FASTST   M    M   2    MAX(MPH)
                                 MISC ---->  # 22  10               # 31   10
================================================================================
NOTES:
# LAST OF SEVERAL OCCURRENCES

COLUMN 17 PEAK WIND IN M.P.H.

PRELIMINARY LOCAL CLIMATOLOGICAL DATA (WS FORM: F-6) , PAGE 2

                                          STATION:  VALDOSTA
                                          MONTH:    MAY
                                          YEAR:     2020
                                          LATITUDE:   30 46 N
                                          LONGITUDE:  83 17 W

[TEMPERATURE DATA]      [PRECIPITATION DATA]       SYMBOLS USED IN COLUMN 16

AVERAGE MONTHLY: 72.5   TOTAL FOR MONTH:   1.90    1 = FOG OR MIST
DPTR FM NORMAL:  -0.7   DPTR FM NORMAL:    0.10    2 = FOG REDUCING VISIBILITY
HIGHEST:    94 ON 23    GRTST 24HR  0.82 ON 23-23      TO 1/4 MILE OR LESS
LOWEST:     45 ON  8                               3 = THUNDER
                        SNOW, ICE PELLETS, HAIL    4 = ICE PELLETS
                        TOTAL MONTH:   0.0 INCH    5 = HAIL
                        GRTST 24HR     0.0         6 = FREEZING RAIN OR DRIZZLE
                        GRTST DEPTH:   0           7 = DUSTSTORM OR SANDSTORM:
                                                       VSBY 1/2 MILE OR LESS
                                                   8 = SMOKE OR HAZE
[NO. OF DAYS WITH]      [WEATHER - DAYS WITH]      9 = BLOWING SNOW
                                                   X = TORNADO
MAX 32 OR BELOW:   0    0.01 INCH OR MORE:   7
MAX 90 OR ABOVE:   5    0.10 INCH OR MORE:   4
MIN 32 OR BELOW:   0    0.50 INCH OR MORE:   2
MIN  0 OR BELOW:   0    1.00 INCH OR MORE:   0

[HDD (BASE 65) ]
TOTAL THIS MO.     8    CLEAR  (SCALE 0-3)  20
DPTR FM NORMAL     6    PTCLDY (SCALE 4-7)   5
TOTAL FM JUL 1  1155    CLOUDY (SCALE 8-10)  1
DPTR FM NORMAL  -479

[CDD (BASE 65) ]
TOTAL THIS MO.   209
DPTR FM NORMAL   -10    [PRESSURE DATA]
TOTAL FM JAN 1   629    HIGHEST SLP M ON M
DPTR FM NORMAL   275    LOWEST  SLP 29.77 ON M

[REMARKS]
