000
CXUS52 KFFC 181110
CF6VPC
PRELIMINARY LOCAL CLIMATOLOGICAL DATA (WS FORM: F-6)

                                          STATION:   CARTERSVILLE
                                          MONTH:     OCTOBER
                                          YEAR:      2018
                                          LATITUDE:   34  7 N
                                          LONGITUDE:  84 51 W

  TEMPERATURE IN F:       :PCPN:    SNOW:  WIND      :SUNSHINE: SKY     :PK WND
================================================================================
1   2   3   4   5  6A  6B    7    8   9   10  11  12  13   14  15   16   17  18
                                     12Z  AVG MX 2MIN
DY MAX MIN AVG DEP HDD CDD  WTR  SNW DPTH SPD SPD DIR MIN PSBL S-S WX    SPD DR
================================================================================

 1  86  65  76  11   0  11 0.00  0.0    0  1.8 10 140   M    M   3        14 140
 2  86  63  75  10   0  10 0.00  0.0    0  1.5  8 110   M    M   1        10  20
 3  88  63  76  11   0  11 0.00  0.0    0  1.0  6 160   M    M   0 1       9 100
 4  90  62  76  12   0  11 0.00  0.0    0  1.0 10 360   M    M   1 1      14  10
 5  92  63  78  14   0  13 0.00  0.0    0  0.8 10 350   M    M   1 1      17  20
 6  91  64  78  14   0  13 0.00  0.0    0  0.9  7 180   M    M   1 1       8  20
 7  89  66  78  15   0  13 0.00  0.0    0  2.9 10  80   M    M   1        15  70
 8  87  66  77  14   0  12 0.00  0.0    0  5.1 14 130   M    M   2        20 120
 9  78  70  74  11   0   9 0.04  0.0    0  6.7 15 110   M    M   9 18     24 110
10  85  69  77  15   0  12 2.90  0.0    0  6.4 17 360   M    M   9 18     24  20
11  79  56  68   6   0   3 0.99  0.0    0  3.7 16 360   M    M   5 1      22 350
12  72  49  61  -1   4   0 0.00  0.0    0  3.2 15  10   M    M   0        19  10
13  71  51  61   0   4   0 0.00  0.0    0  2.2 12  10   M    M   2        16 360
14  81  54  68   7   0   3 0.00  0.0    0  5.0 12 150   M    M   3        17 100
15  81  60  71  10   0   6 0.00  0.0    0  1.4  9 160   M    M   4 1      12 130
16  70  62  66   6   0   1 0.09  0.0    0  1.8 13  10   M    M   9 1      17  10
17  71  56  64   4   1   0    T  0.0    0  2.5  9 340   M    M   6        16  10
================================================================================
SM 1397 1039         9 128  4.02     0.0  47.9          M       57
================================================================================
AV 82.2 61.1                               2.8 FASTST   M    M   3    MAX(MPH)
                                 MISC ---->  # 17 360               # 24  110
================================================================================
NOTES:
# LAST OF SEVERAL OCCURRENCES

COLUMN 17 PEAK WIND IN M.P.H.

PRELIMINARY LOCAL CLIMATOLOGICAL DATA (WS FORM: F-6) , PAGE 2

                                          STATION:  CARTERSVILLE
                                          MONTH:    OCTOBER
                                          YEAR:     2018
                                          LATITUDE:   34  7 N
                                          LONGITUDE:  84 51 W

[TEMPERATURE DATA]      [PRECIPITATION DATA]       SYMBOLS USED IN COLUMN 16

AVERAGE MONTHLY: 71.7   TOTAL FOR MONTH:   4.02    1 = FOG OR MIST
DPTR FM NORMAL:   9.0   DPTR FM NORMAL:    2.08    2 = FOG REDUCING VISIBILITY
HIGHEST:    92 ON  5    GRTST 24HR  2.90 ON 10-10      TO 1/4 MILE OR LESS
LOWEST:     49 ON 12                               3 = THUNDER
                        SNOW, ICE PELLETS, HAIL    4 = ICE PELLETS
                        TOTAL MONTH:   0.0 INCH    5 = HAIL
                        GRTST 24HR     0.0         6 = FREEZING RAIN OR DRIZZLE
                        GRTST DEPTH:   0           7 = DUSTSTORM OR SANDSTORM:
                                                       VSBY 1/2 MILE OR LESS
                                                   8 = SMOKE OR HAZE
[NO. OF DAYS WITH]      [WEATHER - DAYS WITH]      9 = BLOWING SNOW
                                                   X = TORNADO
MAX 32 OR BELOW:   0    0.01 INCH OR MORE:   4
MAX 90 OR ABOVE:   3    0.10 INCH OR MORE:   2
MIN 32 OR BELOW:   0    0.50 INCH OR MORE:   2
MIN  0 OR BELOW:   0    1.00 INCH OR MORE:   1

[HDD (BASE 65) ]
TOTAL THIS MO.     9    CLEAR  (SCALE 0-3)  10
DPTR FM NORMAL   -58    PTCLDY (SCALE 4-7)   4
TOTAL FM JUL 1     9    CLOUDY (SCALE 8-10)  3
DPTR FM NORMAL   -76

[CDD (BASE 65) ]
TOTAL THIS MO.   128
DPTR FM NORMAL   101    [PRESSURE DATA]
TOTAL FM JAN 1  2022    HIGHEST SLP M ON M
DPTR FM NORMAL   523    LOWEST  SLP 29.30 ON 11

[REMARKS]
