000
CXUS52 KFFC 291010
CF6VPC
PRELIMINARY LOCAL CLIMATOLOGICAL DATA (WS FORM: F-6)

                                          STATION:   CARTERSVILLE
                                          MONTH:     MAY
                                          YEAR:      2020
                                          LATITUDE:   34  7 N
                                          LONGITUDE:  84 51 W

  TEMPERATURE IN F:       :PCPN:    SNOW:  WIND      :SUNSHINE: SKY     :PK WND
================================================================================
1   2   3   4   5  6A  6B    7    8   9   10  11  12  13   14  15   16   17  18
                                     12Z  AVG MX 2MIN
DY MAX MIN AVG DEP HDD CDD  WTR  SNW DPTH SPD SPD DIR MIN PSBL S-S WX    SPD DR
================================================================================

 1  76  43  60  -3   5   0 0.00  0.0    0  2.1 10 350   M    M   0        18 340
 2  84  43  64   0   1   0 0.00  0.0    0  1.3  9 180   M    M   0        12 210
 3  87  50  69   5   0   4 0.00  0.0    0  2.0  9 200   M    M   0        16 190
 4  85  57  71   7   0   6 0.00  0.0    0  1.0  8  10   M    M   1        12 350
 5  83  60  72   7   0   7 0.05  0.0    0  2.8 10 200   M    M   4 3      19 320
 6  71  44  58  -7   7   0    T    M    0  3.3 14 340   M    M   2        26 330
 7  70  39  55 -10  10   0 0.00  0.0    0  1.6 14  10   M    M   0 8      18  30
 8  63  43  53 -12  12   0 0.43    M    0  2.3 12 340   M    M   7 1      21 350
 9  63  39  51 -15  14   0 0.00  0.0    0  5.1 16  10   M    M   0        22  10
10  73  34  54 -12  11   0 0.00  0.0    0  1.1  8 340   M    M   0 18     13 200
11  69  43  56 -10   9   0 0.00  0.0    0  3.7 16  10   M    M   0        22  10
12  72  40  56 -11   9   0 0.00  0.0    0  2.6 10  20   M    M   3        14  10
13  76  48  62  -5   3   0 0.00  0.0    0  2.9 10 150   M    M   0        15 160
14  83  61  72   5   0   7 0.00  0.0    0  5.9 14 160   M    M   3        18 150
15  83  60  72   5   0   7 0.00  0.0    0  4.5 13 180   M    M   1        17 160
16  86  55  71   3   0   6 0.00  0.0    0  2.5 12 140   M    M   1        16 130
17  87  59  73   5   0   8 0.50  0.0    0  4.4 15 170   M    M   3 13     21 140
18  83  65  74   6   0   9 0.16  0.0    0  4.6 22 180   M    M   6 1      28 170
19  75  61  68  -1   0   3 0.15  0.0    0  1.1  7 210   M    M   8 1      13 230
20  67  58  63  -6   2   0 0.00  0.0    0  6.4 12  90   M    M  10        18 100
21  76  57  67  -2   0   2    T  0.0    0  2.1  8 150   M    M   8        12 130
22  82  63  73   4   0   8 0.05  0.0    0  3.3 14 210   M    M   5 3      23 230
23  87  61  74   4   0   9    T  0.0    0  1.7  9 150   M    M   3 13     12 280
24  90  66  78   8   0  13 0.01  0.0    0  2.0 14 170   M    M   1 3      18 150
25  87  69  78   8   0  13 0.37    M    M  5.3 24 150   M    M   3 138    32 140
26  79  69  74   4   0   9 0.01  0.0    M  4.6 14 130   M    M   7        20 130
27  76  65  71   0   0   6 0.69  0.0    M  4.9 14 100   M    M  10 18     20 100
28  87  65  76   5   0  11 0.03    M    M  2.3 12 180   M    M   6 1      16 200
================================================================================
SM 2200 1517        83 128  2.45  0.0     87.4          M       92
================================================================================
AV 78.6 54.2                               3.1 FASTST   M    M   3    MAX(MPH)
                                 MISC ---->    24 150                 32 140
================================================================================
NOTES:
# LAST OF SEVERAL OCCURRENCES

COLUMN 17 PEAK WIND IN M.P.H.

PRELIMINARY LOCAL CLIMATOLOGICAL DATA (WS FORM: F-6) , PAGE 2

                                          STATION:   CARTERSVILLE
                                          MONTH:     MAY
                                          YEAR:      2020
                                          LATITUDE:   34  7 N
                                          LONGITUDE:  84 51 W

[TEMPERATURE DATA]      [PRECIPITATION DATA]       SYMBOLS USED IN COLUMN 16

AVERAGE MONTHLY: 66.4   TOTAL FOR MONTH:   2.45    1 = FOG OR MIST
DPTR FM NORMAL:  -0.9   DPTR FM NORMAL:   -1.19    2 = FOG REDUCING VISIBILITY
HIGHEST:    90 ON 24    GRTST 24HR  0.72 ON 27-28      TO 1/4 MILE OR LESS
LOWEST:     34 ON 10                               3 = THUNDER
                        SNOW, ICE PELLETS, HAIL    4 = ICE PELLETS
                        TOTAL MONTH:   0.0 INCH    5 = HAIL
                        GRTST 24HR  0.0            6 = FREEZING RAIN OR DRIZZLE
                        GRTST DEPTH:  0            7 = DUSTSTORM OR SANDSTORM:
                                                       VSBY 1/2 MILE OR LESS
                                                   8 = SMOKE OR HAZE
[NO. OF DAYS WITH]      [WEATHER - DAYS WITH]      9 = BLOWING SNOW
                                                   X = TORNADO
MAX 32 OR BELOW:   0    0.01 INCH OR MORE:  11
MAX 90 OR ABOVE:   1    0.10 INCH OR MORE:   6
MIN 32 OR BELOW:   0    0.50 INCH OR MORE:   2
MIN  0 OR BELOW:   0    1.00 INCH OR MORE:   0

[HDD (BASE 65) ]
TOTAL THIS MO.    83    CLEAR  (SCALE 0-3)  15
DPTR FM NORMAL    41    PTCLDY (SCALE 4-7)  10
TOTAL FM JUL 1  2438    CLOUDY (SCALE 8-10)  3
DPTR FM NORMAL  -828

[CDD (BASE 65) ]
TOTAL THIS MO.   128
DPTR FM NORMAL    23    [PRESSURE DATA]
TOTAL FM JAN 1   180    HIGHEST SLP M ON M
DPTR FM NORMAL    50    LOWEST  SLP 29.69 ON 18

[REMARKS]
