000
CXUS51 KBTV 250800
CF6VSF
PRELIMINARY LOCAL CLIMATOLOGICAL DATA (WS FORM: F-6)

                                          STATION:   SPRINGFIELD VT
                                          MONTH:     FEBRUARY
                                          YEAR:      2020
                                          LATITUDE:   43 19 N
                                          LONGITUDE:  72 31 W

  TEMPERATURE IN F:       :PCPN:    SNOW:  WIND      :SUNSHINE: SKY     :PK WND
================================================================================
1   2   3   4   5  6A  6B    7    8   9   10  11  12  13   14  15   16   17  18
                                     12Z  AVG MX 2MIN
DY MAX MIN AVG DEP HDD CDD  WTR  SNW DPTH SPD SPD DIR MIN PSBL S-S WX    SPD DR
================================================================================

 1  38  29  34  14  31   0    T    M    M  0.0  3 320   M    M  10         6 340
 2  36  25  31  11  34   0    T    M    M  2.2 12 280   M    M  10 8      15 280
 3  41  24  33  13  32   0    T    M    M  2.9 16 270   M    M   9        23 280
 4  42  25  34  13  31   0 0.00    M    M  1.6  9 150   M    M   8        14 360
 5  38  26  32  11  33   0 0.00    M    M  6.2 18 270   M    M   5        24 260
 6  31  23  27   6  38   0 0.54    M    M  0.1  7 300   M    M   9 126     8 200
 7  34  18  26   5  39   0 0.87    M    M  6.9 25 290   M    M  10 1268   39 290
 8  22   4  13  -9  52   0    T    M    M  6.1 20 260   M    M   5 1      26 280
 9  25  -4  11 -11  54   0    T    M    M  0.0  5 260   M    M   5 18      6 260
10  37  24  31   9  34   0 0.14    M    M  2.1  8 190   M    M  10 12     12 180
11  37  27  32  10  33   0 0.02    M    M  1.3  9 350   M    M  10 126    14 350
12  38  29  34  12  31   0 0.01    M    M  5.5 23 300   M    M   4 1      33 290
13  36  27  32   9  33   0 0.08    M    M  2.5 20 280   M    M   9 1      29 290
14  27  -2  13 -10  52   0    T    M    M  7.9 20 270   M    M   3        26 280
15  23  -9   7 -16  58   0 0.00    M    M  3.0 14 170   M    M   0        18 170
16  35  13  24   1  41   0    T    M    M  1.4  7 200   M    M   9        11 210
17  35  17  26   2  39   0 0.00    M    M  5.1 20 280   M    M   2        27 280
18  30  16  23  -1  42   0 0.54    M    M  0.1  6 160   M    M   8 126     7 160
19  38  20  29   5  36   0 0.02    M    M 11.9 30 290   M    M   4 18     47 280
20  26   2  14 -10  51   0    T    M    M  4.5 20 280   M    M   4        30 250
21  28  -9  10 -15  55   0 0.00    M    M  2.0 13 240   M    M   0        17 320
22  38   1  20  -5  45   0 0.00    M    M  4.6 17 260   M    M   0        24 260
23  48  14  31   6  34   0 0.00    M    M  1.6 14 280   M    M   0 1      18 270
24  55  17  36  11  29   0 0.00    M    M  1.5 12 230   M    M   0 1      16 210
================================================================================
SM  838  357       957   0  2.22    M     81.0          M      134
================================================================================
AV 34.9 14.9                               3.4 FASTST   M    M   6    MAX(MPH)
                                 MISC ---->    30 290                 47 280
================================================================================
NOTES:
# LAST OF SEVERAL OCCURRENCES

COLUMN 17 PEAK WIND IN M.P.H.

PRELIMINARY LOCAL CLIMATOLOGICAL DATA (WS FORM: F-6) , PAGE 2

                                          STATION:   SPRINGFIELD VT
                                          MONTH:     FEBRUARY
                                          YEAR:      2020
                                          LATITUDE:   43 19 N
                                          LONGITUDE:  72 31 W

[TEMPERATURE DATA]      [PRECIPITATION DATA]       SYMBOLS USED IN COLUMN 16

AVERAGE MONTHLY: 24.9   TOTAL FOR MONTH:   2.22    1 = FOG OR MIST
DPTR FM NORMAL:   2.3   DPTR FM NORMAL:   -0.13    2 = FOG REDUCING VISIBILITY
HIGHEST:    55 ON 24    GRTST 24HR  0.92 ON  6- 7      TO 1/4 MILE OR LESS
LOWEST:     -9 ON 21,15                             3 = THUNDER
                        SNOW, ICE PELLETS, HAIL    4 = ICE PELLETS
                        TOTAL MONTH:  M            5 = HAIL
                        GRTST 24HR    M  ON   M    6 = FREEZING RAIN OR DRIZZLE
                        GRTST DEPTH:  M  ON   M    7 = DUSTSTORM OR SANDSTORM:
                                                       VSBY 1/2 MILE OR LESS
                                                   8 = SMOKE OR HAZE
[NO. OF DAYS WITH]      [WEATHER - DAYS WITH]      9 = BLOWING SNOW
                                                   X = TORNADO
MAX 32 OR BELOW:   8    0.01 INCH OR MORE:   8
MAX 90 OR ABOVE:   0    0.10 INCH OR MORE:   4
MIN 32 OR BELOW:  24    0.50 INCH OR MORE:   3
MIN  0 OR BELOW:   4    1.00 INCH OR MORE:   0

[HDD (BASE 65) ]
TOTAL THIS MO.   957    CLEAR  (SCALE 0-3)   7
DPTR FM NORMAL   -62    PTCLDY (SCALE 4-7)   8
TOTAL FM JUL 1  5010    CLOUDY (SCALE 8-10)  9
DPTR FM NORMAL  -281

[CDD (BASE 65) ]
TOTAL THIS MO.     0
DPTR FM NORMAL     0    [PRESSURE DATA]
TOTAL FM JAN 1     0    HIGHEST SLP M ON M
DPTR FM NORMAL     0    LOWEST  SLP 28.74 ON  7

[REMARKS]
