000
CXUS51 KBTV 190700
CF6VSF
PRELIMINARY LOCAL CLIMATOLOGICAL DATA (WS FORM: F-6)

                                          STATION:   SPRINGFIELD VT
                                          MONTH:     SEPTEMBER
                                          YEAR:      2018
                                          LATITUDE:   43 19 N
                                          LONGITUDE:  72 31 W

  TEMPERATURE IN F:       :PCPN:    SNOW:  WIND      :SUNSHINE: SKY     :PK WND
================================================================================
1   2   3   4   5  6A  6B    7    8   9   10  11  12  13   14  15   16   17  18
                                     12Z  AVG MX 2MIN
DY MAX MIN AVG DEP HDD CDD  WTR  SNW DPTH SPD SPD DIR MIN PSBL S-S WX    SPD DR
================================================================================

 1  72  58  65   0   0   0    T  0.0    0  2.1  9 170   M    M   8        12 130
 2  77  56  67   3   0   2 0.00  0.0    0  1.3  8 180   M    M   7        11 170
 3  90  64  77  13   0  12 0.00  0.0    0  2.7 14 230   M    M   3 1      19 270
 4  86  62  74  10   0   9 0.00  0.0    0  2.6 10 280   M    M   2 1      16  20
 5  90  59  75  12   0  10 0.00  0.0    0  1.2 10 240   M    M   2 12     15 240
 6  88  64  76  13   0  11 0.11  0.0    0  2.2 26 290   M    M   4 123    35 280
 7  73  57  65   2   0   0 0.00  0.0    0  1.4  9 160   M    M   2        12 170
 8  64  48  56  -6   9   0 0.00  0.0    0  2.8 10  10   M    M   1        15  10
 9  60  42  51 -11  14   0 0.00  0.0    0  1.1  7  40   M    M   0        11  50
10  60  44  52 -10  13   0 0.87    M    0  1.6 12 120   M    M   8 1      14 120
11  68  54  61   0   4   0 0.22  0.0    0  0.3  6 190   M    M  10 1       8 160
12  68  63  66   5   0   1 0.05  0.0    0  0.5  7 140   M    M  10 1       9 130
13  77  62  70  10   0   5 0.02  0.0    0  1.9  9 150   M    M   7 12     12  30
14  78  59  69   9   0   4 0.00  0.0    0  1.5  8 160   M    M   7 12     10 190
15  82  57  70  10   0   5 0.00  0.0    0  0.5  9  70   M    M   5 12     12  60
16  85  61  73  14   0   8 0.00  0.0    0  0.5  7  60   M    M   7 12     10  40
17  83  65  74  15   0   9 0.00  0.0    0  2.3  7 230   M    M   5 12      M  M
18  81  63  72  14   0   7 0.72  0.0    0  1.6  7 170   M    M   7 12      8 160
================================================================================
SM 1382 1038        40  83  1.99     0.0  28.1          M       95
================================================================================
AV 76.8 57.7                               1.6 FASTST   M    M   5    MAX(MPH)
                                 MISC ---->  # 26 290               # 35  280
================================================================================
NOTES:
# LAST OF SEVERAL OCCURRENCES

COLUMN 17 PEAK WIND IN M.P.H.

PRELIMINARY LOCAL CLIMATOLOGICAL DATA (WS FORM: F-6) , PAGE 2

                                          STATION:  SPRINGFIELD VT
                                          MONTH:    SEPTEMBER
                                          YEAR:     2018
                                          LATITUDE:   43 19 N
                                          LONGITUDE:  72 31 W

[TEMPERATURE DATA]      [PRECIPITATION DATA]       SYMBOLS USED IN COLUMN 16

AVERAGE MONTHLY: 67.2   TOTAL FOR MONTH:   1.99    1 = FOG OR MIST
DPTR FM NORMAL:   5.6   DPTR FM NORMAL:   -0.04    2 = FOG REDUCING VISIBILITY
HIGHEST:    90 ON  5, 3 GRTST 24HR  0.87 ON 10-10      TO 1/4 MILE OR LESS
LOWEST:     42 ON  9                               3 = THUNDER
                        SNOW, ICE PELLETS, HAIL    4 = ICE PELLETS
                        TOTAL MONTH:   0.0 INCH    5 = HAIL
                        GRTST 24HR     0.0         6 = FREEZING RAIN OR DRIZZLE
                        GRTST DEPTH:   0           7 = DUSTSTORM OR SANDSTORM:
                                                       VSBY 1/2 MILE OR LESS
                                                   8 = SMOKE OR HAZE
[NO. OF DAYS WITH]      [WEATHER - DAYS WITH]      9 = BLOWING SNOW
                                                   X = TORNADO
MAX 32 OR BELOW:   0    0.01 INCH OR MORE:   6
MAX 90 OR ABOVE:   2    0.10 INCH OR MORE:   4
MIN 32 OR BELOW:   0    0.50 INCH OR MORE:   2
MIN  0 OR BELOW:   0    1.00 INCH OR MORE:   0

[HDD (BASE 65) ]
TOTAL THIS MO.    40    CLEAR  (SCALE 0-3)   5
DPTR FM NORMAL   -40    PTCLDY (SCALE 4-7)  11
TOTAL FM JUL 1    48    CLOUDY (SCALE 8-10)  2
DPTR FM NORMAL   -87

[CDD (BASE 65) ]
TOTAL THIS MO.    83
DPTR FM NORMAL    62    [PRESSURE DATA]
TOTAL FM JAN 1   562    HIGHEST SLP M ON M
DPTR FM NORMAL   220    LOWEST  SLP 29.72 ON 18

[REMARKS]
